{"id":5,"date":"2022-07-11T10:04:17","date_gmt":"2022-07-11T08:04:17","guid":{"rendered":"https:\/\/blogs.urz.uni-halle.de\/beckblog\/?page_id=5"},"modified":"2022-07-11T15:29:50","modified_gmt":"2022-07-11T13:29:50","slug":"homepage","status":"publish","type":"page","link":"https:\/\/blogs.urz.uni-halle.de\/beckblog\/","title":{"rendered":"Homepage"},"content":{"rendered":"\n<blockquote class=\"wp-block-quote is-style-large\"><p>&#8222;Es ist fertig wenn es fertig ist&#8220;<\/p><\/blockquote>\n\n\n\n<p>Dieser Blog soll vor allem der Pr\u00e4sentation meines Projektes zum Thema &#8222;Arbeit&#8220; dienen. Dazu habe ich bereits eine Audiocollage erstellt, die ich in einem eigenen Blog- Beitrag zeige.<\/p>\n\n\n\n<p>Diese WordPress-Seite soll die Aufgabe erf\u00fcllen, diesen einzuf\u00fchren und zu rahmen. Unter <a href=\"https:\/\/blogs.urz.uni-halle.de\/beckblog\/meine-projekte\/\">&#8222;Meine Projekte&#8220;<\/a> findet der interessierte Leser eine \u00dcbersicht all meiner Arbeitsaufgaben und lesenswerten Blogs.<\/p>\n\n\n\n<p><\/p>\n\n\n\n<p><\/p>\n","protected":false},"excerpt":{"rendered":"<p>&#8222;Es ist fertig wenn es fertig ist&#8220; Dieser Blog soll vor allem der Pr\u00e4sentation meines Projektes zum Thema &#8222;Arbeit&#8220; dienen. Dazu habe ich bereits eine Audiocollage erstellt, die ich in einem eigenen Blog- Beitrag zeige. Diese WordPress-Seite soll die Aufgabe erf\u00fcllen, diesen einzuf\u00fchren und zu rahmen. Unter &#8222;Meine Projekte&#8220; findet der interessierte Leser eine \u00dcbersicht [&hellip;]<\/p>\n","protected":false},"author":5543,"featured_media":0,"parent":0,"menu_order":0,"comment_status":"closed","ping_status":"closed","template":"","meta":{"ngg_post_thumbnail":0},"_links":{"self":[{"href":"https:\/\/blogs.urz.uni-halle.de\/beckblog\/wp-json\/wp\/v2\/pages\/5"}],"collection":[{"href":"https:\/\/blogs.urz.uni-halle.de\/beckblog\/wp-json\/wp\/v2\/pages"}],"about":[{"href":"https:\/\/blogs.urz.uni-halle.de\/beckblog\/wp-json\/wp\/v2\/types\/page"}],"author":[{"embeddable":true,"href":"https:\/\/blogs.urz.uni-halle.de\/beckblog\/wp-json\/wp\/v2\/users\/5543"}],"replies":[{"embeddable":true,"href":"https:\/\/blogs.urz.uni-halle.de\/beckblog\/wp-json\/wp\/v2\/comments?post=5"}],"version-history":[{"count":5,"href":"https:\/\/blogs.urz.uni-halle.de\/beckblog\/wp-json\/wp\/v2\/pages\/5\/revisions"}],"predecessor-version":[{"id":63,"href":"https:\/\/blogs.urz.uni-halle.de\/beckblog\/wp-json\/wp\/v2\/pages\/5\/revisions\/63"}],"wp:attachment":[{"href":"https:\/\/blogs.urz.uni-halle.de\/beckblog\/wp-json\/wp\/v2\/media?parent=5"}],"curies":[{"name":"wp","href":"https:\/\/api.w.org\/{rel}","templated":true}]}}