{"id":129,"date":"2018-08-13T10:14:22","date_gmt":"2018-08-13T08:14:22","guid":{"rendered":"https:\/\/blogs.urz.uni-halle.de\/beyondwords\/?page_id=129"},"modified":"2018-12-24T10:17:13","modified_gmt":"2018-12-24T09:17:13","slug":"au-pair-life","status":"publish","type":"page","link":"https:\/\/blogs.urz.uni-halle.de\/beyondwords\/au-pair-life\/","title":{"rendered":"Life"},"content":{"rendered":"<blockquote>\n<h5 style=\"text-align: center\">To Travel is to discover that everyone is wrong about other countries.<\/h5>\n<p style=\"text-align: center\">-Aldous Huxley<\/p>\n<\/blockquote>\n<h6>Wie sieht das Leben als Au Pair in einer Gastfamilie aus?<\/h6>\n<p>Das ist nat\u00fcrlich ganz unterschiedlich. In der Regel hat das Au Pair ein eigenes Zimmer im Hause der Gastfamilie hat, oftmals auch mit einem eigenen Badezimmer. Das Au Pair wird behandelt wie ein Familienmitglied und so sollte man sich auch verhalten. Im Haushalt wird auch au\u00dferhalb der Arbeit mitgeholfen, man kommt mit auf Familienfeiern und es kann \u00fcber alles geredet werden. Deine Gasteltern sollten dir mit Rat und Tat zur Seite stehen und dich willkommen f\u00fchlen lassen.<\/p>\n<h6>Wie trennt sich die Arbeit von der Freizeit?<\/h6>\n<p>Die Arbeitszeiten sollten klar im Vorhinein geregelt sein. Das bedeutet aber nicht, dass man direkt alles fallen l\u00e4sst wenn die Arbeitszeit vorbei ist. Es kann n\u00e4mlich auch vorkommen, dass die Eltern zu sp\u00e4t kommen oder man gerade noch dabei ist die Kinder Bettfertig zu machen. Ein paar Minuten \u00fcber der Zeit sollten egal sein. Ab einer Viertelstunde, kann z.B. eine Strichliste gef\u00fchrt werden und jeden Monat werden die \u00dcberstunden ausbezahlt. Nat\u00fcrlich verschwimmen die Grenzen von Freizeit und Arbeit etwas. Wenn du am Wochenende etwas mit der Familie unternimmst, hilft du nat\u00fcrlich auch mit und spielst mit den Kindern. Aber wenn du nicht arbeitest steht dir nat\u00fcrlich frei diese Zeit selbst zu gestalten. Du kannst die Kinder also z. B. aus deinem Zimmer schicken, wenn sie dich zu diesen Zeiten st\u00f6ren.<\/p>\n<h6>Wie kann ich meine allt\u00e4gliche Freizeit in Neuseeland gestalten?<\/h6>\n<p>Je nachdem wo deine Gastfamilie wohnt kann deine Freizeit geauso aussehen wie in Deutschland. In den St\u00e4dten gibt es Parks, Malls, Kulurangebote, Cafe&#8217;s, Restaurants, Clubs sowie unz\u00e4hlige Sportangebote. Str\u00e4nde, Seen und Wanderwege gibt es auch fast \u00fcberall. Wenn du weiter au\u00dferhalb lebst, m\u00fcssen l\u00e4ngere Strecken aufgenommen werden, bzw. es ist nicht m\u00f6glich in eine gr\u00f6\u00dfere Stadt zu fahren, weil der zeitliche Aufwand viel zu gro\u00df w\u00e4re. Die Freizeitangebote sind dadurch eingeschr\u00e4ngt. Ob es nur ein Wochenendausflug oder ein l\u00e4ngerer Trip ist, solltest du deine Freizeit selbstvrst\u00e4ndlich zum Reisen nutzen. Die langen Fahrzeiten lohnen sich allemal.<\/p>\n<h6>Wie finde ich neue Freunde?<\/h6>\n<p>Da gibt es viele unterschiedliche Wege. \u00dcber die Organisation werden in den St\u00e4dten sogenannte Coffee Groups organisiert. Einmal in der Woche treffen sich dort die Au Pairs der Organisation in der Umgebung in einem Caf\u00e9. Nach der Arbeit kommt man so mit gleichaltrigen (am meisten deutschen M\u00e4dchen) in Kontakt. So entstehen schnell Reisepl\u00e4ne, Playdates mit anderen Au Pair Kindern und schlussendlich Freundschaften. Andererseits kann auch \u00fcber Facebookgruppen nach anderen Au Pairs in der Umgebung gesucht werden. Zudem ist die Teilnahme an Sportangebote, besonders Team-Sportarten, ein guter Weg Bekanntschaften zu machen und Freunde zu finden.<\/p>\n<h6>Wie kann ich meine Urlaubstage nehmen?<\/h6>\n<p>Deine Gasteltern k\u00f6nnen dir sagen, wann du deinen Urlaub nehmen kannst und wann nicht. Jedenfalls bestand diese Regel bei meiner Organisation. Die meisten Gasteltern bestimmen nur ein paar Tage. Z. B. \u00fcber Weihnachten \/ Neujahr und wenn sie f\u00fcr ein paar Tage mit den Kindern in den Urlaub fahren. Sonst kannst du deine Urlaubstage frei setzen, nach Absprache mit deinen Gasteltern versteht sich. Ggf. teilst du deine Urlaubstage auch deiner Organisation mit.<\/p>\n<h6>Was wenn ich nicht so gut Englisch kann?<\/h6>\n<p>Grundlegende Sprachkentnisse sind essentiell. Um dies sicherzustellen wird bei einer Organisation ein Interview auf Englisch gef\u00fchrt. Dein Englisch muss aber bei weitem nicht perfekt sein. Verst\u00e4ndlicherweise sind die ersten Wochen durch gr\u00f6\u00dfere Sprachbarrieren schwieriger. Aber schon nach einigen Wochen werden diese sich auf jeden Fall um einiges verbessern. Deine Gasteltern werden sich sicher bem\u00fchen\u00a0 langsam und deutlich zu reden. Zur Not gibt es \u00dcbersetzer. Allerdings sollte davor gewarnt sein, dass bei der \u00fcberw\u00e4ltigenden \u00dcberzahl der deutschsprachigen Au Pairs die Versuchung gro\u00df ist, deutsch zu sprechen. Das Problem dabei ist, dass die Verbesserung deiner Sprachkenntnisse auf der Strecke bleibt, genauso wie deine Verst\u00e4ndigungsm\u00f6glichkeiten in dem fremden Land. Es ist ratsam auch mit den deutschen Au Pairs gr\u00f6\u00dfenteils auf Englisch zu sprechen. Auch wenn es zun\u00e4chst komisch erscheinen mag. Au\u00dferdem ist es extrem unh\u00f6flich deutsch zu sprechen, wenn noch anderssprachige Personen anwesend sind.<\/p>\n<h6>Was bezahlen meine Gasteltern?<\/h6>\n<p>Abgesehen davon, dass ein Au Pair eine kostenlose Unterkunft zur Verf\u00fcgung gestellt bekommt, bezahlen die Gasteltern in der Regel alle Basics die zum Leben in einem Haushalt dazugeh\u00f6ren (Strom, Wasser, Versicherung f\u00fcr das Auto, Waschpulver, Lebensmittel, etc.). Deine Lebensmittelw\u00fcnsche werden bei Absprache mit in die Einkaufsliste integriert. Allerdings solltest du dich gr\u00f6\u00dftenteils an die Familie anpassen. Wenn du spezielle und wom\u00f6glich teurere Lebensmittel f\u00fcr dich kaufen willst, solltest du sie auch selber bezahlen.<\/p>\n<h6>Darf ich das Auto benutzen?<\/h6>\n<p>Die meisten Familien die ich in Neuseeland kennengelernt habe, sind so freundlich ihrem Au Pair ein oder sogar mehrere Autos der Familie zu verf\u00fcgung zu stellen. Nicht nur f\u00fcr die Arbei, also das herumfahren der Kinder an sich, sondern auch f\u00fcr pers\u00f6nliche Fahrten. Z.B. zur Coffee Group, zum Sport oder in die Stadt mit Freunden am Wochenende. Eine sehr vertrauensvolle Geste, die den meisten deutschen Eltern wahrscheinlich sehr schwer fallen w\u00fcrde. Da die Wege in Neuseeland in der Regel um einiges weiter sind als in Deutschland, ist ein Auto was direkt zur Verf\u00fcgung steht sehr n\u00fctzlich. Denn es fallen keine Mietkosten an und durch t\u00e4gliche Fahrten ist man schon mit dem Auto vertraut. Wenn du das Auto deiner Gastfamilie f\u00fcr eigene Zwecke benutzt, solltest du\u00a0 dies immer absprechen (Wann, wohin und wielange etc.).\u00a0 Auch f\u00fcr l\u00e4ngere Reisen geben die meisten Familien das Auto an die jungen Autofahrer ab. Dies tun sie mit einer, f\u00fcr mich \u00fcberraschenden, Selbstverst\u00e4ndlichkeit und Gelassenheit.<\/p>\n","protected":false},"excerpt":{"rendered":"<p>To Travel is to discover that everyone is wrong about other countries. -Aldous Huxley Wie sieht das Leben als Au Pair in einer Gastfamilie aus? Das ist nat\u00fcrlich ganz unterschiedlich. In der Regel hat das Au Pair ein eigenes Zimmer im Hause der Gastfamilie hat, oftmals auch mit einem eigenen Badezimmer. Das Au Pair wird &hellip; <\/p>\n<p class=\"link-more\"><a href=\"https:\/\/blogs.urz.uni-halle.de\/beyondwords\/au-pair-life\/\" class=\"more-link\"><span class=\"screen-reader-text\">\u201eLife\u201c<\/span> weiterlesen<\/a><\/p>\n","protected":false},"author":3502,"featured_media":0,"parent":0,"menu_order":0,"comment_status":"closed","ping_status":"closed","template":"","meta":[],"_links":{"self":[{"href":"https:\/\/blogs.urz.uni-halle.de\/beyondwords\/wp-json\/wp\/v2\/pages\/129"}],"collection":[{"href":"https:\/\/blogs.urz.uni-halle.de\/beyondwords\/wp-json\/wp\/v2\/pages"}],"about":[{"href":"https:\/\/blogs.urz.uni-halle.de\/beyondwords\/wp-json\/wp\/v2\/types\/page"}],"author":[{"embeddable":true,"href":"https:\/\/blogs.urz.uni-halle.de\/beyondwords\/wp-json\/wp\/v2\/users\/3502"}],"replies":[{"embeddable":true,"href":"https:\/\/blogs.urz.uni-halle.de\/beyondwords\/wp-json\/wp\/v2\/comments?post=129"}],"version-history":[{"count":10,"href":"https:\/\/blogs.urz.uni-halle.de\/beyondwords\/wp-json\/wp\/v2\/pages\/129\/revisions"}],"predecessor-version":[{"id":775,"href":"https:\/\/blogs.urz.uni-halle.de\/beyondwords\/wp-json\/wp\/v2\/pages\/129\/revisions\/775"}],"wp:attachment":[{"href":"https:\/\/blogs.urz.uni-halle.de\/beyondwords\/wp-json\/wp\/v2\/media?parent=129"}],"curies":[{"name":"wp","href":"https:\/\/api.w.org\/{rel}","templated":true}]}}