{"id":8,"date":"2024-04-04T16:43:46","date_gmt":"2024-04-04T14:43:46","guid":{"rendered":"https:\/\/blogs.urz.uni-halle.de\/bilimlu\/?page_id=8"},"modified":"2024-04-05T09:13:41","modified_gmt":"2024-04-05T07:13:41","slug":"zertifikatskurs","status":"publish","type":"page","link":"https:\/\/blogs.urz.uni-halle.de\/bilimlu\/zertifikatskurs\/","title":{"rendered":"Zertifikatskurs"},"content":{"rendered":"\n<div class=\"wp-block-image\"><figure class=\"alignright size-large is-resized\"><img loading=\"lazy\" src=\"https:\/\/blogs.urz.uni-halle.de\/bilimlu\/files\/2024\/04\/Flyerbild-509x1024.png\" alt=\"\" class=\"wp-image-23\" width=\"291\" height=\"586\" srcset=\"https:\/\/blogs.urz.uni-halle.de\/bilimlu\/files\/2024\/04\/Flyerbild-509x1024.png 509w, https:\/\/blogs.urz.uni-halle.de\/bilimlu\/files\/2024\/04\/Flyerbild-149x300.png 149w, https:\/\/blogs.urz.uni-halle.de\/bilimlu\/files\/2024\/04\/Flyerbild.png 754w\" sizes=\"(max-width: 291px) 100vw, 291px\" \/><\/figure><\/div>\n\n\n\n<p>Bilingual unterrichten.<br>Die Martin-Luther-Universit\u00e4t Halle-Wittenberg macht es m\u00f6glich. Mit Beginn eines jeden Sommersemesters startet ein neuer Zertifikatskurs, der sich an Lehramtsstudierende richtet, die eine moderne Fremdsprache und ein Sachfach studieren.<\/p>\n\n\n\n<p>Zu den modernen Fremdsprachen geh\u00f6ren Englisch, Franz\u00f6sisch, Italienisch, Russisch, Spanisch. Sachf\u00e4cher sind alle nicht-sprachlichen F\u00e4cher wie Geschichte, Biologie, Musik usw.<\/p>\n\n\n\n<p>Der Kurs sieht eine Dauer von zwei Semestern vor. Genaueres zu der Bewerbung und den Modulbestandteilen finden Sie hier:<\/p>\n\n\n\n<div class=\"wp-block-file\"><a href=\"https:\/\/blogs.urz.uni-halle.de\/bilimlu\/files\/2024\/04\/Flyer-Bili.pdf\">Flyer-Bili<\/a><a href=\"https:\/\/blogs.urz.uni-halle.de\/bilimlu\/files\/2024\/04\/Flyer-Bili.pdf\" class=\"wp-block-file__button\" download>Herunterladen<\/a><\/div>\n\n\n\n<div class=\"wp-block-file\"><a href=\"https:\/\/blogs.urz.uni-halle.de\/bilimlu\/files\/2024\/04\/Modulbeschreibung-Bili.pdf\">Modulbeschreibung-Bili<\/a><a href=\"https:\/\/blogs.urz.uni-halle.de\/bilimlu\/files\/2024\/04\/Modulbeschreibung-Bili.pdf\" class=\"wp-block-file__button\" download>Herunterladen<\/a><\/div>\n\n\n\n<p><a href=\"https:\/\/www.bili.uni-halle.de\/\">https:\/\/www.bili.uni-halle.de\/<\/a><\/p>\n","protected":false},"excerpt":{"rendered":"<div class=\"entry-summary\">\nBilingual unterrichten.Die Martin-Luther-Universit\u00e4t Halle-Wittenberg macht es m\u00f6glich. Mit Beginn eines jeden Sommersemesters startet ein neuer Zertifikatskurs, der sich an Lehramtsstudierende&hellip;\n<\/div>\n<div class=\"link-more\"><a href=\"https:\/\/blogs.urz.uni-halle.de\/bilimlu\/zertifikatskurs\/\" class=\"more-link\">Continue reading<span class=\"screen-reader-text\"> &ldquo;Zertifikatskurs&rdquo;<\/span>&hellip;<\/a><\/div>\n","protected":false},"author":5803,"featured_media":0,"parent":0,"menu_order":0,"comment_status":"closed","ping_status":"closed","template":"","meta":[],"_links":{"self":[{"href":"https:\/\/blogs.urz.uni-halle.de\/bilimlu\/wp-json\/wp\/v2\/pages\/8"}],"collection":[{"href":"https:\/\/blogs.urz.uni-halle.de\/bilimlu\/wp-json\/wp\/v2\/pages"}],"about":[{"href":"https:\/\/blogs.urz.uni-halle.de\/bilimlu\/wp-json\/wp\/v2\/types\/page"}],"author":[{"embeddable":true,"href":"https:\/\/blogs.urz.uni-halle.de\/bilimlu\/wp-json\/wp\/v2\/users\/5803"}],"replies":[{"embeddable":true,"href":"https:\/\/blogs.urz.uni-halle.de\/bilimlu\/wp-json\/wp\/v2\/comments?post=8"}],"version-history":[{"count":3,"href":"https:\/\/blogs.urz.uni-halle.de\/bilimlu\/wp-json\/wp\/v2\/pages\/8\/revisions"}],"predecessor-version":[{"id":28,"href":"https:\/\/blogs.urz.uni-halle.de\/bilimlu\/wp-json\/wp\/v2\/pages\/8\/revisions\/28"}],"wp:attachment":[{"href":"https:\/\/blogs.urz.uni-halle.de\/bilimlu\/wp-json\/wp\/v2\/media?parent=8"}],"curies":[{"name":"wp","href":"https:\/\/api.w.org\/{rel}","templated":true}]}}