{"id":26,"date":"2019-02-21T09:01:08","date_gmt":"2019-02-21T08:01:08","guid":{"rendered":"https:\/\/blogs.urz.uni-halle.de\/coreth2\/?page_id=26"},"modified":"2024-06-14T10:40:35","modified_gmt":"2024-06-14T08:40:35","slug":"impressum","status":"publish","type":"page","link":"https:\/\/blogs.urz.uni-halle.de\/coreth2\/impressum\/","title":{"rendered":"Impressum"},"content":{"rendered":"<h4 class=\"entry-title\"><strong>Institution<\/strong><\/h4>\n<div class=\"entry-content\">\n<p>Die Martin-Luther-Universit\u00e4t Halle-Wittenberg ist eine K\u00f6rperschaft des \u00f6ffentlichen Rechts. Sie wird durch den:die Rektor:in Frau Prof. Dr. Claudia Becker gesetzlich vertreten: rektorin@uni-halle.de.<\/p>\n<p><strong>Angaben<br \/>\n<\/strong>Martin-Luther-Universit\u00e4t Halle-Wittenberg<br \/>\nUniversit\u00e4tsplatz 10<br \/>\n06108 Halle<br \/>\nDeutschland<\/p>\n<p><strong>Fax:\u00a0<\/strong>\u00a0\u00a0\u00a0\u00a0\u00a0\u00a0 +49(0)345 55 27 077<br \/>\n<strong>E-Mail:\u00a0<\/strong>\u00a0 info@uni-halle.de<br \/>\n<strong>Internet:\u00a0<\/strong> www.uni-halle.de<\/p>\n<p><strong>Umsatzsteuer-Identifikationsnummer:<\/strong><br \/>\nDE 811353703 gem\u00e4\u00df \u00a7 27 a Umsatzsteuergesetz<\/p>\n<p><strong>Institut<br \/>\n<\/strong>Martin-Luther-Universit\u00e4t Halle-Wittenberg<br \/>\nInstitut f\u00fcr Rehabilitationsmedizin<br \/>\nMagdeburger Str. 8<br \/>\n06112 Halle<\/p>\n<p>reha@medizin.uni-halle.e<br \/>\n+49(0)345 557 4205<\/p>\n<p><strong>Aufsichtsbeh\u00f6rde<br \/>\n<\/strong>Das Ministerium f\u00fcr Wissenschaft, Energie, Klimaschutz und Umwelt des Landes Sachsen-Anhalt ist die zust\u00e4ndige Aufsichtsbeh\u00f6rde.<br \/>\nAdresse:<br \/>\nLeipziger Str. 58<br \/>\n39112 Magdeburg<br \/>\n<strong>E-Mail:<\/strong> poststelle@mwu.sachsen-anhalt.de<br \/>\n<strong>Web:\u00a0<\/strong>\u00a0 mwu.sachsen-anhalt.de<\/p>\n<p><strong>\u00a0<\/strong><\/p>\n<p><strong>Urheberrechtshinweis<\/strong><\/p>\n<p><strong>Bitte beachten Sie, dass alle Texte, Bilder und Grafiken sowie ihre Arrangements \u2013 soweit nicht anders ersichtlich \u2013 von der Martin-Luther-Universit\u00e4t Halle-Wittenberg selbst erstellt wurden und dem Schutz des Urheberrechts unterliegen.<\/strong><\/p>\n<p><strong>Sie d\u00fcrfen damit beispielsweise weder kopiert, noch ver\u00e4ndert, noch auf anderen Web-Sites verwendet werden. Der Nutzung der allgemein zug\u00e4nglichen Texte durch Dritte stimmen wir hiermit \u2013 auch auszugsweise \u2013 nur unter der Bedingung zu, dass die Martin-Luther-Universit\u00e4t als Urheber genannt wird.<\/strong><\/p>\n<p><strong>Die Nutzung der andern Inhalte, wie beispielsweise der Bilder und Grafiken, ist nicht gestattet. Sollten Sie jedoch Interesse an einem Nutzungsrecht haben, wenden Sie sich bitte an die oben genannte Adresse.<\/strong><\/p>\n<h4><\/h4>\n<\/div>\n","protected":false},"excerpt":{"rendered":"<p>Institution Die Martin-Luther-Universit\u00e4t Halle-Wittenberg ist eine K\u00f6rperschaft des \u00f6ffentlichen Rechts. Sie wird durch den:die Rektor:in Frau Prof. Dr. Claudia Becker gesetzlich vertreten: rektorin@uni-halle.de. Angaben Martin-Luther-Universit\u00e4t Halle-Wittenberg Universit\u00e4tsplatz 10 06108 Halle Deutschland Fax:\u00a0\u00a0\u00a0\u00a0\u00a0\u00a0\u00a0 +49(0)345 55 27 077 E-Mail:\u00a0\u00a0 info@uni-halle.de Internet:\u00a0 www.uni-halle.de Umsatzsteuer-Identifikationsnummer: DE 811353703 gem\u00e4\u00df \u00a7 27 a Umsatzsteuergesetz Institut Martin-Luther-Universit\u00e4t Halle-Wittenberg Institut f\u00fcr Rehabilitationsmedizin Magdeburger &#8230; <a title=\"Impressum\" class=\"read-more\" href=\"https:\/\/blogs.urz.uni-halle.de\/coreth2\/impressum\/\">Weiterlesen <span class=\"screen-reader-text\">Impressum<\/span><\/a><\/p>\n","protected":false},"author":3165,"featured_media":0,"parent":0,"menu_order":50,"comment_status":"closed","ping_status":"closed","template":"","meta":[],"_links":{"self":[{"href":"https:\/\/blogs.urz.uni-halle.de\/coreth2\/wp-json\/wp\/v2\/pages\/26"}],"collection":[{"href":"https:\/\/blogs.urz.uni-halle.de\/coreth2\/wp-json\/wp\/v2\/pages"}],"about":[{"href":"https:\/\/blogs.urz.uni-halle.de\/coreth2\/wp-json\/wp\/v2\/types\/page"}],"author":[{"embeddable":true,"href":"https:\/\/blogs.urz.uni-halle.de\/coreth2\/wp-json\/wp\/v2\/users\/3165"}],"replies":[{"embeddable":true,"href":"https:\/\/blogs.urz.uni-halle.de\/coreth2\/wp-json\/wp\/v2\/comments?post=26"}],"version-history":[{"count":9,"href":"https:\/\/blogs.urz.uni-halle.de\/coreth2\/wp-json\/wp\/v2\/pages\/26\/revisions"}],"predecessor-version":[{"id":111,"href":"https:\/\/blogs.urz.uni-halle.de\/coreth2\/wp-json\/wp\/v2\/pages\/26\/revisions\/111"}],"wp:attachment":[{"href":"https:\/\/blogs.urz.uni-halle.de\/coreth2\/wp-json\/wp\/v2\/media?parent=26"}],"curies":[{"name":"wp","href":"https:\/\/api.w.org\/{rel}","templated":true}]}}