{"id":114,"date":"2019-03-20T14:32:35","date_gmt":"2019-03-20T13:32:35","guid":{"rendered":"https:\/\/blogs.urz.uni-halle.de\/dailydoseofmila\/?page_id=114"},"modified":"2019-03-30T18:24:18","modified_gmt":"2019-03-30T17:24:18","slug":"mein-essen-snacks","status":"publish","type":"page","link":"https:\/\/blogs.urz.uni-halle.de\/dailydoseofmila\/mein-essen-snacks\/","title":{"rendered":"Mein Essen + Snacks"},"content":{"rendered":"<p style=\"font-family: 'Helvetica Neue', Helvetica, Arial, sans-serif;font-size: 15px;font-style: normal\"><img loading=\"lazy\" class=\"aligncenter size-medium wp-image-130\" src=\"https:\/\/blogs.urz.uni-halle.de\/dailydoseofmila\/files\/2019\/03\/Platinum-Hundefutter-Verpackung-258x300.jpg\" alt=\"\" width=\"258\" height=\"300\" srcset=\"https:\/\/blogs.urz.uni-halle.de\/dailydoseofmila\/files\/2019\/03\/Platinum-Hundefutter-Verpackung-258x300.jpg 258w, https:\/\/blogs.urz.uni-halle.de\/dailydoseofmila\/files\/2019\/03\/Platinum-Hundefutter-Verpackung.jpg 620w\" sizes=\"(max-width: 258px) 100vw, 258px\" \/><\/p>\n<p>Mein Standardessen ist Platinum Futter. Normalerweise bekomme ich morgens und abends entweder Trocken- oder Nassfutter. Beim Trockenfutter gibt es dabei verschiedene Sorten, z.B. Chicken, Lamb &amp; Rice oder Iberico &amp; Greens. Iberico &amp; Greens nag ich aber nicht so gern, da ich es manchmal nicht so gut vertrage. Beim Nassfutter gibt es auch verschiedene Sorten, so z.B. Lachs, Huhn, Fisch und Lamm.<\/p>\n<p>Was ich liebe sind Rindermarkknochen. Mein Frauchen bringt mir die manchmal vom Fleischer mit und meist hab ich die in Nullkommanichts weggefuttert. Aber auch kleine getrocknete Sardellen M\u00f6hrchen, Gurke oder ein kleines St\u00fcck Apfel esse ich gerne. Bananen, Avocados, Schokolade und Kaffe habe ich zwar schonmal probiert, lasse aber mittlerweile die Pfoten davon. Allgemein vertrage ich keine s\u00fc\u00dfen Sachen.<\/p>\n<p>Als Babyhund habe ich sehr gerne bei Gassirunden L\u00f6wenzahnbl\u00fcten gefuttert. Ansonsten finde ich generell alles, was auf der Stra\u00dfe herumliegt, interessant. Manchmal bin ich beim Futtern dieser &#8222;Findlinge&#8220; so schnell, das mich mein Frauchen gar nicht davon abhalten kann.<\/p>\n<p>Wenn mein Frauchen isst, inspiziere ich immer ganz genau, was da so alles auf den Teller kommt. Davon etwas stibitzen w\u00fcrde ich aber nie, zumindest solange mein Frauchen im Raum ist. Wenn ich dann aber mal allein bin, muss alles was irgendwie essbar ist, sicher versteckt sein. Andernfalls erlebt mein Frauchen manchmal ihr blaues Wunder, wenn Sie nach Hause kommt.<\/p>\n<p>Generell schaut man Frauchen sehr, dass nichts in meiner Reichweite herumliegt, wenn sie nicht da ist.<\/p>\n<p>Als Leckerlies f\u00fcr zwischendurch nimmt mein Frauchen einfach ein paar St\u00fccke Trockenfutter und halbiert sie. Allgemein bin ich aber ein, so nennt mich mein Frauchen, &#8222;Easy-Esser&#8220;, d.h. mir schmeckt fast alles und ich vertrage auch vieles ziemlich gut.<\/p>\n<p>Wenn es mir mal nicht so gut geht, und ich Bauchprobleme oder \u00e4hnliches habe, bekomme ich Hundebrei bestehend aus Reis, Huhn und M\u00f6hre.<\/p>\n","protected":false},"excerpt":{"rendered":"<p>Mein Standardessen ist Platinum Futter. Normalerweise bekomme ich morgens und abends entweder Trocken- oder Nassfutter. Beim Trockenfutter gibt es dabei verschiedene Sorten, z.B. Chicken, Lamb &amp; Rice oder Iberico &amp; Greens. Iberico &amp; Greens nag ich aber nicht so gern, <a class=\"more-link\" href=\"https:\/\/blogs.urz.uni-halle.de\/dailydoseofmila\/mein-essen-snacks\/\">weiterlesen  <span class=\"screen-reader-text\">  Mein Essen + Snacks<\/span><span class=\"meta-nav\">&rarr;<\/span><\/a><\/p>\n","protected":false},"author":3887,"featured_media":130,"parent":0,"menu_order":0,"comment_status":"closed","ping_status":"closed","template":"","meta":[],"_links":{"self":[{"href":"https:\/\/blogs.urz.uni-halle.de\/dailydoseofmila\/wp-json\/wp\/v2\/pages\/114"}],"collection":[{"href":"https:\/\/blogs.urz.uni-halle.de\/dailydoseofmila\/wp-json\/wp\/v2\/pages"}],"about":[{"href":"https:\/\/blogs.urz.uni-halle.de\/dailydoseofmila\/wp-json\/wp\/v2\/types\/page"}],"author":[{"embeddable":true,"href":"https:\/\/blogs.urz.uni-halle.de\/dailydoseofmila\/wp-json\/wp\/v2\/users\/3887"}],"replies":[{"embeddable":true,"href":"https:\/\/blogs.urz.uni-halle.de\/dailydoseofmila\/wp-json\/wp\/v2\/comments?post=114"}],"version-history":[{"count":5,"href":"https:\/\/blogs.urz.uni-halle.de\/dailydoseofmila\/wp-json\/wp\/v2\/pages\/114\/revisions"}],"predecessor-version":[{"id":151,"href":"https:\/\/blogs.urz.uni-halle.de\/dailydoseofmila\/wp-json\/wp\/v2\/pages\/114\/revisions\/151"}],"wp:featuredmedia":[{"embeddable":true,"href":"https:\/\/blogs.urz.uni-halle.de\/dailydoseofmila\/wp-json\/wp\/v2\/media\/130"}],"wp:attachment":[{"href":"https:\/\/blogs.urz.uni-halle.de\/dailydoseofmila\/wp-json\/wp\/v2\/media?parent=114"}],"curies":[{"name":"wp","href":"https:\/\/api.w.org\/{rel}","templated":true}]}}