{"id":19,"date":"2015-10-28T21:42:49","date_gmt":"2015-10-28T20:42:49","guid":{"rendered":"https:\/\/blogs.urz.uni-halle.de\/datenpower\/?page_id=19"},"modified":"2015-11-19T22:02:33","modified_gmt":"2015-11-19T21:02:33","slug":"ueber-uns","status":"publish","type":"page","link":"https:\/\/blogs.urz.uni-halle.de\/datenpower\/ueber-uns\/","title":{"rendered":"\u00dcber uns"},"content":{"rendered":"<div id=\"attachment_79\" style=\"width: 225px\" class=\"wp-caption alignright\"><a href=\"https:\/\/blogs.urz.uni-halle.de\/datenpower\/files\/2015\/10\/IMG_3623.png\"><img aria-describedby=\"caption-attachment-79\" loading=\"lazy\" class=\"size-medium wp-image-79\" src=\"https:\/\/blogs.urz.uni-halle.de\/datenpower\/files\/2015\/10\/IMG_3623-215x300.png\" alt=\"Mitarbeiterin Luisa Arndt\" width=\"215\" height=\"300\" srcset=\"https:\/\/blogs.urz.uni-halle.de\/datenpower\/files\/2015\/10\/IMG_3623-215x300.png 215w, https:\/\/blogs.urz.uni-halle.de\/datenpower\/files\/2015\/10\/IMG_3623-734x1024.png 734w, https:\/\/blogs.urz.uni-halle.de\/datenpower\/files\/2015\/10\/IMG_3623-1380x1925.png 1380w\" sizes=\"(max-width: 215px) 100vw, 215px\" \/><\/a><p id=\"caption-attachment-79\" class=\"wp-caption-text\">Luisa Arndt<\/p><\/div>\n<p>Wer sind wir? Wir sind drei Frauen, die sich aus ganz unterschiedlichen Gr\u00fcnden f\u00fcr das eHumanities und Datenmanagement interessieren. Im Einzelnen sind das:<\/p>\n<p><strong>Luisa Arndt, studentische Mitarbeiterin<\/strong><\/p>\n<p>Ich bin 22 Jahre alt. F\u00fcr mein Politikwissenschafts- und Geschichtsstudium zog ich 2013 von Berlin nach Halle.\u00a0W\u00e4hrend meines Studiums bin ich immer wieder auf die Problematik des richtigen Umgangs mit digitalen Daten und deren Nutzung gesto\u00dfen.\u00a0Diese Schwierigkeiten waren deshalb so beeintr\u00e4chtigend, da erst durch\u00a0die Beherrschung des Datenmanagements wissenschaftliches Arbeiten m\u00f6glich ist.\u00a0Insbesondere die Nachnutzung von bereits erzeugten Daten sind f\u00fcr Studenten von Bedeutung. Aufgrund dessen ist es gut, dass das Projekt &#8222;Frauenschlauer Datenpower&#8220; sich dieser Problematik annimmt und versucht Wissensdefizit zu beseitigen.<\/p>\n<p><strong>Dr. Katrin Moeller, Institut f\u00fcr Geschichte, Leiterin des Historischen Datenzentrums Sachsen-Anhalt<\/strong><\/p>\n<div id=\"attachment_35\" style=\"width: 310px\" class=\"wp-caption alignleft\"><a href=\"https:\/\/blogs.urz.uni-halle.de\/datenpower\/files\/2015\/10\/moeller.jpg\"><img aria-describedby=\"caption-attachment-35\" loading=\"lazy\" class=\"size-medium wp-image-35\" src=\"https:\/\/blogs.urz.uni-halle.de\/datenpower\/files\/2015\/10\/moeller-300x254.jpg\" alt=\"Katrin Moeller\" width=\"300\" height=\"254\" srcset=\"https:\/\/blogs.urz.uni-halle.de\/datenpower\/files\/2015\/10\/moeller-300x254.jpg 300w, https:\/\/blogs.urz.uni-halle.de\/datenpower\/files\/2015\/10\/moeller.jpg 800w\" sizes=\"(max-width: 300px) 100vw, 300px\" \/><\/a><p id=\"caption-attachment-35\" class=\"wp-caption-text\">Dr. Katrin Moeller<\/p><\/div>\n<p>F\u00fcr Daten und empirische, quantitative Methoden habe ich mich eigentlich schon immer interessiert. Bereits seit 1997 engagiere ich mich daher f\u00fcr eHumanities, digitales Publizieren und quantitative Methoden. Da ich bereits in meiner Promotionsphase zwei Kinder bekam (sp\u00e4ter kam noch eins dazu), haben mich die M\u00f6glichkeiten des Internets schon fr\u00fch fasziniert. Unabh\u00e4ngig von den \u00d6ffnungszeiten der Archive und Bibliotheken bot mir das Netz immer Information. Daher bin ich dann Onlineredakteurin des Portals Hexenforschung im <a href=\"https:\/\/www.historicum.net\/themen\/hexenforschung\/\" target=\"_blank\">Historicum.net<\/a> geworden.\u00a0Ich finde, wissenschaftliche\u00a0Erkenntnisse sollte man mit vielen Quellen empirisch\u00a0breit belegen und methodisch gesichert nachweisen\u00a0k\u00f6nnen. Als Leiterin des Historischen Datenzentrums habe ich \u00fcberdies die wunderbare Aufgabe, zahlreiche Forschungsdaten\u00a0der Geschichtswissenschaft\u00a0f\u00fcr eine Nachnutzung und Langzeitarchivierung fit zu machen. Mein Traum ist die Einrichtung eines Datenrepositoriums an der Universit\u00e4t Halle-Wittenberg, um die Sch\u00e4tze der Universit\u00e4t ansprechend zu pr\u00e4sentieren und der internationalen Forschung verf\u00fcgbar zu machen. Das w\u00e4re eine tolle Sache!<\/p>\n<p><strong>Dr. Kerstin V\u00f6lkl<\/strong><\/p>\n<div id=\"attachment_51\" style=\"width: 224px\" class=\"wp-caption alignright\"><a href=\"https:\/\/blogs.urz.uni-halle.de\/datenpower\/files\/2015\/10\/Voelkl_web.jpg\"><img aria-describedby=\"caption-attachment-51\" loading=\"lazy\" class=\"wp-image-51 size-medium\" src=\"https:\/\/blogs.urz.uni-halle.de\/datenpower\/files\/2015\/10\/Voelkl_web-214x300.jpg\" alt=\"Mitarbeiterin Frau Dr. Kerstin V\u00f6lkl\" width=\"214\" height=\"300\" srcset=\"https:\/\/blogs.urz.uni-halle.de\/datenpower\/files\/2015\/10\/Voelkl_web-214x300.jpg 214w, https:\/\/blogs.urz.uni-halle.de\/datenpower\/files\/2015\/10\/Voelkl_web.jpg 689w\" sizes=\"(max-width: 214px) 100vw, 214px\" \/><\/a><p id=\"caption-attachment-51\" class=\"wp-caption-text\">Dr. Kerstin V\u00f6lkl<\/p><\/div>\n<p>Mein Motto lautet: Erst denken, dann rechnen. Dies entspricht meinen Lehr- und Forschungsinteressen. In Stuttgart, wo ich nach Abschluss meines Studiums 2001 als wissenschaftliche Mitarbeiterin t\u00e4tig war, besch\u00e4ftigte ich mich in erster Linie mit inhaltlichen Fragestellungen und nutzte die Methoden als Handwerkzeug. Nach Abschluss der Dissertation wechselte ich 2008 an das Institut f\u00fcr Politikwissenschaft der MLU in Halle. Hier bin ich f\u00fcr den Lehrbereich Methoden verantwortlich. Ein besonderes Anliegen von mir ist die Vermittlung quantitativer und qualitativer Methoden.<\/p>\n<p>Inhaltlich bin ich meinen Themenschwerpunkten treu geblieben, habe sie allerdings um neue erg\u00e4nzt. Mich interessieren vor allem Fragen der politischen Einstellungs- und Verhaltensforschung. In j\u00fcngster Zeit sind Fragen der politischen Kommunikationsforschung, des E-Assessment und Diversit\u00e4tsaspekte hinzugekommen.<\/p>\n<p>Da beim empirischen Forschen Daten per se eine zentrale Rolle spielen, liegt es nahe, sich auch mit der Frage der Archivierung und Zug\u00e4nglichkeit von Daten auseinanderzusetzen. Und dies trifft sowohl auf quantitative als auch qualitative Daten zu. Daher freue ich mich, dass unser Projektantrag \u201eFrauen gestalten Zukunft: Gendersensibles Lehren, Beraten und Forschen zu digitalem Forschungsdatenmanagement\u201c bewilligt wurde und nun in die Praxis umgesetzt werden kann.<\/p>\n","protected":false},"excerpt":{"rendered":"<p>Wer sind wir? Wir sind drei Frauen, die sich aus ganz unterschiedlichen Gr\u00fcnden f\u00fcr das eHumanities und Datenmanagement interessieren. Im Einzelnen sind das: Luisa Arndt, studentische Mitarbeiterin Ich bin 22 Jahre alt. F\u00fcr mein Politikwissenschafts- und Geschichtsstudium zog ich 2013 von Berlin nach Halle.\u00a0W\u00e4hrend meines Studiums bin ich immer wieder auf die Problematik des richtigen&hellip;<a href=\"https:\/\/blogs.urz.uni-halle.de\/datenpower\/ueber-uns\/\">Weiterlesen <span class=\"screen-reader-text\">\u00dcber uns<\/span><\/a><\/p>\n","protected":false},"author":48,"featured_media":0,"parent":0,"menu_order":0,"comment_status":"closed","ping_status":"closed","template":"","meta":[],"_links":{"self":[{"href":"https:\/\/blogs.urz.uni-halle.de\/datenpower\/wp-json\/wp\/v2\/pages\/19"}],"collection":[{"href":"https:\/\/blogs.urz.uni-halle.de\/datenpower\/wp-json\/wp\/v2\/pages"}],"about":[{"href":"https:\/\/blogs.urz.uni-halle.de\/datenpower\/wp-json\/wp\/v2\/types\/page"}],"author":[{"embeddable":true,"href":"https:\/\/blogs.urz.uni-halle.de\/datenpower\/wp-json\/wp\/v2\/users\/48"}],"replies":[{"embeddable":true,"href":"https:\/\/blogs.urz.uni-halle.de\/datenpower\/wp-json\/wp\/v2\/comments?post=19"}],"version-history":[{"count":10,"href":"https:\/\/blogs.urz.uni-halle.de\/datenpower\/wp-json\/wp\/v2\/pages\/19\/revisions"}],"predecessor-version":[{"id":82,"href":"https:\/\/blogs.urz.uni-halle.de\/datenpower\/wp-json\/wp\/v2\/pages\/19\/revisions\/82"}],"wp:attachment":[{"href":"https:\/\/blogs.urz.uni-halle.de\/datenpower\/wp-json\/wp\/v2\/media?parent=19"}],"curies":[{"name":"wp","href":"https:\/\/api.w.org\/{rel}","templated":true}]}}