{"id":2,"date":"2022-10-12T16:07:51","date_gmt":"2022-10-12T14:07:51","guid":{"rendered":"https:\/\/blogs.urz.uni-halle.de\/ddrunternehmen\/?page_id=2"},"modified":"2022-10-31T20:51:07","modified_gmt":"2022-10-31T19:51:07","slug":"videobeitrag","status":"publish","type":"page","link":"https:\/\/blogs.urz.uni-halle.de\/ddrunternehmen\/videobeitrag\/","title":{"rendered":"Videobeitrag"},"content":{"rendered":"\n<figure class=\"wp-block-pullquote\"><blockquote><p>Von den mittelst\u00e4ndischen Betrieben aus dem Raum Leipzig, die ich kannte, gab es keinen einzigen, der es \u00fcberstanden hat. Leider ist das so.<\/p><cite>      harro k\u00fcster<\/cite><\/blockquote><\/figure>\n\n\n\n<p class=\"has-text-align-left\">Auch f\u00fcr den Audio-Part haben wir uns mit Harro K\u00fcster getroffen. Mit seiner Hilfe wollen wir herausfinden, wie die Nachwendezeit f\u00fcr Ostdeutsche Unternehmen verlief. <\/p>\n\n\n\n<div class=\"wp-block-image is-style-default\"><figure class=\"alignleft size-medium\"><img loading=\"lazy\" width=\"300\" height=\"208\" src=\"https:\/\/blogs.urz.uni-halle.de\/ddrunternehmen\/files\/2022\/10\/Photo683372848086_inner_358-247-712-247-358-758-702-743-300x208.jpeg\" alt=\"\" class=\"wp-image-36\" srcset=\"https:\/\/blogs.urz.uni-halle.de\/ddrunternehmen\/files\/2022\/10\/Photo683372848086_inner_358-247-712-247-358-758-702-743-300x208.jpeg 300w, https:\/\/blogs.urz.uni-halle.de\/ddrunternehmen\/files\/2022\/10\/Photo683372848086_inner_358-247-712-247-358-758-702-743-1024x710.jpeg 1024w, https:\/\/blogs.urz.uni-halle.de\/ddrunternehmen\/files\/2022\/10\/Photo683372848086_inner_358-247-712-247-358-758-702-743-768x532.jpeg 768w, https:\/\/blogs.urz.uni-halle.de\/ddrunternehmen\/files\/2022\/10\/Photo683372848086_inner_358-247-712-247-358-758-702-743-1536x1065.jpeg 1536w, https:\/\/blogs.urz.uni-halle.de\/ddrunternehmen\/files\/2022\/10\/Photo683372848086_inner_358-247-712-247-358-758-702-743-2048x1420.jpeg 2048w\" sizes=\"(max-width: 300px) 100vw, 300px\" \/><figcaption><span class=\"has-inline-color has-cyan-bluish-gray-color\">Harro K\u00fcster (Mitte) bei einer Firmenfeier 1984<\/span><\/figcaption><\/figure><\/div>\n\n\n\n<p>Die Hallen, in denen die Ger\u00e4te fr\u00fcher hergestellt wurden, existieren leider heute nicht mehr. Nur das Verwaltungsgeb\u00e4ude ist erhalten geblieben und wird heute als Bankfiliale genutzt. Aus diesem Grund bietet die Swiderski Maschinenbaufabrik im Leipziger Westen die Kulisse f\u00fcr unseren Film. Die Ruinen der Fabrik zeigen eindrucksvoll, welchen Folgen die Nachwendezeit f\u00fcr viele ostdeutsche Unternehmen hatte. Die Geb\u00e4ude von Kiesewetter waren mit denen der Swiderski Maschinenbaufabrik vergleichbar.<\/p>\n\n\n\n<div class=\"wp-block-image\"><figure class=\"alignright size-medium\"><img loading=\"lazy\" width=\"300\" height=\"204\" src=\"https:\/\/blogs.urz.uni-halle.de\/ddrunternehmen\/files\/2022\/10\/Photo683372356923_inner_102-82-632-82-117-851-632-847-300x204.jpeg\" alt=\"\" class=\"wp-image-39\" srcset=\"https:\/\/blogs.urz.uni-halle.de\/ddrunternehmen\/files\/2022\/10\/Photo683372356923_inner_102-82-632-82-117-851-632-847-300x204.jpeg 300w, https:\/\/blogs.urz.uni-halle.de\/ddrunternehmen\/files\/2022\/10\/Photo683372356923_inner_102-82-632-82-117-851-632-847-1024x697.jpeg 1024w, https:\/\/blogs.urz.uni-halle.de\/ddrunternehmen\/files\/2022\/10\/Photo683372356923_inner_102-82-632-82-117-851-632-847-768x523.jpeg 768w, https:\/\/blogs.urz.uni-halle.de\/ddrunternehmen\/files\/2022\/10\/Photo683372356923_inner_102-82-632-82-117-851-632-847-1536x1046.jpeg 1536w, https:\/\/blogs.urz.uni-halle.de\/ddrunternehmen\/files\/2022\/10\/Photo683372356923_inner_102-82-632-82-117-851-632-847-2048x1394.jpeg 2048w\" sizes=\"(max-width: 300px) 100vw, 300px\" \/><figcaption><span class=\"has-inline-color has-cyan-bluish-gray-color\">Blick in eine Fertigungshalle von Kiesewetter<\/span><\/figcaption><\/figure><\/div>\n\n\n\n<p class=\"has-text-align-left\">Eine entscheidende Rolle spielte die Treuhandgesellschaft. Diese war daf\u00fcr verantwortlich, dass die neuen alten Eigent\u00fcmer ihre Anteile, die die DDR Regierung ihnen bis 1972 abkaufte, zur\u00fcckkaufen. So entstanden erhebliche Zahlungsschwierigkeiten bei zahlreichen Firmen. Zum einen fehlte das Geld diese Anteile zu bezahlen, zum anderen brach der Absatz der Firmen durch die nun vorhandene und besser aufgestellte Konkurrenz zusammen.<\/p>\n\n\n\n<div class=\"wp-block-image\"><figure class=\"alignleft size-medium\"><img loading=\"lazy\" width=\"300\" height=\"218\" src=\"https:\/\/blogs.urz.uni-halle.de\/ddrunternehmen\/files\/2022\/10\/Photo683372761242_inner_97-541-660-552-90-957-667-966-1-300x218.jpeg\" alt=\"\" class=\"wp-image-40\" srcset=\"https:\/\/blogs.urz.uni-halle.de\/ddrunternehmen\/files\/2022\/10\/Photo683372761242_inner_97-541-660-552-90-957-667-966-1-300x218.jpeg 300w, https:\/\/blogs.urz.uni-halle.de\/ddrunternehmen\/files\/2022\/10\/Photo683372761242_inner_97-541-660-552-90-957-667-966-1-1024x746.jpeg 1024w, https:\/\/blogs.urz.uni-halle.de\/ddrunternehmen\/files\/2022\/10\/Photo683372761242_inner_97-541-660-552-90-957-667-966-1-768x559.jpeg 768w, https:\/\/blogs.urz.uni-halle.de\/ddrunternehmen\/files\/2022\/10\/Photo683372761242_inner_97-541-660-552-90-957-667-966-1-1536x1119.jpeg 1536w, https:\/\/blogs.urz.uni-halle.de\/ddrunternehmen\/files\/2022\/10\/Photo683372761242_inner_97-541-660-552-90-957-667-966-1-2048x1492.jpeg 2048w\" sizes=\"(max-width: 300px) 100vw, 300px\" \/><figcaption><span class=\"has-inline-color has-cyan-bluish-gray-color\">Kiesewetter-Stand auf einer Messe nach der Wiedervereinigung<\/span><\/figcaption><\/figure><\/div>\n\n\n\n<p>Trotz allem versuchte K\u00fcster die Firma wieder zu alter Gr\u00f6\u00dfe zu f\u00fchren. Vergeblich. Da auch ehemalige Kunden des Unternehmens in Zahlungsschwierigkeiten kamen, war es umso m\u00fchsamer die eigenen Produkte zu verkaufen. 1994 endete die fast 90 Jahre lange Geschichte des Unternehmens. Wir wandeln mit Harro K\u00fcster auf den alten Pfaden in Leipzig.<\/p>\n\n\n\n<div class=\"wp-block-file\"><a href=\"https:\/\/blogs.urz.uni-halle.de\/ddrunternehmen\/files\/2022\/10\/gddm22_ostdeutsche-unternehmen-zur-wendezeit_lieber-wirth-ratoshniuk.mp4\">Videobeitrag<\/a><a href=\"https:\/\/blogs.urz.uni-halle.de\/ddrunternehmen\/files\/2022\/10\/gddm22_ostdeutsche-unternehmen-zur-wendezeit_lieber-wirth-ratoshniuk.mp4\" class=\"wp-block-file__button\" download>Herunterladen<\/a><\/div>\n\n\n\n<p><strong>Credits:<\/strong><\/p>\n\n\n\n<p>Interview-Gast: Harro K\u00fcster<\/p>\n\n\n\n<p>Bild, Ton und Schnitt: Viktoriia Ratoshniuk, Johannes Lieber und Luise Wirth<\/p>\n\n\n\n<p>Musik: On Questions of Responsibility Act II von Lloyd Rodgers<\/p>\n\n\n\n<p>Entstanden im Rahmen des Seminars &#8222;Grundlagen der audiovisuellen Mediengestaltung&#8220; der Medien &#8211; und Kommunikationswissenschaft an der Martin-Luther-Universit\u00e4t Halle-Wittenberg<\/p>\n\n\n\n<p>Lehrende: Prof. Dr. Franziska Heller,&nbsp;Prof. Dr. Golo F\u00f6llmer,&nbsp;Christopher Fust,&nbsp;Lars Drawert<\/p>\n","protected":false},"excerpt":{"rendered":"<p>Von den mittelst\u00e4ndischen Betrieben aus dem Raum Leipzig, die ich kannte, gab es keinen einzigen, der es \u00fcberstanden hat. Leider ist das so. harro k\u00fcster Auch f\u00fcr den Audio-Part haben wir uns mit Harro K\u00fcster getroffen. Mit seiner Hilfe wollen wir herausfinden, wie die Nachwendezeit f\u00fcr Ostdeutsche Unternehmen verlief. Die Hallen, in denen die Ger\u00e4te [&hellip;]<\/p>\n","protected":false},"author":5481,"featured_media":44,"parent":0,"menu_order":0,"comment_status":"closed","ping_status":"open","template":"","meta":[],"_links":{"self":[{"href":"https:\/\/blogs.urz.uni-halle.de\/ddrunternehmen\/wp-json\/wp\/v2\/pages\/2"}],"collection":[{"href":"https:\/\/blogs.urz.uni-halle.de\/ddrunternehmen\/wp-json\/wp\/v2\/pages"}],"about":[{"href":"https:\/\/blogs.urz.uni-halle.de\/ddrunternehmen\/wp-json\/wp\/v2\/types\/page"}],"author":[{"embeddable":true,"href":"https:\/\/blogs.urz.uni-halle.de\/ddrunternehmen\/wp-json\/wp\/v2\/users\/5481"}],"replies":[{"embeddable":true,"href":"https:\/\/blogs.urz.uni-halle.de\/ddrunternehmen\/wp-json\/wp\/v2\/comments?post=2"}],"version-history":[{"count":9,"href":"https:\/\/blogs.urz.uni-halle.de\/ddrunternehmen\/wp-json\/wp\/v2\/pages\/2\/revisions"}],"predecessor-version":[{"id":59,"href":"https:\/\/blogs.urz.uni-halle.de\/ddrunternehmen\/wp-json\/wp\/v2\/pages\/2\/revisions\/59"}],"wp:featuredmedia":[{"embeddable":true,"href":"https:\/\/blogs.urz.uni-halle.de\/ddrunternehmen\/wp-json\/wp\/v2\/media\/44"}],"wp:attachment":[{"href":"https:\/\/blogs.urz.uni-halle.de\/ddrunternehmen\/wp-json\/wp\/v2\/media?parent=2"}],"curies":[{"name":"wp","href":"https:\/\/api.w.org\/{rel}","templated":true}]}}