{"id":245,"date":"2019-01-09T20:12:21","date_gmt":"2019-01-09T19:12:21","guid":{"rendered":"https:\/\/blogs.urz.uni-halle.de\/defakinderfilmtagung\/?page_id=245"},"modified":"2019-01-11T00:32:36","modified_gmt":"2019-01-10T23:32:36","slug":"andy-raeder","status":"publish","type":"page","link":"https:\/\/blogs.urz.uni-halle.de\/defakinderfilmtagung\/andy-raeder\/","title":{"rendered":"Zwischen Grenzg\u00e4ngern und Vielsehern: Das Filmerlebnis Berliner Kinder und Jugendlicher zwischen 1961 und 1965"},"content":{"rendered":"<p>Im Rahmen des Tagungsbeitrages wird versucht, das Filmerleben von Kindern und Jugendlichen bei der Rezeption von DEFA-Kinderfilmen zwischen 1961 und 1965 nachzuzeichnen. Daf\u00fcr wurden Teile des Bestandes des Nationalen Zentrums f\u00fcr Kinderfilm und -fernsehen der DDR im Bundesarchiv mit \u00fcber 200 Aktenordnern und \u00fcber 500 Tonb\u00e4ndern zur Wirkungsforschung Ost- und Westberliner Kinder und Jugendlicher in den 1960er Jahren ausgewertet. Mithilfe der Historischen Datenanalyse, einer Sekund\u00e4ranalyse historischer Daten,\u00a0soll an ausgew\u00e4hlten Filmbeispielen des DEFA-Kinderfilm-Regisseurs Walter Beck gezeigt werden, welche Besonderheiten, Gemeinsamkeiten und Unterschiede es in der Filmrezeption und -wirkung bei Heranwachsenden diesseits und jenseits der Berliner Mauer gab.<\/p>\n<p>&nbsp;<\/p>\n<h4>Kurzvita<\/h4>\n<div id=\"attachment_338\" style=\"width: 300px\" class=\"wp-caption alignleft\"><img aria-describedby=\"caption-attachment-338\" loading=\"lazy\" class=\"size-medium wp-image-338\" src=\"https:\/\/blogs.urz.uni-halle.de\/defakinderfilmtagung\/files\/2019\/01\/R\u00e4der_Portrait-300x200.jpg\" alt=\"\" width=\"300\" height=\"200\" srcset=\"https:\/\/blogs.urz.uni-halle.de\/defakinderfilmtagung\/files\/2019\/01\/R\u00e4der_Portrait-300x200.jpg 300w, https:\/\/blogs.urz.uni-halle.de\/defakinderfilmtagung\/files\/2019\/01\/R\u00e4der_Portrait-768x512.jpg 768w, https:\/\/blogs.urz.uni-halle.de\/defakinderfilmtagung\/files\/2019\/01\/R\u00e4der_Portrait-1024x683.jpg 1024w, https:\/\/blogs.urz.uni-halle.de\/defakinderfilmtagung\/files\/2019\/01\/R\u00e4der_Portrait.jpg 1600w\" sizes=\"(max-width: 300px) 100vw, 300px\" \/><p id=\"caption-attachment-338\" class=\"wp-caption-text\">Tom &amp; Lia Fotografie<\/p><\/div>\n<p><strong>Andy R\u00e4der, Dr. phil.<\/strong>, Studium an der Universit\u00e4t Potsdam und der Filmuniversit\u00e4t Babelsberg. 2011 Kurator der St\u00e4ndigen Ausstellung &#8222;Traumfabrik &#8211; 100 Jahre Film in Babelsberg&#8220; im Filmmuseum Potsdam. Seit 2012 wissenschaftlicher Mitarbeiter am Institut f\u00fcr Medienforschung der Universit\u00e4t Rostock. 2014\/15 Gastwissenschaftler an der DEFA Film Library der University of Massachusetts, Amherst (USA) und am Smith College, Northampton (USA). 2017 Promotion im Fach Medienwissenschaft \u00fcber den Fernsehregisseur Ulrich Thein und die DDR-Fernsehdramatik.<\/p>","protected":false},"excerpt":{"rendered":"<p>Im Rahmen des Tagungsbeitrages wird versucht, das Filmerleben von Kindern und Jugendlichen bei der Rezeption von DEFA-Kinderfilmen zwischen 1961 und 1965 nachzuzeichnen. Daf\u00fcr wurden Teile des Bestandes des Nationalen Zentrums f\u00fcr Kinderfilm und -fernsehen der DDR im Bundesarchiv mit \u00fcber 200 Aktenordnern und \u00fcber 500 Tonb\u00e4ndern zur Wirkungsforschung Ost- und Westberliner Kinder und Jugendlicher in &hellip; <\/p>\n<p><a class=\"more-link btn\" href=\"https:\/\/blogs.urz.uni-halle.de\/defakinderfilmtagung\/andy-raeder\/\">Weiterlesen<\/a><\/p>\n","protected":false},"author":3054,"featured_media":0,"parent":0,"menu_order":0,"comment_status":"closed","ping_status":"closed","template":"","meta":[],"_links":{"self":[{"href":"https:\/\/blogs.urz.uni-halle.de\/defakinderfilmtagung\/wp-json\/wp\/v2\/pages\/245"}],"collection":[{"href":"https:\/\/blogs.urz.uni-halle.de\/defakinderfilmtagung\/wp-json\/wp\/v2\/pages"}],"about":[{"href":"https:\/\/blogs.urz.uni-halle.de\/defakinderfilmtagung\/wp-json\/wp\/v2\/types\/page"}],"author":[{"embeddable":true,"href":"https:\/\/blogs.urz.uni-halle.de\/defakinderfilmtagung\/wp-json\/wp\/v2\/users\/3054"}],"replies":[{"embeddable":true,"href":"https:\/\/blogs.urz.uni-halle.de\/defakinderfilmtagung\/wp-json\/wp\/v2\/comments?post=245"}],"version-history":[{"count":5,"href":"https:\/\/blogs.urz.uni-halle.de\/defakinderfilmtagung\/wp-json\/wp\/v2\/pages\/245\/revisions"}],"predecessor-version":[{"id":350,"href":"https:\/\/blogs.urz.uni-halle.de\/defakinderfilmtagung\/wp-json\/wp\/v2\/pages\/245\/revisions\/350"}],"wp:attachment":[{"href":"https:\/\/blogs.urz.uni-halle.de\/defakinderfilmtagung\/wp-json\/wp\/v2\/media?parent=245"}],"curies":[{"name":"wp","href":"https:\/\/api.w.org\/{rel}","templated":true}]}}