{"id":247,"date":"2019-01-09T20:14:33","date_gmt":"2019-01-09T19:14:33","guid":{"rendered":"https:\/\/blogs.urz.uni-halle.de\/defakinderfilmtagung\/?page_id=247"},"modified":"2019-01-11T00:48:06","modified_gmt":"2019-01-10T23:48:06","slug":"michael-brodski","status":"publish","type":"page","link":"https:\/\/blogs.urz.uni-halle.de\/defakinderfilmtagung\/michael-brodski\/","title":{"rendered":"Das diskursive Spannungsfeld zwischen literarischer Vorlage und M\u00e4rchenverfilmung im DEFA-Kinderfilm"},"content":{"rendered":"<p>Dieser Vortrag hat sich zum Ziel gesetzt, den DEFA-Kinderfilm interdisziplin\u00e4r innerhalb der Mythen- und M\u00e4rchenforschung zu verorten, um sich dabei in erster Linie mit aus der Wechselbeziehung zwischen literarischer M\u00e4rchenbuchvorlage und filmischer Adaptation resultierenden Forschungsfragen auseinanderzusetzen. Unter Ber\u00fccksichtigung aktueller Forschungsliteratur zur M\u00e4rchenadaptation sollen wiederum anhand ausgew\u00e4hlter Fallbeispiele von DEFA-M\u00e4rchenfilmen insbesondere zwei verschiedene Kontexte reflektiert werden: Inwieweit finden sich demnach p\u00e4dagogische Best\u00e4tigungen oder gar Zuspitzungen der literarischen Vorlage? Oder k\u00f6nnen bestimmte in den Filmen enthaltene inszenatorische Entscheidungen und narrative Erg\u00e4nzungen stattdessen als teilweise subversiv und gesellschaftskritisch zu verstehende Umdeutungen angesehen werden?<\/p>\n<h4>Kurzvita<\/h4>\n<p><strong><img loading=\"lazy\" class=\"size-full wp-image-184 alignleft\" src=\"https:\/\/blogs.urz.uni-halle.de\/defakinderfilmtagung\/files\/2018\/12\/Brodski_Portrait.jpg\" alt=\"\" width=\"270\" height=\"152\" \/>Michael Brodski<\/strong> ist wissenschaftlicher Mitarbeiter an der Johannes Gutenberg-Universit\u00e4t Mainz am Institut f\u00fcr Filmwissenschaft, Theaterwissenschaft und empirische Kulturwissenschaft. Er promoviert \u00fcber das Thema \u201eRezeptionsprozesse von Kinderfiguren und Kindheit im Film\u201c. Seine Forschungsschwerpunkte sind Kindheitsforschung mit Schwerpunkt auf audiovisuelle Medien, ost- und mitteleurop\u00e4ischer Film sowie kognitive Filmtheorie.<\/p>","protected":false},"excerpt":{"rendered":"<p>Dieser Vortrag hat sich zum Ziel gesetzt, den DEFA-Kinderfilm interdisziplin\u00e4r innerhalb der Mythen- und M\u00e4rchenforschung zu verorten, um sich dabei in erster Linie mit aus der Wechselbeziehung zwischen literarischer M\u00e4rchenbuchvorlage und filmischer Adaptation resultierenden Forschungsfragen auseinanderzusetzen. Unter Ber\u00fccksichtigung aktueller Forschungsliteratur zur M\u00e4rchenadaptation sollen wiederum anhand ausgew\u00e4hlter Fallbeispiele von DEFA-M\u00e4rchenfilmen insbesondere zwei verschiedene Kontexte reflektiert werden: &hellip; <\/p>\n<p><a class=\"more-link btn\" href=\"https:\/\/blogs.urz.uni-halle.de\/defakinderfilmtagung\/michael-brodski\/\">Weiterlesen<\/a><\/p>\n","protected":false},"author":3054,"featured_media":0,"parent":0,"menu_order":0,"comment_status":"closed","ping_status":"closed","template":"","meta":[],"_links":{"self":[{"href":"https:\/\/blogs.urz.uni-halle.de\/defakinderfilmtagung\/wp-json\/wp\/v2\/pages\/247"}],"collection":[{"href":"https:\/\/blogs.urz.uni-halle.de\/defakinderfilmtagung\/wp-json\/wp\/v2\/pages"}],"about":[{"href":"https:\/\/blogs.urz.uni-halle.de\/defakinderfilmtagung\/wp-json\/wp\/v2\/types\/page"}],"author":[{"embeddable":true,"href":"https:\/\/blogs.urz.uni-halle.de\/defakinderfilmtagung\/wp-json\/wp\/v2\/users\/3054"}],"replies":[{"embeddable":true,"href":"https:\/\/blogs.urz.uni-halle.de\/defakinderfilmtagung\/wp-json\/wp\/v2\/comments?post=247"}],"version-history":[{"count":5,"href":"https:\/\/blogs.urz.uni-halle.de\/defakinderfilmtagung\/wp-json\/wp\/v2\/pages\/247\/revisions"}],"predecessor-version":[{"id":364,"href":"https:\/\/blogs.urz.uni-halle.de\/defakinderfilmtagung\/wp-json\/wp\/v2\/pages\/247\/revisions\/364"}],"wp:attachment":[{"href":"https:\/\/blogs.urz.uni-halle.de\/defakinderfilmtagung\/wp-json\/wp\/v2\/media?parent=247"}],"curies":[{"name":"wp","href":"https:\/\/api.w.org\/{rel}","templated":true}]}}