{"id":14,"date":"2023-09-28T13:26:13","date_gmt":"2023-09-28T11:26:13","guid":{"rendered":"https:\/\/blogs.urz.uni-halle.de\/dertraumvonraum\/?page_id=14"},"modified":"2023-09-29T19:55:03","modified_gmt":"2023-09-29T17:55:03","slug":"innen","status":"publish","type":"page","link":"https:\/\/blogs.urz.uni-halle.de\/dertraumvonraum\/innen\/","title":{"rendered":"Innen"},"content":{"rendered":"\t\t<div data-elementor-type=\"wp-page\" data-elementor-id=\"14\" class=\"elementor elementor-14\" data-elementor-settings=\"[]\">\n\t\t\t\t\t\t\t<div class=\"elementor-section-wrap\">\n\t\t\t\t\t\t\t<section class=\"elementor-section elementor-top-section elementor-element elementor-element-44df2e61 elementor-section-height-min-height elementor-section-boxed elementor-section-height-default elementor-section-items-middle\" data-id=\"44df2e61\" data-element_type=\"section\" data-settings=\"{&quot;background_background&quot;:&quot;slideshow&quot;,&quot;background_slideshow_gallery&quot;:[{&quot;id&quot;:&quot;29&quot;,&quot;url&quot;:&quot;https:\\\/\\\/blogs.urz.uni-halle.de\\\/dertraumvonraum\\\/files\\\/2023\\\/09\\\/24880410-design-einfach-lila-pastell-gelb-und-orange-gradient-farbe-illustration-hintergrund-kostenlos-foto.jpg&quot;}],&quot;background_slideshow_loop&quot;:&quot;yes&quot;,&quot;background_slideshow_slide_duration&quot;:5000,&quot;background_slideshow_slide_transition&quot;:&quot;fade&quot;,&quot;background_slideshow_transition_duration&quot;:500}\">\n\t\t\t\t\t\t<div class=\"elementor-container elementor-column-gap-default\">\n\t\t\t\t\t<div class=\"elementor-column elementor-col-100 elementor-top-column elementor-element elementor-element-767712cf\" data-id=\"767712cf\" data-element_type=\"column\">\n\t\t\t<div class=\"elementor-widget-wrap elementor-element-populated\">\n\t\t\t\t\t\t\t\t<div class=\"elementor-element elementor-element-5bc4d65e elementor-absolute elementor-widget elementor-widget-text-editor\" data-id=\"5bc4d65e\" data-element_type=\"widget\" data-settings=\"{&quot;_position&quot;:&quot;absolute&quot;}\" data-widget_type=\"text-editor.default\">\n\t\t\t\t<div class=\"elementor-widget-container\">\n\t\t\t\t\t<div class=\"elementor-text-editor elementor-clearfix\"><!-- wp:paragraph -->\n<p><strong>Daf\u00fcr trifft dagegen, links trifft auf rechts, Meinung trifft auf Meinung.<\/strong><br \/><strong>In den Stra\u00dfen andere als im Internet, in den Parteien andere als auf Familienfeiern, aber dennoch. <\/strong><\/p>\n<p><strong>Doch wer ist es, der selten in den Diskussionen spricht? Wer ist es, dessen Meinung genauso viel oder weniger zu z\u00e4hlen scheint, als die Meinung von Menschen mit fehlendem Wissen? Es ist der Mensch, \u00fcber den wir reden.<\/strong><\/p>\n<p><strong>Der nachfolgende Videobeitrag versucht einen Einblick in die Lebensrealit\u00e4t non-bin\u00e4rer Personen zu geben und auf Probleme aufmerksam zu machen, mit welchen jene Personen allt\u00e4glich konfrontiert sein k\u00f6nnen.<\/strong><br \/><strong>Um einen m\u00f6glichst authentischen Einblick in die Gedankenwelt queerer Menschen geben zu k\u00f6nnen, erfolgten Planung und Umsetzung des Filmes in enger Zusammenarbeit mit Personen, die sich nicht dem bin\u00e4ren System zuordnen.<\/strong><\/p>\n<!-- \/wp:paragraph --><\/div>\n\t\t\t\t<\/div>\n\t\t\t\t<\/div>\n\t\t\t\t\t<\/div>\n\t\t<\/div>\n\t\t\t\t\t\t\t<\/div>\n\t\t<\/section>\n\t\t\t\t\t\t<\/div>\n\t\t\t\t\t<\/div>\n\t\t","protected":false},"excerpt":{"rendered":"","protected":false},"author":5854,"featured_media":0,"parent":0,"menu_order":0,"comment_status":"closed","ping_status":"closed","template":"","meta":[],"_links":{"self":[{"href":"https:\/\/blogs.urz.uni-halle.de\/dertraumvonraum\/wp-json\/wp\/v2\/pages\/14"}],"collection":[{"href":"https:\/\/blogs.urz.uni-halle.de\/dertraumvonraum\/wp-json\/wp\/v2\/pages"}],"about":[{"href":"https:\/\/blogs.urz.uni-halle.de\/dertraumvonraum\/wp-json\/wp\/v2\/types\/page"}],"author":[{"embeddable":true,"href":"https:\/\/blogs.urz.uni-halle.de\/dertraumvonraum\/wp-json\/wp\/v2\/users\/5854"}],"replies":[{"embeddable":true,"href":"https:\/\/blogs.urz.uni-halle.de\/dertraumvonraum\/wp-json\/wp\/v2\/comments?post=14"}],"version-history":[{"count":10,"href":"https:\/\/blogs.urz.uni-halle.de\/dertraumvonraum\/wp-json\/wp\/v2\/pages\/14\/revisions"}],"predecessor-version":[{"id":66,"href":"https:\/\/blogs.urz.uni-halle.de\/dertraumvonraum\/wp-json\/wp\/v2\/pages\/14\/revisions\/66"}],"wp:attachment":[{"href":"https:\/\/blogs.urz.uni-halle.de\/dertraumvonraum\/wp-json\/wp\/v2\/media?parent=14"}],"curies":[{"name":"wp","href":"https:\/\/api.w.org\/{rel}","templated":true}]}}