{"id":70,"date":"2025-07-09T12:06:22","date_gmt":"2025-07-09T10:06:22","guid":{"rendered":"https:\/\/blogs.urz.uni-halle.de\/dgss2025\/?page_id=70"},"modified":"2025-09-18T11:08:08","modified_gmt":"2025-09-18T09:08:08","slug":"anmeldung","status":"publish","type":"page","link":"https:\/\/blogs.urz.uni-halle.de\/dgss2025\/beispiel-seite\/anmeldung\/","title":{"rendered":"Anmeldung"},"content":{"rendered":"\n<p>Anmeldungen waren bis zum 10. September 2025 m\u00f6glich. Bei Fragen zur Anmeldung wenden Sie sich bitte an das Tagungsb\u00fcro (dgss2025@sprechwiss.uni-halle.de)<\/p>\n\n\n\n<p>Bitte \u00fcberweisen Sie die Tagungsgeb\u00fchren bis sp\u00e4testens 12. September 2025.<\/p>\n\n\n\n<p>MDVS e.V.<br>IBAN: DE30 8005 3762 0388 0603 20<br>BIC: NOLADE21HAL&nbsp;<br>Verwendungszweck: DGSS2025 \/ Ihr Name<\/p>\n\n\n\n<p>Teilnahmebest\u00e4tigung und Rechnung erhalten Sie vor Ort im Tagungsb\u00fcro.<\/p>\n\n\n\n<p>R\u00fcckfragen bitte via <a href=\"mailto:dgss2025@sprechwiss.uni-halle.de\">dgss2025@sprechwiss.uni-halle.de<\/a>.<\/p>\n\n\n\n<p><\/p>\n","protected":false},"excerpt":{"rendered":"<p>Anmeldungen waren bis zum 10. September 2025 m\u00f6glich. Bei Fragen zur Anmeldung wenden Sie sich bitte an das Tagungsb\u00fcro (dgss2025@sprechwiss.uni-halle.de) Bitte \u00fcberweisen Sie die Tagungsgeb\u00fchren bis sp\u00e4testens 12. September 2025. MDVS e.V.IBAN: DE30 8005 3762 0388 0603 20BIC: NOLADE21HAL&nbsp;Verwendungszweck: DGSS2025 <a class=\"more-link\" href=\"https:\/\/blogs.urz.uni-halle.de\/dgss2025\/beispiel-seite\/anmeldung\/\">weiterlesen  <span class=\"screen-reader-text\">  Anmeldung<\/span><span class=\"meta-nav\">&rarr;<\/span><\/a><\/p>\n","protected":false},"author":5908,"featured_media":0,"parent":2,"menu_order":0,"comment_status":"closed","ping_status":"closed","template":"","meta":[],"_links":{"self":[{"href":"https:\/\/blogs.urz.uni-halle.de\/dgss2025\/wp-json\/wp\/v2\/pages\/70"}],"collection":[{"href":"https:\/\/blogs.urz.uni-halle.de\/dgss2025\/wp-json\/wp\/v2\/pages"}],"about":[{"href":"https:\/\/blogs.urz.uni-halle.de\/dgss2025\/wp-json\/wp\/v2\/types\/page"}],"author":[{"embeddable":true,"href":"https:\/\/blogs.urz.uni-halle.de\/dgss2025\/wp-json\/wp\/v2\/users\/5908"}],"replies":[{"embeddable":true,"href":"https:\/\/blogs.urz.uni-halle.de\/dgss2025\/wp-json\/wp\/v2\/comments?post=70"}],"version-history":[{"count":8,"href":"https:\/\/blogs.urz.uni-halle.de\/dgss2025\/wp-json\/wp\/v2\/pages\/70\/revisions"}],"predecessor-version":[{"id":165,"href":"https:\/\/blogs.urz.uni-halle.de\/dgss2025\/wp-json\/wp\/v2\/pages\/70\/revisions\/165"}],"up":[{"embeddable":true,"href":"https:\/\/blogs.urz.uni-halle.de\/dgss2025\/wp-json\/wp\/v2\/pages\/2"}],"wp:attachment":[{"href":"https:\/\/blogs.urz.uni-halle.de\/dgss2025\/wp-json\/wp\/v2\/media?parent=70"}],"curies":[{"name":"wp","href":"https:\/\/api.w.org\/{rel}","templated":true}]}}