{"id":27,"date":"2020-07-01T14:26:20","date_gmt":"2020-07-01T12:26:20","guid":{"rendered":"https:\/\/blogs.urz.uni-halle.de\/digitalanthropology\/?page_id=27"},"modified":"2020-07-01T14:52:48","modified_gmt":"2020-07-01T12:52:48","slug":"registration","status":"publish","type":"page","link":"https:\/\/blogs.urz.uni-halle.de\/digitalanthropology\/registration\/","title":{"rendered":"Registration"},"content":{"rendered":"<div id=\"vfb-form-1\" class=\"visual-form-builder-container\"><form id=\"registrierung-1\" class=\"visual-form-builder vfb-form-1 \" method=\"post\" enctype=\"multipart\/form-data\">\n\t\t\t<input type=\"hidden\" name=\"form_id\" value=\"1\" \/><fieldset class=\"vfb-fieldset vfb-fieldset-1 registration \" id=\"item-vfb-1\"><div class=\"vfb-legend\"><h3>Registration<\/h3><\/div><ul class=\"vfb-section vfb-section-1\"><li class=\"vfb-item vfb-item-text  \" id=\"item-vfb-5\"><label for=\"vfb-5\" class=\"vfb-desc\">Name  <span class=\"vfb-required-asterisk\">*<\/span><\/label><input type=\"text\" name=\"vfb-5\" id=\"vfb-5\" value=\"\" class=\"vfb-text  vfb-large  required  \" \/><\/li><li class=\"vfb-item vfb-item-text  \" id=\"item-vfb-10\"><label for=\"vfb-10\" class=\"vfb-desc\">Institution  <span class=\"vfb-required-asterisk\">*<\/span><\/label><input type=\"text\" name=\"vfb-10\" id=\"vfb-10\" value=\"\" class=\"vfb-text  vfb-large  required  \" \/><\/li><li class=\"vfb-item vfb-item-email  \" id=\"item-vfb-6\"><label for=\"vfb-6\" class=\"vfb-desc\">Email  <span class=\"vfb-required-asterisk\">*<\/span><\/label><input type=\"email\" name=\"vfb-6\" id=\"vfb-6\" value=\"\" class=\"vfb-text  vfb-medium  required  email \" \/><\/li><li class=\"vfb-item vfb-item-text  \" id=\"item-vfb-11\"><label for=\"vfb-11\" class=\"vfb-desc\">Comments\/Questions for speakers: <\/label><span class=\"vfb-span\"><input type=\"text\" name=\"vfb-11\" id=\"vfb-11\" value=\"\" class=\"vfb-text  vfb-large   \" \/><label>Please mention to whom your comments\/questions are adressed!<\/label><\/span><\/li><\/ul>&nbsp;<\/fieldset><fieldset class=\"vfb-fieldset vfb-fieldset-2 7 \" id=\"item-vfb-7\">&nbsp;<ul class=\"vfb-section vfb-section-2\"><li class=\"vfb-item vfb-item-radio  \" id=\"item-vfb-8\"><label class=\"vfb-desc\">Zustimmung zur Datenverwendung  <span class=\"vfb-required-asterisk\">*<\/span><\/label><div><span><label>Mit dem Absenden des Formulars erkl\u00e4ren Sie sich damit einverstanden, dass Ihre o. g. pers\u00f6nlichen Daten gespeichert (intern in Wordpress und auf Servern des IT Servicezentrums der Uni Halle) und verarbeitet (Export in ein anderes Format) werden. Eine E-Mail mit den Anmeldeinformationen geht an das Seminar f\u00fcr Ethnologie der Martin-Luther-Universit\u00e4t Halle-Wittenberg. Die Daten werden f\u00fcr die Vorbereitung und Durchf\u00fchrung des \"PraxisDialog - Digital Anthropology\"  verwendet und mindestens bis einen Monat nach Abschluss der Veranstaltung gespeichert, aber sp\u00e4testens zum 31.12.2021 gel\u00f6scht. Diese Website verwendet weiterhin Matomo (Piwik) zur Ermittlung von Nutzungsstatistiken. Weitere Informationen und die Opt-out Option finden Sie hier: <a href=\"https:\/\/blogs.urz.uni-halle.de\/dienst\/datenschutz\/\" target=\"_blank\">https:\/\/blogs.urz.uni-halle.de\/dienst\/datenschutz\/<\/a>. Sie haben das Recht, Auskunft \u00fcber die gespeicherten Daten sowie Berichtigung und L\u00f6schung zu verlangen; Beschwerde bei dem Landesdatenschutzbeauftragten des Landes Sachsen-Anhalt einzulegen und Ihre eingegebenen Daten in maschinenlesbarer Form zu erhalten.  Hier finden Sie die <a href=\"http:\/\/wcms.itz.uni-halle.de\/download.php?down=49362&elem=3138142\" target=\"_blank\">Erstinformation nach DSGVO (PDF)<\/a>.<\/label><\/span><span class=\"vfb-span\"><input type=\"radio\" name=\"vfb-8\" id=\"vfb-8-1\" value=\"Ich stimme zu\" class=\"vfb-radio  required \" \/><label for=\"vfb-8-1\" class=\"vfb-choice\">Ich stimme zu<\/label><\/span><div style=\"clear:both\"><\/div><\/div><\/li><\/ul>&nbsp;<\/fieldset><fieldset class=\"vfb-fieldset vfb-fieldset-3 verification \" id=\"item-vfb-2\" style=\"display:block\"><div class=\"vfb-legend\"><h3>Verification<\/h3><\/div><ul class=\"vfb-section vfb-section-3\"><li class=\"vfb-item vfb-item-secret\"  style=\"display:block\"><label for=\"vfb-3\" class=\"vfb-desc\">Please enter any two digits <span class=\"vfb-required-asterisk\">*<\/span><\/label><input type=\"hidden\" name=\"_vfb-secret\" value=\"vfb-3\" \/><span class=\"vfb-span\"><input type=\"text\" name=\"vfb-3\" id=\"vfb-3\" value=\"\" class=\"vfb-text  vfb-medium  required {digits:true,maxlength:2,minlength:2} \" style=\"display:block\" \/><label>Example: 12<\/label><\/span><li style=\"display:none;\"><label>This box is for spam protection - <strong>please leave it blank<\/strong>:<\/label><div><input name=\"vfb-spam\" \/><\/div><\/li>\n\t\t\t<li class=\"vfb-item vfb-item-submit\" id=\"item-vfb-4\">\n\t\t\t\t\t\t<input type=\"submit\" name=\"vfb-submit\" id=\"vfb-4\" value=\"Submit\" class=\"vfb-submit \" \/>\n\t\t\t\t\t\t<\/li><\/ul>\n\t\t\t<\/fieldset><input type=\"hidden\" name=\"_wp_http_referer\" value=\"\/digitalanthropology\/wp-json\/wp\/v2\/pages\/27\" \/><\/form><\/div> <!-- .visual-form-builder-container -->\n","protected":false},"excerpt":{"rendered":"","protected":false},"author":2695,"featured_media":0,"parent":0,"menu_order":0,"comment_status":"closed","ping_status":"closed","template":"","meta":[],"_links":{"self":[{"href":"https:\/\/blogs.urz.uni-halle.de\/digitalanthropology\/wp-json\/wp\/v2\/pages\/27"}],"collection":[{"href":"https:\/\/blogs.urz.uni-halle.de\/digitalanthropology\/wp-json\/wp\/v2\/pages"}],"about":[{"href":"https:\/\/blogs.urz.uni-halle.de\/digitalanthropology\/wp-json\/wp\/v2\/types\/page"}],"author":[{"embeddable":true,"href":"https:\/\/blogs.urz.uni-halle.de\/digitalanthropology\/wp-json\/wp\/v2\/users\/2695"}],"replies":[{"embeddable":true,"href":"https:\/\/blogs.urz.uni-halle.de\/digitalanthropology\/wp-json\/wp\/v2\/comments?post=27"}],"version-history":[{"count":4,"href":"https:\/\/blogs.urz.uni-halle.de\/digitalanthropology\/wp-json\/wp\/v2\/pages\/27\/revisions"}],"predecessor-version":[{"id":242,"href":"https:\/\/blogs.urz.uni-halle.de\/digitalanthropology\/wp-json\/wp\/v2\/pages\/27\/revisions\/242"}],"wp:attachment":[{"href":"https:\/\/blogs.urz.uni-halle.de\/digitalanthropology\/wp-json\/wp\/v2\/media?parent=27"}],"curies":[{"name":"wp","href":"https:\/\/api.w.org\/{rel}","templated":true}]}}