{"id":195,"date":"2020-09-18T10:53:41","date_gmt":"2020-09-18T08:53:41","guid":{"rendered":"https:\/\/blogs.urz.uni-halle.de\/digitus\/?page_id=195"},"modified":"2020-11-16T12:12:22","modified_gmt":"2020-11-16T11:12:22","slug":"youtube","status":"publish","type":"page","link":"https:\/\/blogs.urz.uni-halle.de\/digitus\/youtube\/","title":{"rendered":"YouTube"},"content":{"rendered":"\n<div class=\"wp-block-buttons\">\n<div class=\"wp-block-button\"><a class=\"wp-block-button__link has-very-light-gray-to-cyan-bluish-gray-gradient-background has-text-color has-background\" href=\"https:\/\/blogs.urz.uni-halle.de\/digitus\/informationen\/\" style=\"border-radius:15px;color:#000000\">Informationen<\/a><\/div>\n\n\n\n<div class=\"wp-block-button is-style-fill\"><a class=\"wp-block-button__link has-very-light-gray-to-cyan-bluish-gray-gradient-background has-text-color has-background\" href=\"https:\/\/blogs.urz.uni-halle.de\/digitus\/websites-und-plattformen\/\" style=\"border-radius:15px;color:#000000\">Websites und Plattformen<\/a><\/div>\n\n\n\n<div class=\"wp-block-button is-style-fill\"><a class=\"wp-block-button__link has-very-light-gray-to-cyan-bluish-gray-gradient-background has-text-color has-background\" href=\"https:\/\/blogs.urz.uni-halle.de\/digitus\/tools\/\" style=\"border-radius:15px;color:#000000\">Tools<\/a><\/div>\n\n\n\n<div class=\"wp-block-button is-style-fill\"><a class=\"wp-block-button__link has-very-light-gray-to-cyan-bluish-gray-gradient-background has-text-color has-background\" href=\"https:\/\/blogs.urz.uni-halle.de\/digitus\/apps\/\" style=\"border-radius:15px;color:#000000\">Apps<\/a><\/div>\n<\/div>\n\n\n\n<p>Das klassische Schulfernsehen ist wohl jedem bekannt, aber auch bei YouTube sind mittlerweile viele Kan\u00e4le zu finden, deren Videos im Unterricht Anwendung finden k\u00f6nnen. Viele der hier pr\u00e4sentierten Kan\u00e4le geh\u00f6ren zu FUNK, einem Online Medienangebot und Content-Netzwerk der ARD und ZDF. Aber auch der WDR taucht mit der Serie &#8222;Quarks&#8220; in die YouTube-Welt ein. Es lohnt sich in diesem Bereich ein wenig zu st\u00f6bern. <\/p>\n\n\n\n<hr class=\"wp-block-separator is-style-dots\" \/>\n\n\n\n<div class=\"wp-block-buttons\">\n<div class=\"wp-block-button\"><a class=\"wp-block-button__link\" href=\"https:\/\/www.youtube.com\/user\/KurzgesagtDE\" style=\"border-radius:15px\" target=\"_blank\" rel=\"noreferrer noopener\">Dinge erkl\u00e4rt &#8211; Kurzgesagt<\/a><\/div>\n<\/div>\n\n\n<p>\u201eDinge erkl\u00e4rt-Kurzgesagt\u201c ist ein Format von FUNK, welches mit kurzen animierten Wissenschafts-Videos Themen der Physik, Biologie, Chemie, Weltraumforschung, Technik und Politik betrachtet.<\/p>\n\n\n<hr class=\"wp-block-separator is-style-wide\" \/>\n\n\n\n<div class=\"wp-block-buttons\">\n<div class=\"wp-block-button\"><a class=\"wp-block-button__link\" href=\"https:\/\/www.youtube.com\/user\/MrWissen2go\" style=\"border-radius:15px\" target=\"_blank\" rel=\"noreferrer noopener\">MisterWissen2go<\/a><\/div>\n\n\n\n<div class=\"wp-block-button\"><a class=\"wp-block-button__link\" href=\"https:\/\/www.youtube.com\/channel\/UCsVWpmoRsNAWZb59b6Pt9Kg\" style=\"border-radius:15px\" target=\"_blank\" rel=\"noreferrer noopener\">MisterWissen2go Geschichte<\/a><\/div>\n<\/div>\n\n\n<p>\u201eMrWissen2go\u201c ist ein Format von FUNK, bei dem Meinungen und Informationen von aktuellen Themen der Politik und Geschichte so objektiv und neutral wie m\u00f6glich in ca. 15-min\u00fctigen Videos pr\u00e4sentiert werden.&nbsp;<\/p>\n\n\n<hr class=\"wp-block-separator is-style-wide\" \/>\n\n\n\n<div class=\"wp-block-buttons\">\n<div class=\"wp-block-button\"><a class=\"wp-block-button__link\" href=\"https:\/\/www.youtube.com\/channel\/UCyHDQ5C6z1NDmJ4g6SerW8g\" style=\"border-radius:15px\" target=\"_blank\" rel=\"noreferrer noopener\">maiLab<\/a><\/div>\n<\/div>\n\n\n<p>Der Kanal \u201emaiLab\u201c resultierte 2018 aus dem vorherigen Kanal \u201esch\u00f6nschlau\u201c und ist ein Format von FUNK. Die Chemikerin und freie Wissenschaftsjournalistin Dr. Mai Thi Nguyen-Kim m\u00f6chte mit ihrem YouTube Kanal junge Menschen und vor allem junge M\u00e4dchen f\u00fcr die Wissenschaft begeistern. In ihren Videos spricht sie verschiedene wissenschaftliche Themen des Alltags an, wie z.B. Zusammensetzungen von Waschmittel, das menschliche Farbsehen oder k\u00f6rperliche Auswirkungen von Alkohol.<\/p>\n\n\n<hr class=\"wp-block-separator is-style-wide\" \/>\n\n\n\n<div class=\"wp-block-buttons\">\n<div class=\"wp-block-button\"><a class=\"wp-block-button__link\" href=\"https:\/\/www.youtube.com\/user\/TheSimpleBiology\" style=\"border-radius:15px\" target=\"_blank\" rel=\"noreferrer noopener\">TheSimpleBiology<\/a><\/div>\n\n\n\n<div class=\"wp-block-button\"><a class=\"wp-block-button__link\" href=\"https:\/\/www.youtube.com\/user\/TheSimpleChemics\/featured\" style=\"border-radius:15px\" target=\"_blank\" rel=\"noreferrer noopener\">TheSimpleChemics<\/a><\/div>\n\n\n\n<div class=\"wp-block-button\"><a class=\"wp-block-button__link\" href=\"https:\/\/www.youtube.com\/user\/TheSimpleMaths\" style=\"border-radius:15px\" target=\"_blank\" rel=\"noreferrer noopener\">TheSimpleMath<\/a><\/div>\n\n\n\n<div class=\"wp-block-button\"><a class=\"wp-block-button__link\" href=\"https:\/\/www.youtube.com\/user\/TheSimplePhysics\" style=\"border-radius:15px\" target=\"_blank\" rel=\"noreferrer noopener\">TheSimplePhysics<\/a><\/div>\n<\/div>\n\n\n<p>Der \u201esimpleclub\u201c existiert in den Formaten als Video-Reihe bei YouTube, als App f\u00fcr Android und iOS und als Website. Bei YouTube ist die Video-Reihe nach den F\u00e4chern in verschiedene Kan\u00e4le unterteilt. Hier werden Unterrichtsinhalte aus F\u00e4chern wie z.B. Mathe, Biologie, Chemie, Physik, Geschichte oder Deutsch humorvoll in umgangssprachlicher Weise aufbereitet und pr\u00e4sentiert. Die Videos sind mit unter zehn Minuten recht kurz und durch Grafiken und Piktogramme gekennzeichnet.<\/p>\n\n\n<hr class=\"wp-block-separator is-style-wide\" \/>\n\n\n\n<div class=\"wp-block-buttons\">\n<div class=\"wp-block-button\"><a class=\"wp-block-button__link\" href=\"https:\/\/www.youtube.com\/channel\/UC1Y7onDsPyfP-lu--SXF-ew\" style=\"border-radius:15px\" target=\"_blank\" rel=\"noreferrer noopener\">Quarks<\/a><\/div>\n<\/div>\n\n\n<p>\u201eQuarks\u201c ist ein Wissenschafts-Fernsehmagazin vom WDR, welches auch auf der Plattform YouTube ver\u00f6ffentlicht. In 45-min\u00fctigen Sendungen werden Themen wie z.B. Allergien, Gravitationswellen oder Depression beleuchtet. Die Sendung ist somit thematisch sehr weit aufgestellt, bietet aber gerade bei YouTube auch k\u00fcrzere Ausschnitte einer ganzen Sendung an.<\/p>\n\n\n<hr class=\"wp-block-separator is-style-wide\" \/>\n\n\n\n<div class=\"wp-block-buttons\">\n<div class=\"wp-block-button\"><a class=\"wp-block-button__link\" href=\"https:\/\/www.youtube.com\/channel\/UCA3mpqm67CpJ13YfA8qAnow\" style=\"border-radius:15px\" target=\"_blank\" rel=\"noreferrer noopener\">Terra X Natur &amp; Geschichte<\/a><\/div>\n\n\n\n<div class=\"wp-block-button\"><a class=\"wp-block-button__link\" href=\"https:\/\/www.youtube.com\/c\/TerraXstattSchule\" style=\"border-radius:15px\" target=\"_blank\" rel=\"noreferrer noopener\">Terra X statt Schule<\/a><\/div>\n\n\n\n<div class=\"wp-block-button\"><a class=\"wp-block-button__link\" href=\"https:\/\/www.youtube.com\/c\/terrax_leschundco\" style=\"border-radius:15px\" target=\"_blank\" rel=\"noreferrer noopener\">Terra X Lesch &amp; Co<\/a><\/div>\n<\/div>\n\n\n<p>Die verschiedenen Kan\u00e4le von \u201eTerra X\u201c bieten viele Dokumentationen und Dokumentationsreihen zu den unterschiedlichsten Themenbereichen, die vom ZDF produziert werden. Hier findet man unter anderem Videos zu Geschichte, Natur&amp;Tiere, Arch\u00e4ologie und Astrophysik.<\/p>\n\n\n<p><\/p>\n","protected":false},"excerpt":{"rendered":"<p>Das klassische Schulfernsehen ist wohl jedem bekannt, aber auch bei YouTube sind mittlerweile viele Kan\u00e4le zu finden, deren Videos im Unterricht Anwendung finden k\u00f6nnen. Viele der hier pr\u00e4sentierten Kan\u00e4le geh\u00f6ren zu FUNK, einem Online Medienangebot und Content-Netzwerk der ARD und &hellip;<\/p>\n<p class=\"read-more\"> <a class=\"more-link\" href=\"https:\/\/blogs.urz.uni-halle.de\/digitus\/youtube\/\"> <span class=\"screen-reader-text\">YouTube<\/span> Read More &raquo;<\/a><\/p>\n","protected":false},"author":3332,"featured_media":0,"parent":0,"menu_order":0,"comment_status":"closed","ping_status":"closed","template":"","meta":[],"_links":{"self":[{"href":"https:\/\/blogs.urz.uni-halle.de\/digitus\/wp-json\/wp\/v2\/pages\/195"}],"collection":[{"href":"https:\/\/blogs.urz.uni-halle.de\/digitus\/wp-json\/wp\/v2\/pages"}],"about":[{"href":"https:\/\/blogs.urz.uni-halle.de\/digitus\/wp-json\/wp\/v2\/types\/page"}],"author":[{"embeddable":true,"href":"https:\/\/blogs.urz.uni-halle.de\/digitus\/wp-json\/wp\/v2\/users\/3332"}],"replies":[{"embeddable":true,"href":"https:\/\/blogs.urz.uni-halle.de\/digitus\/wp-json\/wp\/v2\/comments?post=195"}],"version-history":[{"count":4,"href":"https:\/\/blogs.urz.uni-halle.de\/digitus\/wp-json\/wp\/v2\/pages\/195\/revisions"}],"predecessor-version":[{"id":482,"href":"https:\/\/blogs.urz.uni-halle.de\/digitus\/wp-json\/wp\/v2\/pages\/195\/revisions\/482"}],"wp:attachment":[{"href":"https:\/\/blogs.urz.uni-halle.de\/digitus\/wp-json\/wp\/v2\/media?parent=195"}],"curies":[{"name":"wp","href":"https:\/\/api.w.org\/{rel}","templated":true}]}}