{"id":224,"date":"2020-09-18T16:25:11","date_gmt":"2020-09-18T14:25:11","guid":{"rendered":"https:\/\/blogs.urz.uni-halle.de\/digitus\/?page_id=224"},"modified":"2020-11-16T12:05:33","modified_gmt":"2020-11-16T11:05:33","slug":"informationen","status":"publish","type":"page","link":"https:\/\/blogs.urz.uni-halle.de\/digitus\/informationen\/","title":{"rendered":"Informationen"},"content":{"rendered":"\n<div class=\"wp-block-buttons\">\n<div class=\"wp-block-button\"><a class=\"wp-block-button__link has-very-light-gray-to-cyan-bluish-gray-gradient-background has-text-color has-background\" href=\"https:\/\/blogs.urz.uni-halle.de\/digitus\/websites-und-plattformen\/\" style=\"border-radius:15px;color:#000000\">Websites und Plattformen<\/a><\/div>\n\n\n\n<div class=\"wp-block-button\"><a class=\"wp-block-button__link has-very-light-gray-to-cyan-bluish-gray-gradient-background has-text-color has-background\" href=\"https:\/\/blogs.urz.uni-halle.de\/digitus\/tools\/\" style=\"border-radius:15px;color:#000000\">Tools<\/a><\/div>\n\n\n\n<div class=\"wp-block-button\"><a class=\"wp-block-button__link has-very-light-gray-to-cyan-bluish-gray-gradient-background has-text-color has-background\" href=\"https:\/\/blogs.urz.uni-halle.de\/digitus\/apps\/\" style=\"border-radius:15px;color:#000000\">Apps<\/a><\/div>\n\n\n\n<div class=\"wp-block-button\"><a class=\"wp-block-button__link has-very-light-gray-to-cyan-bluish-gray-gradient-background has-text-color has-background\" href=\"https:\/\/blogs.urz.uni-halle.de\/digitus\/youtube\/\" style=\"border-radius:15px;color:#000000\">YouTube<\/a><\/div>\n<\/div>\n\n\n\n<p>Im Folgenden finden Sie m\u00f6gliche Seiten, die n\u00e4her \u00fcber digitale Medien im Unterricht informieren und M\u00f6glichkeiten der Weiterbildung pr\u00e4sentieren. <\/p>\n\n\n\n<p>Hierbei legen wir keinen Wert auf Vollst\u00e4ndigkeit, sondern m\u00f6chten lediglich Inspirationen f\u00fcr erste oder vielleicht auch weiterf\u00fchrende Schritte geben.<\/p>\n\n\n\n<hr class=\"wp-block-separator is-style-wide\" \/>\n\n\n\n<div class=\"wp-block-buttons\">\n<div class=\"wp-block-button\"><a class=\"wp-block-button__link\" href=\"https:\/\/www.medienpaed.com\/index\" style=\"border-radius:15px\" target=\"_blank\" rel=\"noreferrer noopener\">MedienP\u00e4dagogik<\/a><\/div>\n<\/div>\n\n\n<p>MedienP\u00e4dagogik ist eine kostenlose elektronische Fachzeitschrift, die sich an Fachpersonen der Wissenschaft und der Praxis richtet.<\/p>\n\n\n<hr class=\"wp-block-separator is-style-wide\" \/>\n\n\n\n<div class=\"wp-block-buttons\">\n<div class=\"wp-block-button\"><a class=\"wp-block-button__link\" href=\"https:\/\/www.oercamp.de\/\" style=\"border-radius:15px\" target=\"_blank\" rel=\"noreferrer noopener\">OERcamp<\/a><\/div>\n<\/div>\n\n\n<p>Das OERcamp ist ein Treffen, bei dem die OER im Mittelpunkt stehen und in Workshops und Barcamps thematisiert werden.<\/p>\n\n\n<hr class=\"wp-block-separator is-style-wide\" \/>\n\n\n<p>Sie kennen selbst noch andere M\u00f6glichkeiten der Weiterbildung, die sie uns empfehlen k\u00f6nnen? Dann k\u00f6nnen Sie uns gerne kontaktieren.<\/p>\n\n\n<div class=\"wp-block-buttons\">\n<div class=\"wp-block-button\"><a class=\"wp-block-button__link\" href=\"https:\/\/blogs.urz.uni-halle.de\/digitus\/kontaktformular\/\" target=\"_blank\" rel=\"noreferrer noopener\">Kontaktieren<\/a><\/div>\n<\/div>\n\n\n\n<p><\/p>\n","protected":false},"excerpt":{"rendered":"<p>Im Folgenden finden Sie m\u00f6gliche Seiten, die n\u00e4her \u00fcber digitale Medien im Unterricht informieren und M\u00f6glichkeiten der Weiterbildung pr\u00e4sentieren. Hierbei legen wir keinen Wert auf Vollst\u00e4ndigkeit, sondern m\u00f6chten lediglich Inspirationen f\u00fcr erste oder vielleicht auch weiterf\u00fchrende Schritte geben. MedienP\u00e4dagogik ist &hellip;<\/p>\n<p class=\"read-more\"> <a class=\"more-link\" href=\"https:\/\/blogs.urz.uni-halle.de\/digitus\/informationen\/\"> <span class=\"screen-reader-text\">Informationen<\/span> Read More &raquo;<\/a><\/p>\n","protected":false},"author":3332,"featured_media":0,"parent":0,"menu_order":0,"comment_status":"closed","ping_status":"closed","template":"","meta":[],"_links":{"self":[{"href":"https:\/\/blogs.urz.uni-halle.de\/digitus\/wp-json\/wp\/v2\/pages\/224"}],"collection":[{"href":"https:\/\/blogs.urz.uni-halle.de\/digitus\/wp-json\/wp\/v2\/pages"}],"about":[{"href":"https:\/\/blogs.urz.uni-halle.de\/digitus\/wp-json\/wp\/v2\/types\/page"}],"author":[{"embeddable":true,"href":"https:\/\/blogs.urz.uni-halle.de\/digitus\/wp-json\/wp\/v2\/users\/3332"}],"replies":[{"embeddable":true,"href":"https:\/\/blogs.urz.uni-halle.de\/digitus\/wp-json\/wp\/v2\/comments?post=224"}],"version-history":[{"count":10,"href":"https:\/\/blogs.urz.uni-halle.de\/digitus\/wp-json\/wp\/v2\/pages\/224\/revisions"}],"predecessor-version":[{"id":477,"href":"https:\/\/blogs.urz.uni-halle.de\/digitus\/wp-json\/wp\/v2\/pages\/224\/revisions\/477"}],"wp:attachment":[{"href":"https:\/\/blogs.urz.uni-halle.de\/digitus\/wp-json\/wp\/v2\/media?parent=224"}],"curies":[{"name":"wp","href":"https:\/\/api.w.org\/{rel}","templated":true}]}}