{"id":420,"date":"2020-11-13T15:20:28","date_gmt":"2020-11-13T14:20:28","guid":{"rendered":"https:\/\/blogs.urz.uni-halle.de\/digitus\/?page_id=420"},"modified":"2021-05-07T09:15:33","modified_gmt":"2021-05-07T07:15:33","slug":"fremdsprachen","status":"publish","type":"page","link":"https:\/\/blogs.urz.uni-halle.de\/digitus\/fremdsprachen\/","title":{"rendered":"Fremdsprachen"},"content":{"rendered":"\n<div class=\"wp-block-buttons\">\n<div class=\"wp-block-button\"><a class=\"wp-block-button__link has-very-light-gray-to-cyan-bluish-gray-gradient-background has-text-color has-background\" href=\"https:\/\/blogs.urz.uni-halle.de\/digitus\/mathematik\/\" style=\"border-radius:15px;color:#000000\">Mathematik<\/a><\/div>\n\n\n\n<div class=\"wp-block-button is-style-fill\"><a class=\"wp-block-button__link has-very-light-gray-to-cyan-bluish-gray-gradient-background has-text-color has-background\" href=\"https:\/\/blogs.urz.uni-halle.de\/digitus\/biologie\/\" style=\"border-radius:15px;color:#000000\">Biologie<\/a><\/div>\n\n\n\n<div class=\"wp-block-button is-style-fill\"><a class=\"wp-block-button__link has-very-light-gray-to-cyan-bluish-gray-gradient-background has-text-color has-background\" href=\"https:\/\/blogs.urz.uni-halle.de\/digitus\/physik\/\" style=\"border-radius:15px;color:#000000\">Physik<\/a><\/div>\n\n\n\n<div class=\"wp-block-button is-style-fill\"><a class=\"wp-block-button__link has-very-light-gray-to-cyan-bluish-gray-gradient-background has-text-color has-background\" href=\"https:\/\/blogs.urz.uni-halle.de\/digitus\/chemie\/\" style=\"border-radius:15px;color:#000000\">Chemie<\/a><\/div>\n\n\n\n<div class=\"wp-block-button is-style-fill\"><a class=\"wp-block-button__link has-very-light-gray-to-cyan-bluish-gray-gradient-background has-text-color has-background\" href=\"https:\/\/blogs.urz.uni-halle.de\/digitus\/musik\/\" style=\"border-radius:15px;color:#000000\">Musik<\/a><\/div>\n<\/div>\n\n\n\n<h4 class=\"has-button-color-color has-text-color\">Duolingo<\/h4>\n\n\n<p>Duolingo ist eine App zum spielerischen Lernen von Fremdsprachen. Spieler*innen k\u00f6nnen durch \u00dcbungen zur Rechtschreibung und zum verstehenden H\u00f6ren Erfahrungspunkte sammeln.<\/p>\n<ul>\n<li>kostenlos<\/li>\n<li>Android, iOS<\/li>\n<\/ul>\n\n\n<h4 class=\"has-button-color-color has-text-color\">W\u00f6rterbuch Linguee<\/h4>\n\n\n<p>Mit Linguee erh\u00e4lt man ein Onlinew\u00f6rterbuch f\u00fcr 25 Sprachen.<\/p>\n<ul>\n<li>kostenlos<\/li>\n<li>Android, iOS<\/li>\n<\/ul>","protected":false},"excerpt":{"rendered":"<p>Duolingo Duolingo ist eine App zum spielerischen Lernen von Fremdsprachen. Spieler*innen k\u00f6nnen durch \u00dcbungen zur Rechtschreibung und zum verstehenden H\u00f6ren Erfahrungspunkte sammeln. kostenlos Android, iOS W\u00f6rterbuch Linguee Mit Linguee erh\u00e4lt man ein Onlinew\u00f6rterbuch f\u00fcr 25 Sprachen. kostenlos Android, iOS<\/p>\n","protected":false},"author":3332,"featured_media":0,"parent":0,"menu_order":0,"comment_status":"closed","ping_status":"closed","template":"","meta":[],"_links":{"self":[{"href":"https:\/\/blogs.urz.uni-halle.de\/digitus\/wp-json\/wp\/v2\/pages\/420"}],"collection":[{"href":"https:\/\/blogs.urz.uni-halle.de\/digitus\/wp-json\/wp\/v2\/pages"}],"about":[{"href":"https:\/\/blogs.urz.uni-halle.de\/digitus\/wp-json\/wp\/v2\/types\/page"}],"author":[{"embeddable":true,"href":"https:\/\/blogs.urz.uni-halle.de\/digitus\/wp-json\/wp\/v2\/users\/3332"}],"replies":[{"embeddable":true,"href":"https:\/\/blogs.urz.uni-halle.de\/digitus\/wp-json\/wp\/v2\/comments?post=420"}],"version-history":[{"count":4,"href":"https:\/\/blogs.urz.uni-halle.de\/digitus\/wp-json\/wp\/v2\/pages\/420\/revisions"}],"predecessor-version":[{"id":530,"href":"https:\/\/blogs.urz.uni-halle.de\/digitus\/wp-json\/wp\/v2\/pages\/420\/revisions\/530"}],"wp:attachment":[{"href":"https:\/\/blogs.urz.uni-halle.de\/digitus\/wp-json\/wp\/v2\/media?parent=420"}],"curies":[{"name":"wp","href":"https:\/\/api.w.org\/{rel}","templated":true}]}}