{"id":36,"date":"2024-12-17T15:33:59","date_gmt":"2024-12-17T14:33:59","guid":{"rendered":"https:\/\/blogs.urz.uni-halle.de\/dirkevers\/?page_id=36"},"modified":"2025-01-29T12:00:44","modified_gmt":"2025-01-29T11:00:44","slug":"prof-dr-dirk-evers","status":"publish","type":"page","link":"https:\/\/blogs.urz.uni-halle.de\/dirkevers\/prof-dr-dirk-evers\/","title":{"rendered":"Prof. Dr. Dirk Evers"},"content":{"rendered":"\n<figure class=\"wp-block-image size-large\"><img loading=\"lazy\" width=\"1024\" height=\"768\" src=\"https:\/\/blogs.urz.uni-halle.de\/dirkevers\/files\/2025\/01\/Evers-WGTh-quer.jpg\" alt=\"\" class=\"wp-image-118\" srcset=\"https:\/\/blogs.urz.uni-halle.de\/dirkevers\/files\/2025\/01\/Evers-WGTh-quer.jpg 1024w, https:\/\/blogs.urz.uni-halle.de\/dirkevers\/files\/2025\/01\/Evers-WGTh-quer-300x225.jpg 300w, https:\/\/blogs.urz.uni-halle.de\/dirkevers\/files\/2025\/01\/Evers-WGTh-quer-768x576.jpg 768w\" sizes=\"(max-width: 1024px) 100vw, 1024px\" \/><\/figure>\n\n\n\n<h2>Zur Person<\/h2>\n\n\n\n<ul><li>Jahrgang 1962, verheiratet, f\u00fcnf Kinder, sechs Enkelkinder<\/li><li>1983\u20131989 Studium der Theologie in M\u00fcnster, T\u00fcbingen und Madurai (S\u00fcdindien)<\/li><li>1989 Erste Theologische Dienstpr\u00fcfung<\/li><li>1989\u20131991 Vikar der W\u00fcrttembergischen Landeskirche<\/li><li>1991 Zweite Theologische Dienstpr\u00fcfung, Ordination<\/li><li>1991\u20131994 Pfarrvikar der W\u00fcrttembergischen Landeskirche<\/li><li>1994\u20132005 Assistent beim Ephorus des Evang. Stifts T\u00fcbingen, Prof. Dr. Dr.h.c. Eberhard J\u00fcngel D.D.<\/li><li>1999 Promotion zum Dr. theol. (ESSSAT-Preis 2002 der European Society for the Study of Science and Theology)<\/li><li>2005 Repetent am Evangelischen Stift, T\u00fcbingen<\/li><li>2005 Habilitation (Lehrbefugnis f\u00fcr das Fach Systematische Theologie)<\/li><li>2005\u20132010 Forschungs- und Studieninspektor am FORUM SCIENTIARUM der Universit\u00e4t T\u00fcbingen und Studienleiter am Karl-Heim-Haus<\/li><li>2008: Lehrauftrag f\u00fcr Systematische Theologie an der Universit\u00e4t Z\u00fcrich (Vertretung von Prof. I. Dalferth)<\/li><li>2009 Auszeichnung mit dem Bad Herrenalber Akademiepreis<\/li><li>seit 1.10.2010: Professor f\u00fcr Systematische Theologie\/Dogmatik an der <a href=\"http:\/\/www.uni-halle.de\/\">Martin-Luther-Universit\u00e4t Halle-Wittenberg<\/a><\/li><li>Vertrauensdozent der Studienstiftung<\/li><li>2014-2022 Pr\u00e4sident der <a rel=\"noreferrer noopener\" href=\"http:\/\/www.esssat.eu\/\" target=\"_blank\">European Society for the Study of Science and Theology\u00a0\u00a0\u00a0<\/a> (ESSSAT)<\/li><li>Research-Associate of the <a rel=\"noreferrer noopener\" href=\"http:\/\/www.up.ac.za\/en\/dogmatics-christian-ethics\/article\/36230\/staff\" target=\"_blank\">Department of Dogmatics and Christian Ethics\u00a0\u00a0\u00a0<\/a>, Faculty of Theology, University of Pretoria, South Africa (Prof Danie Veldsman, Project on Religious Experience from Evolutionary Perspectives)<\/li><li>2016-2018 Dekan der Theologischen Fakult\u00e4t, Martin-Luther-Universit\u00e4t Halle-Wittenberg<\/li><\/ul>\n","protected":false},"excerpt":{"rendered":"<p>Zur Person Jahrgang 1962, verheiratet, f\u00fcnf Kinder, sechs Enkelkinder 1983\u20131989 Studium der Theologie in M\u00fcnster, T\u00fcbingen und Madurai (S\u00fcdindien) 1989 Erste Theologische Dienstpr\u00fcfung 1989\u20131991 Vikar der W\u00fcrttembergischen Landeskirche 1991 Zweite Theologische Dienstpr\u00fcfung, Ordination 1991\u20131994 Pfarrvikar der W\u00fcrttembergischen Landeskirche 1994\u20132005 Assistent<\/p>\n","protected":false},"author":6229,"featured_media":0,"parent":0,"menu_order":0,"comment_status":"closed","ping_status":"closed","template":"","meta":[],"_links":{"self":[{"href":"https:\/\/blogs.urz.uni-halle.de\/dirkevers\/wp-json\/wp\/v2\/pages\/36"}],"collection":[{"href":"https:\/\/blogs.urz.uni-halle.de\/dirkevers\/wp-json\/wp\/v2\/pages"}],"about":[{"href":"https:\/\/blogs.urz.uni-halle.de\/dirkevers\/wp-json\/wp\/v2\/types\/page"}],"author":[{"embeddable":true,"href":"https:\/\/blogs.urz.uni-halle.de\/dirkevers\/wp-json\/wp\/v2\/users\/6229"}],"replies":[{"embeddable":true,"href":"https:\/\/blogs.urz.uni-halle.de\/dirkevers\/wp-json\/wp\/v2\/comments?post=36"}],"version-history":[{"count":3,"href":"https:\/\/blogs.urz.uni-halle.de\/dirkevers\/wp-json\/wp\/v2\/pages\/36\/revisions"}],"predecessor-version":[{"id":129,"href":"https:\/\/blogs.urz.uni-halle.de\/dirkevers\/wp-json\/wp\/v2\/pages\/36\/revisions\/129"}],"wp:attachment":[{"href":"https:\/\/blogs.urz.uni-halle.de\/dirkevers\/wp-json\/wp\/v2\/media?parent=36"}],"curies":[{"name":"wp","href":"https:\/\/api.w.org\/{rel}","templated":true}]}}