{"id":40,"date":"2024-12-17T15:34:19","date_gmt":"2024-12-17T14:34:19","guid":{"rendered":"https:\/\/blogs.urz.uni-halle.de\/dirkevers\/?page_id=40"},"modified":"2025-01-29T12:35:19","modified_gmt":"2025-01-29T11:35:19","slug":"felix-stuetz","status":"publish","type":"page","link":"https:\/\/blogs.urz.uni-halle.de\/dirkevers\/felix-stuetz\/","title":{"rendered":"Felix St\u00fctz"},"content":{"rendered":"\n<h2>Kontakt<\/h2>\n\n\n\n<p><em>Email<\/em>:&nbsp;<a href=\"mailto:felix.stuetz@theologie.uni-halle.de\">felix.stuetz@theologie.uni-halle.de<\/a><\/p>\n\n\n\n<p><br><em>Anschrift<\/em><br>Martin-Luther-Universit\u00e4t Halle-Wittenberg<br>Theologische Fakult\u00e4t<br>Institut f\u00fcr Systematische Theologie, Praktische Theologie und Religionswissenschaft<br>Franckeplatz 1 \/ Haus 26 (2. OG)<br>D-06099 Halle (Saale)<br>Tel: +49 345\/55-23023<\/p>\n\n\n\n<p><br><em>Sprechzeiten<\/em>:&nbsp;nach Vereinbarung.<br><\/p>\n\n\n\n<h2>Vita<\/h2>\n\n\n\n<p><em>Akademische Ausbildung<\/em><br>05\/2021: 1. Kirchliches Examen in der Evangelisch-Lutherische Kirche in Bayern (ELKB) \/ Magister Theologiae an der Universit\u00e4t Leipzig<br>2017\u20132021: Studium der ev. Theologie an der Universit\u00e4t Leipzig und der Martin-Luther-Universit\u00e4t Halle-Wittenberg<br>2015\u20132017: Studium der ev. Theologie an der Ruprecht-Karls-Universit\u00e4t Heidelberg<br>2014\u20132015: Theologisches Vorstudienjahr (Erwerb des Graecums und Hebraicums)<br>06\/2014: Abitur (Gymnasium Roth)<\/p>\n\n\n\n<p><em>Beruflicher Werdegang<\/em><br>02\/2022: Wissenschaftlicher Mitarbeiter am Lehrstuhl f\u00fcr Systematische Theologie: Dogmatik und Religionsphilosophie<br>08\/2021\u201304\/2022: Wissenschaftliche Hilfskraft bei der ev. Arbeitsstelle midi (Evangelisches Werk f\u00fcr Diakonie und Entwicklung, Berlin)<br>2017\u20132021: Stipendiat der&nbsp;Konrad-Adenauer-Stiftung<br>06\/2019\u201312\/2020: Studentische Hilfskraft&nbsp;f\u00fcr Prof. Dr. Alexander Deeg und Landesbisch\u00f6fin a. D. Ilse Junkermann an der&nbsp;Forschungsstelle \u201eKirchliche Praxis in der DDR\u201c (Institut f\u00fcr Praktische Theologie, Universit\u00e4t Leipzig)<br>03\/2018\u201310\/2019:&nbsp;Sekret\u00e4r des Universit\u00e4tsgottesdienstes Leipzig (Leitung: Prof. Dr. Peter Zimmerling)<\/p>\n\n\n\n<h2>Aktuelle Forschungsprojekte<\/h2>\n\n\n\n<p>Promotionsprojekt zum Thema:&nbsp;Theologie und Kommunikation. Eine fundamentaltheologische Untersuchung<\/p>\n\n\n\n<h2>Lehrveranstaltungen<\/h2>\n\n\n\n<p>Proseminar: Die Bedeutung des Todes Jesu (SoSe 2025)<\/p>\n\n\n\n<p>Prosemiar: Glaube verstehen \u2013 glaubend verstehen (WS 2024\/25)<\/p>\n\n\n\n<p>Block\u00fcbung: Sola scriptura \u2013 Was bedeuten Bibel, Schrift und Wort Gottes? (SoSe 2024)<\/p>\n\n\n\n<p>Proseminar:&nbsp;Worum geht\u2019s eigentlich? \u2013 Ein religionsp\u00e4dagogisch-dogmatisches Gespr\u00e4ch \u00fcber christliche(n) Religion(sunterricht)&nbsp;(WiSe 2023\/24 in Kooperation mit dem&nbsp;Institut f\u00fcr Religionsp\u00e4dagogik&nbsp;der Universit\u00e4t Leipzig)<\/p>\n\n\n\n<p>\u00dcbung:&nbsp;\u00dcbung: Klimakrise, Covid und Gottes gute Sch\u00f6pfung (?!) \u2013 Eine Lekt\u00fcre von Karl Barths sch\u00f6pfungstheologischen Texten (SoSe 2023)<\/p>\n\n\n\n<p>\u00dcbung: Einf\u00fchrung in Gerhard Ebelings \u201aDas Wesen des christlichen Glaubens&#8216; (WS 2022\/23)<\/p>\n\n\n\n<p>\u00dcbung: &#8222;Kirche, Nation und Menschheit in der Theologie Karl Barths&#8220; \u2013 inkl. Besuch der 52. Karl-Barth-Tagung (SoSe 2022)<\/p>\n\n\n\n<h2>Workshops und Vortr\u00e4ge<\/h2>\n\n\n\n<p>Von der Ausgrenzung zur Umarmung: Vers\u00f6hnendes Handeln als Ausdruck christlicher Identit\u00e4t? Eine Diskussion zu Thesen des amerikanisch-kroatischen Theologen Miroslav Volf [Theologische Tage an der Martin-Luther-Universit\u00e4t Halle-Wittenberg, 19.01.2023]<\/p>\n\n\n\n<p>Eine Lebensweise? Weisheit als Paradigma f\u00fcr eine christliche Sozialethik [Forum Sozialethik, 20.09.2023]<\/p>\n\n\n\n<h2>Publikationen<\/h2>\n\n\n\n<p><em>Aufs\u00e4tze<\/em>:<\/p>\n\n\n\n<p>St\u00fctz, Felix, Der Schriftbezug der Theologie als Impuls zur Interdisziplinarit\u00e4t, in: Jahrbuch Systematisch-Theologischer Nachwuchs (erscheint 2025)<\/p>\n\n\n\n<p>St\u00fctz Felix, Skizze f\u00fcr eine \u201aTheorie des ekklesialen Daseins\u2018. Ein Gespr\u00e4ch mit Dietrich Bonhoeffer und J\u00fcrgen Habermas, in: Deeg, Alexander \/ Schmidt, Markus (Hg.), Spiritualit\u00e4t und Gemeinschaft. Zug\u00e4nge zu geistlichem Leben in Beziehungen (FS f\u00fcr Peter Zimmerling zum 65. Geburtstag), Darmstadt 2023,&nbsp;241\u2013254<\/p>\n\n\n\n<p>St\u00fctz, Felix (mit Daniel H\u00f6rsch), Erkundungen, in: H\u00f6rsch, Daniel \/ Lilie Ulrich (Hg.), Lebensgef\u00fchl Corona \u2013 Erkundungen in einer Gesellschaft im Wandel. Eine qualitative Langzeit-Studie, Berlin 2022, 78\u2013139.<\/p>\n\n\n\n<p><em>Magazin- und Zeitschriftenbeitr\u00e4ge:<\/em><\/p>\n\n\n\n<p>St\u00fctz Felix, Sorgt euch nicht. Ein Gespr\u00e4ch mit Matthias Drobinski \u00fcber die Kirche von Morgen, in: Evangelische Orientierung 2024\/1, 12f.<\/p>\n\n\n\n<p>St\u00fctz, Felix, Kirchliche Praxis in der DDR. Kirche (sein) in Diktatur und Minderheit, in: MKiZ 14 (2020), 175\u2013179.<\/p>\n\n\n\n<p><em>Predigten<\/em> und Andachten:<\/p>\n\n\n\n<p>Andacht zu Galater 2,16 am 2. Oktober 2026, in: in: Neukirchener Kalender 2026, Neukirchen-Vluyn\/Ostfildern (im Druck).<\/p>\n\n\n\n<p>Andacht zu Lukas 19,21 am 22. M\u00e4rz 2025, in: momento 82. Jahrgang, Neukirchen-Vluyn\/Ostfildern 2024.<\/p>\n\n\n\n<p>Andacht zu 4. Mose 14,33 am 10. September 2025, in: momento 82. Jahrgang, Neukirchen-Vluyn\/Ostfildern 2024.<\/p>\n\n\n\n<p>St\u00fctz, Felix, G\u00f6nn\u2019 dir mal eine Pause, in: B\u00f6ck, Anna, Gemeinsam Geborgen, Gedanken aus dem Abenteuer Familie, Neukirchen-Vluyn 2025, 21f.<\/p>\n\n\n\n<p>Ein Schnurtelefon?! &#8211; Predigt zu Joh 16,5\u201316, unter: https:\/\/predigten.evangelisch.de\/predigt\/ein-schnurtelefon-predigt-zu-joh-165-16-von-felix-stuetz, 12.05.2024.<\/p>\n\n\n\n<p>St\u00fctz, Felix, Reine Provokation (?) \u2013 Predigt zu Dtn 8,7\u201318, unter: https:\/\/predigten.evangelisch.de\/predigt\/reine-provokation-predigt-zu-dtn-87-18-von-felix-stuetz, 28.11.2022.<\/p>\n","protected":false},"excerpt":{"rendered":"<p>Kontakt Email:&nbsp;felix.stuetz@theologie.uni-halle.de AnschriftMartin-Luther-Universit\u00e4t Halle-WittenbergTheologische Fakult\u00e4tInstitut f\u00fcr Systematische Theologie, Praktische Theologie und ReligionswissenschaftFranckeplatz 1 \/ Haus 26 (2. OG)D-06099 Halle (Saale)Tel: +49 345\/55-23023 Sprechzeiten:&nbsp;nach Vereinbarung. Vita Akademische Ausbildung05\/2021: 1. Kirchliches Examen in der Evangelisch-Lutherische Kirche in Bayern (ELKB) \/ Magister Theologiae<\/p>\n","protected":false},"author":6229,"featured_media":0,"parent":0,"menu_order":0,"comment_status":"closed","ping_status":"closed","template":"","meta":[],"_links":{"self":[{"href":"https:\/\/blogs.urz.uni-halle.de\/dirkevers\/wp-json\/wp\/v2\/pages\/40"}],"collection":[{"href":"https:\/\/blogs.urz.uni-halle.de\/dirkevers\/wp-json\/wp\/v2\/pages"}],"about":[{"href":"https:\/\/blogs.urz.uni-halle.de\/dirkevers\/wp-json\/wp\/v2\/types\/page"}],"author":[{"embeddable":true,"href":"https:\/\/blogs.urz.uni-halle.de\/dirkevers\/wp-json\/wp\/v2\/users\/6229"}],"replies":[{"embeddable":true,"href":"https:\/\/blogs.urz.uni-halle.de\/dirkevers\/wp-json\/wp\/v2\/comments?post=40"}],"version-history":[{"count":10,"href":"https:\/\/blogs.urz.uni-halle.de\/dirkevers\/wp-json\/wp\/v2\/pages\/40\/revisions"}],"predecessor-version":[{"id":162,"href":"https:\/\/blogs.urz.uni-halle.de\/dirkevers\/wp-json\/wp\/v2\/pages\/40\/revisions\/162"}],"wp:attachment":[{"href":"https:\/\/blogs.urz.uni-halle.de\/dirkevers\/wp-json\/wp\/v2\/media?parent=40"}],"curies":[{"name":"wp","href":"https:\/\/api.w.org\/{rel}","templated":true}]}}

Felix Stütz

<h2>Kontakt</h2>



<p><em>Email</em>:&nbsp;<a href="mailto:felix.stuetz@theologie.uni-halle.de">felix.stuetz@theologie.uni-halle.de</a></p>



<p><br><em>Anschrift</em><br>Martin-Luther-Universität Halle-Wittenberg<br>Theologische Fakultät<br>Institut für Systematische Theologie, Praktische Theologie und Religionswissenschaft<br>Franckeplatz 1 / Haus 26 (2. OG)<br>D-06099 Halle (Saale)<br>Tel: +49 345/55-23023</p>



<p><br><em>Sprechzeiten</em>:&nbsp;nach Vereinbarung.<br></p>



<h2>Vita</h2>



<p><em>Akademische Ausbildung</em><br>05/2021: 1. Kirchliches Examen in der Evangelisch-Lutherische Kirche in Bayern (ELKB) / Magister Theologiae an der Universität Leipzig<br>2017–2021: Studium der ev. Theologie an der Universität Leipzig und der Martin-Luther-Universität Halle-Wittenberg<br>2015–2017: Studium der ev. Theologie an der Ruprecht-Karls-Universität Heidelberg<br>2014–2015: Theologisches Vorstudienjahr (Erwerb des Graecums und Hebraicums)<br>06/2014: Abitur (Gymnasium Roth)</p>



<p><em>Beruflicher Werdegang</em><br>02/2022: Wissenschaftlicher Mitarbeiter am Lehrstuhl für Systematische Theologie: Dogmatik und Religionsphilosophie<br>08/2021–04/2022: Wissenschaftliche Hilfskraft bei der ev. Arbeitsstelle midi (Evangelisches Werk für Diakonie und Entwicklung, Berlin)<br>2017–2021: Stipendiat der&nbsp;Konrad-Adenauer-Stiftung<br>06/2019–12/2020: Studentische Hilfskraft&nbsp;für Prof. Dr. Alexander Deeg und Landesbischöfin a. D. Ilse Junkermann an der&nbsp;Forschungsstelle „Kirchliche Praxis in der DDR“ (Institut für Praktische Theologie, Universität Leipzig)<br>03/2018–10/2019:&nbsp;Sekretär des Universitätsgottesdienstes Leipzig (Leitung: Prof. Dr. Peter Zimmerling)</p>



<h2>Aktuelle Forschungsprojekte</h2>



<p>Promotionsprojekt zum Thema:&nbsp;Theologie und Kommunikation. Eine fundamentaltheologische Untersuchung</p>



<h2>Lehrveranstaltungen</h2>



<p>Proseminar: Die Bedeutung des Todes Jesu (SoSe 2025)</p>



<p>Prosemiar: Glaube verstehen – glaubend verstehen (WS 2024/25)</p>



<p>Blockübung: Sola scriptura – Was bedeuten Bibel, Schrift und Wort Gottes? (SoSe 2024)</p>



<p>Proseminar:&nbsp;Worum geht’s eigentlich? – Ein religionspädagogisch-dogmatisches Gespräch über christliche(n) Religion(sunterricht)&nbsp;(WiSe 2023/24 in Kooperation mit dem&nbsp;Institut für Religionspädagogik&nbsp;der Universität Leipzig)</p>



<p>Übung:&nbsp;Übung: Klimakrise, Covid und Gottes gute Schöpfung (?!) – Eine Lektüre von Karl Barths schöpfungstheologischen Texten (SoSe 2023)</p>



<p>Übung: Einführung in Gerhard Ebelings ‚Das Wesen des christlichen Glaubens&#8216; (WS 2022/23)</p>



<p>Übung: &#8222;Kirche, Nation und Menschheit in der Theologie Karl Barths&#8220; – inkl. Besuch der 52. Karl-Barth-Tagung (SoSe 2022)</p>



<h2>Workshops und Vorträge</h2>



<p>Von der Ausgrenzung zur Umarmung: Versöhnendes Handeln als Ausdruck christlicher Identität? Eine Diskussion zu Thesen des amerikanisch-kroatischen Theologen Miroslav Volf [Theologische Tage an der Martin-Luther-Universität Halle-Wittenberg, 19.01.2023]</p>



<p>Eine Lebensweise? Weisheit als Paradigma für eine christliche Sozialethik [Forum Sozialethik, 20.09.2023]</p>



<h2>Publikationen</h2>



<p><em>Aufsätze</em>:</p>



<p>Stütz, Felix, Der Schriftbezug der Theologie als Impuls zur Interdisziplinarität, in: Jahrbuch Systematisch-Theologischer Nachwuchs (erscheint 2025)</p>



<p>Stütz Felix, Skizze für eine ‚Theorie des ekklesialen Daseins‘. Ein Gespräch mit Dietrich Bonhoeffer und Jürgen Habermas, in: Deeg, Alexander / Schmidt, Markus (Hg.), Spiritualität und Gemeinschaft. Zugänge zu geistlichem Leben in Beziehungen (FS für Peter Zimmerling zum 65. Geburtstag), Darmstadt 2023,&nbsp;241–254</p>



<p>Stütz, Felix (mit Daniel Hörsch), Erkundungen, in: Hörsch, Daniel / Lilie Ulrich (Hg.), Lebensgefühl Corona – Erkundungen in einer Gesellschaft im Wandel. Eine qualitative Langzeit-Studie, Berlin 2022, 78–139.</p>



<p><em>Magazin- und Zeitschriftenbeiträge:</em></p>



<p>Stütz Felix, Sorgt euch nicht. Ein Gespräch mit Matthias Drobinski über die Kirche von Morgen, in: Evangelische Orientierung 2024/1, 12f.</p>



<p>Stütz, Felix, Kirchliche Praxis in der DDR. Kirche (sein) in Diktatur und Minderheit, in: MKiZ 14 (2020), 175–179.</p>



<p><em>Predigten</em> und Andachten:</p>



<p>Andacht zu Galater 2,16 am 2. Oktober 2026, in: in: Neukirchener Kalender 2026, Neukirchen-Vluyn/Ostfildern (im Druck).</p>



<p>Andacht zu Lukas 19,21 am 22. März 2025, in: momento 82. Jahrgang, Neukirchen-Vluyn/Ostfildern 2024.</p>



<p>Andacht zu 4. Mose 14,33 am 10. September 2025, in: momento 82. Jahrgang, Neukirchen-Vluyn/Ostfildern 2024.</p>



<p>Stütz, Felix, Gönn’ dir mal eine Pause, in: Böck, Anna, Gemeinsam Geborgen, Gedanken aus dem Abenteuer Familie, Neukirchen-Vluyn 2025, 21f.</p>



<p>Ein Schnurtelefon?! &#8211; Predigt zu Joh 16,5–16, unter: https://predigten.evangelisch.de/predigt/ein-schnurtelefon-predigt-zu-joh-165-16-von-felix-stuetz, 12.05.2024.</p>



<p>Stütz, Felix, Reine Provokation (?) – Predigt zu Dtn 8,7–18, unter: https://predigten.evangelisch.de/predigt/reine-provokation-predigt-zu-dtn-87-18-von-felix-stuetz, 28.11.2022.</p>

<p>Kontakt Email:&nbsp;felix.stuetz@theologie.uni-halle.de AnschriftMartin-Luther-Universität Halle-WittenbergTheologische FakultätInstitut für Systematische Theologie, Praktische Theologie und ReligionswissenschaftFranckeplatz 1 / Haus 26 (2. OG)D-06099 Halle (Saale)Tel: +49 345/55-23023 Sprechzeiten:&nbsp;nach Vereinbarung. Vita Akademische Ausbildung05/2021: 1. Kirchliches Examen in der Evangelisch-Lutherische Kirche in Bayern (ELKB) / Magister Theologiae</p>
