{"id":17,"date":"2022-05-11T13:31:39","date_gmt":"2022-05-11T11:31:39","guid":{"rendered":"https:\/\/blogs.urz.uni-halle.de\/diversitaetfsu\/?page_id=17"},"modified":"2022-10-07T20:54:19","modified_gmt":"2022-10-07T18:54:19","slug":"beitraege-fuer-den-spanischunterricht","status":"publish","type":"page","link":"https:\/\/blogs.urz.uni-halle.de\/diversitaetfsu\/diversitaet-und-teilhabe-in-medien-fuer-den-fsu\/beitraege-fuer-den-spanischunterricht\/","title":{"rendered":"Beispiele f\u00fcr den Spanischunterricht"},"content":{"rendered":"\n<ul><li><a href=\"https:\/\/blogs.urz.uni-halle.de\/diversitaetfsu\/diversitaet-und-teilhabe-in-medien-fuer-den-fsu\/beitraege-fuer-den-spanischunterricht\/diversitaetsmerkmal-ethnische-herkunft-rassismus\/\">Diversit\u00e4tsmerkmal: ethnische Herkunft \/ Rassismus<\/a><\/li><li><a href=\"https:\/\/blogs.urz.uni-halle.de\/diversitaetfsu\/diversitaet-und-teilhabe-in-medien-fuer-den-fsu\/beitraege-fuer-den-spanischunterricht\/diversitaetsmerkmal-geschlecht-und-gender\/\">Diversit\u00e4tsmerkmal: Geschlecht und Gender<\/a><\/li><li><a href=\"https:\/\/blogs.urz.uni-halle.de\/diversitaetfsu\/diversitaet-und-teilhabe-in-medien-fuer-den-fsu\/beitraege-fuer-den-spanischunterricht\/diversitaetsmerkmal-mehrsprachigkeit\/\">Diversit\u00e4tsmerkmal: Mehrsprachigkeit<\/a><\/li><li><a href=\"https:\/\/blogs.urz.uni-halle.de\/diversitaetfsu\/diversitaet-und-teilhabe-in-medien-fuer-den-fsu\/beitraege-fuer-den-spanischunterricht\/diversitaetsmerkmal-sonderpaedagogische-foerderbedarfe-teilleistungsschwaechen\/\">Diversit\u00e4tsmerkmal: Sonderp\u00e4dagogische F\u00f6rderbedarfe \/ Teilleistungsschw\u00e4chen<\/a><\/li><li><a href=\"https:\/\/blogs.urz.uni-halle.de\/diversitaetfsu\/diversitaet-und-teilhabe-in-medien-fuer-den-fsu\/beitraege-fuer-den-spanischunterricht\/diversitaetsmerkmal-sozio-oekonomischer-hintergrund\/\">Diversit\u00e4tsmerkmal: sozio\u00f6konomischer Hintergrund<\/a><\/li><\/ul>\n\n\n\n<p>Die Bezeichnung &#8222;Diversit\u00e4t und Teilhabe IN Medien&#8220; geht auf eine Unterscheidung der GMK Fachgruppe Inklusive Medienbildung (2018) zuru\u0308ck, welche von &#8222;Teilhabe IN Medien&#8220; spricht. Gemeint ist damit die Repr\u00e4sentation von sozialen Gruppen in den Medien und somit auch die Sichtbarkeit und Wahrnehmung von Vielfalt in der Gesellschaft:  \u201eMedienp\u00e4dagogik besch\u00e4ftigt sich mit stereotypen,<br>klischeebehafteten und stigmatisierenden Darstellungen und setzt<br>diesen durch eigene Medienproduktionen ein vielf\u00e4ltiges und selbstbestimmtes Bild entgegen.\u201c (GMK, 2018)<\/p>\n\n\n\n<h4>Literatur<\/h4>\n\n\n\n<p>GMK Fachgruppe Inklusive Medienbildung (2018): <em>Medienbildung fu\u0308r alle: Medienbildung inklusiv gestalten! Positionspapier der Fachgruppe Inklusive Medienbildung.<\/em> https:\/\/www.gmk-net.de\/2018\/09\/20\/medienbildung-fuer-alle-medienbildung-inklusiv-gestalten.<\/p>\n\n\n\n<p>Wieland, Katharina (2022):  Auf der Suche nach der Schnittstelle \u2013 Inklusion durch und in digitale(n) Medien in der Ausbildung von Fremdsprachenlehrkr\u00e4ften, in: Jungwirth, Martin et al. (Hrsg.): <em>Diversit\u00e4t Digital Denken &#8211; The Wider View, <\/em>M\u00fcnster, WTM, S. 363-374.<\/p>\n","protected":false},"excerpt":{"rendered":"<p>Diversit\u00e4tsmerkmal: ethnische Herkunft \/ Rassismus Diversit\u00e4tsmerkmal: Geschlecht und Gender Diversit\u00e4tsmerkmal: Mehrsprachigkeit Diversit\u00e4tsmerkmal: Sonderp\u00e4dagogische F\u00f6rderbedarfe \/ Teilleistungsschw\u00e4chen Diversit\u00e4tsmerkmal: sozio\u00f6konomischer Hintergrund Die Bezeichnung &#8222;Diversit\u00e4t und Teilhabe IN Medien&#8220; geht auf eine Unterscheidung der GMK Fachgruppe Inklusive Medienbildung (2018) zuru\u0308ck, welche von &#8222;Teilhabe &hellip; <a href=\"https:\/\/blogs.urz.uni-halle.de\/diversitaetfsu\/diversitaet-und-teilhabe-in-medien-fuer-den-fsu\/beitraege-fuer-den-spanischunterricht\/\">Weiterlesen <span class=\"meta-nav\">&rarr;<\/span><\/a><\/p>\n","protected":false},"author":5386,"featured_media":0,"parent":9,"menu_order":0,"comment_status":"closed","ping_status":"closed","template":"","meta":{"ngg_post_thumbnail":0},"_links":{"self":[{"href":"https:\/\/blogs.urz.uni-halle.de\/diversitaetfsu\/wp-json\/wp\/v2\/pages\/17"}],"collection":[{"href":"https:\/\/blogs.urz.uni-halle.de\/diversitaetfsu\/wp-json\/wp\/v2\/pages"}],"about":[{"href":"https:\/\/blogs.urz.uni-halle.de\/diversitaetfsu\/wp-json\/wp\/v2\/types\/page"}],"author":[{"embeddable":true,"href":"https:\/\/blogs.urz.uni-halle.de\/diversitaetfsu\/wp-json\/wp\/v2\/users\/5386"}],"replies":[{"embeddable":true,"href":"https:\/\/blogs.urz.uni-halle.de\/diversitaetfsu\/wp-json\/wp\/v2\/comments?post=17"}],"version-history":[{"count":10,"href":"https:\/\/blogs.urz.uni-halle.de\/diversitaetfsu\/wp-json\/wp\/v2\/pages\/17\/revisions"}],"predecessor-version":[{"id":1089,"href":"https:\/\/blogs.urz.uni-halle.de\/diversitaetfsu\/wp-json\/wp\/v2\/pages\/17\/revisions\/1089"}],"up":[{"embeddable":true,"href":"https:\/\/blogs.urz.uni-halle.de\/diversitaetfsu\/wp-json\/wp\/v2\/pages\/9"}],"wp:attachment":[{"href":"https:\/\/blogs.urz.uni-halle.de\/diversitaetfsu\/wp-json\/wp\/v2\/media?parent=17"}],"curies":[{"name":"wp","href":"https:\/\/api.w.org\/{rel}","templated":true}]}}