{"id":24,"date":"2023-10-09T14:13:10","date_gmt":"2023-10-09T12:13:10","guid":{"rendered":"https:\/\/blogs.urz.uni-halle.de\/einewochepoznan\/?page_id=24"},"modified":"2023-11-01T12:19:57","modified_gmt":"2023-11-01T11:19:57","slug":"aaa","status":"publish","type":"page","link":"https:\/\/blogs.urz.uni-halle.de\/einewochepoznan\/aaa\/","title":{"rendered":"Tag 1, 28. August"},"content":{"rendered":"\n<h2><em>Dzie\u0144 dobry z Poznania!<\/em><\/h2>\n\n\n\n<p>Heute war unserer erster kompletter Exkursionstag, den wir nach Sophies versp\u00e4teter Anreise in den fr\u00fchen Morgenstunden nun endlich vollst\u00e4ndig begehen konnten. Um gen\u00fcgend Energie zu haben, starteten wir mit einem ausgiebigen Fr\u00fchst\u00fcck in unserer K\u00fcche bei dem wir auch den Tagesablauf besprachen.<\/p>\n\n\n\n<p>Bis 15 Uhr konnte jede\/r individuell seine\/ihre Freizeit verbringen. Und so schw\u00e4rmten wir in unterschiedliche Himmelsrichtungen aus, um die Kostbarkeiten der Dominsel zu erkunden, Reisetickets f\u00fcr den &#8211; Achtung Spoiler-Alert &#8211; Ausflug nach Gniezno am Freitag zu besorgen, alte Freunde wiederzutreffen, sich im Baustellengewirr des Rynek zu verlieren, oder ausgiebig in den Neuerscheinungen einer polnischen Buchhandlung zu schm\u00f6kern.<\/p>\n\n\n\n<figure class=\"wp-block-image size-large is-resized\"><img loading=\"lazy\" src=\"https:\/\/blogs.urz.uni-halle.de\/einewochepoznan\/files\/2023\/11\/IMG_20230901_153109-1-1024x768.jpg\" alt=\"\" class=\"wp-image-80\" width=\"347\" height=\"260\" srcset=\"https:\/\/blogs.urz.uni-halle.de\/einewochepoznan\/files\/2023\/11\/IMG_20230901_153109-1-1024x768.jpg 1024w, https:\/\/blogs.urz.uni-halle.de\/einewochepoznan\/files\/2023\/11\/IMG_20230901_153109-1-300x225.jpg 300w, https:\/\/blogs.urz.uni-halle.de\/einewochepoznan\/files\/2023\/11\/IMG_20230901_153109-1-768x576.jpg 768w, https:\/\/blogs.urz.uni-halle.de\/einewochepoznan\/files\/2023\/11\/IMG_20230901_153109-1-1536x1152.jpg 1536w, https:\/\/blogs.urz.uni-halle.de\/einewochepoznan\/files\/2023\/11\/IMG_20230901_153109-1-2048x1536.jpg 2048w\" sizes=\"(max-width: 347px) 100vw, 347px\" \/><\/figure>\n\n\n\n<p>Das gro\u00dfe Zusammentreffen fand dann wieder in der gem\u00fctlichen K\u00fcche unserer Unterkunft statt. Bei wahlweisem Tee oder Kaffee und typischen polnischen Keksspezialit\u00e4ten teilten wir unsere Eindr\u00fccke von Pozna\u0144: Die Sch\u00f6nheit der hier in gro\u00dfer Dichte auftretenden Sehensw\u00fcrdigkeiten, nur gebrochen vom omnipr\u00e4senten Baustellenl\u00e4rm, die vielen Streetart-Zeugnisse im Zentrum, das graue Augustwetter sowie die in kurzen Begegnungen mit Einheimischen eingefangene Mentalit\u00e4t- selbstverst\u00e4ndlich po polsku.<\/p>\n\n\n\n<p>Abends ging es dann ins Restaurant \u201ePierogarnia Stary M\u0142yn\u201c, welches als bester Beweis gilt, dass das Nationalgericht Piroggen unheimlich vielseitig interpretiert werden kann. Ob im traditionellen Teig, angebraten, gebacken oder gar schwarz eingef\u00e4rbt, das Restaurant hatte f\u00fcr jeden Geschmack die richtige Zubereitungsart.<\/p>\n\n\n\n<p>F\u00fcr den Ausklang des Abends w\u00e4hlten einige von uns die Tuchf\u00fchlung mit polnischen Bars, andere lie\u00dfen es in der Unterkunft ruhiger angehen mit der Studienlekt\u00fcre und Anrufen nach Hause.<\/p>\n\n\n\n<p><em>Verfasst von Tim<\/em><\/p>\n","protected":false},"excerpt":{"rendered":"<p>Dzie\u0144 dobry z Poznania! Heute war unserer erster kompletter Exkursionstag, den wir nach Sophies versp\u00e4teter Anreise in den fr\u00fchen Morgenstunden nun endlich vollst\u00e4ndig begehen konnten. Um gen\u00fcgend Energie zu haben, starteten wir mit einem ausgiebigen Fr\u00fchst\u00fcck in unserer K\u00fcche bei dem wir auch den Tagesablauf besprachen. Bis 15 Uhr konnte jede\/r individuell seine\/ihre Freizeit verbringen. [&hellip;]<\/p>\n","protected":false},"author":5907,"featured_media":0,"parent":0,"menu_order":0,"comment_status":"closed","ping_status":"closed","template":"","meta":[],"_links":{"self":[{"href":"https:\/\/blogs.urz.uni-halle.de\/einewochepoznan\/wp-json\/wp\/v2\/pages\/24"}],"collection":[{"href":"https:\/\/blogs.urz.uni-halle.de\/einewochepoznan\/wp-json\/wp\/v2\/pages"}],"about":[{"href":"https:\/\/blogs.urz.uni-halle.de\/einewochepoznan\/wp-json\/wp\/v2\/types\/page"}],"author":[{"embeddable":true,"href":"https:\/\/blogs.urz.uni-halle.de\/einewochepoznan\/wp-json\/wp\/v2\/users\/5907"}],"replies":[{"embeddable":true,"href":"https:\/\/blogs.urz.uni-halle.de\/einewochepoznan\/wp-json\/wp\/v2\/comments?post=24"}],"version-history":[{"count":8,"href":"https:\/\/blogs.urz.uni-halle.de\/einewochepoznan\/wp-json\/wp\/v2\/pages\/24\/revisions"}],"predecessor-version":[{"id":83,"href":"https:\/\/blogs.urz.uni-halle.de\/einewochepoznan\/wp-json\/wp\/v2\/pages\/24\/revisions\/83"}],"wp:attachment":[{"href":"https:\/\/blogs.urz.uni-halle.de\/einewochepoznan\/wp-json\/wp\/v2\/media?parent=24"}],"curies":[{"name":"wp","href":"https:\/\/api.w.org\/{rel}","templated":true}]}}