{"id":47,"date":"2023-10-10T13:32:15","date_gmt":"2023-10-10T11:32:15","guid":{"rendered":"https:\/\/blogs.urz.uni-halle.de\/einewochepoznan\/?page_id=47"},"modified":"2023-11-01T13:24:23","modified_gmt":"2023-11-01T12:24:23","slug":"tag-2-29-8-23","status":"publish","type":"page","link":"https:\/\/blogs.urz.uni-halle.de\/einewochepoznan\/tag-2-29-8-23\/","title":{"rendered":"Tag 2, 29. August"},"content":{"rendered":"\n<h2><em>Museen \u2013 Literaturseminar \u2013 Bar mleczny \u2013 Scrabble po polsku<\/em><\/h2>\n\n\n\n<p>Nach einem reichhaltigen Fr\u00fchst\u00fcck im Apartment der Studierenden trafen wir uns eine Etage tiefer im Apartment der Dozentinnen, um den morgigen Besuch im MIP \u2013 Migrant Info Point \u2013 vorzubereiten. Der Migrant Info Point unterst\u00fctzt Migranten und wird uns einen Einblick in seine Arbeit geben, weshalb wir uns auf eine Fragerunde in polnischer Sprache vorbereiteten.<\/p>\n\n\n\n<p>Zum Mittagessen besuchte der Gro\u00dfteil unserer Gruppe eine Kantine polnischer Art \u2013 eine Bar Mleczny (=Milchbar). Hier gab es riesige Portionen zu g\u00fcnstigen Preisen, inklusive sympathischem Plausch am Kantinentisch mit Einwohnern Posens.<\/p>\n\n\n\n<p>Weiterhin erkundeten wir die Museenlandschaft Posens: Ein Teil der Gruppe wurde in die Geheimnisse der ber\u00fchmten Posener Martinsh\u00f6rnchen (rogal \u015bwi\u0119tomarci\u0144ski) inklusive Verkostung im Rogalowe Muzeum Poznania eingeweiht. Die Posener Geb\u00e4ckspezialit\u00e4t, welche tats\u00e4chlich auch original aus Posen stammt und dem franz\u00f6sischen Croissant sehr \u00e4hnlich ist, braucht glatte sechs Stunden und wird mit einer Masse bestehend aus wei\u00dfem Mohn, Rosinen, kandierten Fr\u00fcchten, N\u00fcssen und Mandel\u00f6l gef\u00fcllt.<\/p>\n\n\n\n<p>Der andere Teil begab sich parallel dazu in das Museum f\u00fcr Musikinstrumente (Muzeum Instrument\u00f3w Muzyczynych). Hier gab es eine einzigartige Sammlung historischer Musikinstrumente aus aller Welt zu bestaunen. \u00dcbrigens ist dies eine der wichtigsten Sammlungen dieser Art Europas! Wer wollte, konnte sich per ausgeliehenem Tablet und Kopfh\u00f6rern Soundbeispiele zu Gem\u00fcte f\u00fchren.<\/p>\n\n\n\n<p>Zum sp\u00e4ten Nachmittag gab uns Frau Dr. Drosihn ein Literaturseminar zum Thema \u201eTransgenerationales Erz\u00e4hlen\u201c. \u00dcber Generationen hinweg pr\u00e4gen uns die erlebten Geschichten unserer Vorfahren. Wir besprachen Formen und Funktionen transgenerationaler Erinnerungsnarrative und \u00fcberpr\u00fcften diese an einem Praxisbeispiel, indem wir einen Auszug aus dem Buch \u201eWie kommt der Krieg ins Kind\u201c von Susanne Fritz aus dem Jahr 2018 analysierten und auf transgenerationale Erinnerungsnarrative untersuchten.<\/p>\n\n\n\n<figure class=\"wp-block-image size-large is-resized\"><img loading=\"lazy\" src=\"https:\/\/blogs.urz.uni-halle.de\/einewochepoznan\/files\/2023\/11\/20230828_1533391-1024x473.jpg\" alt=\"\" class=\"wp-image-92\" width=\"363\" height=\"167\" srcset=\"https:\/\/blogs.urz.uni-halle.de\/einewochepoznan\/files\/2023\/11\/20230828_1533391-1024x473.jpg 1024w, https:\/\/blogs.urz.uni-halle.de\/einewochepoznan\/files\/2023\/11\/20230828_1533391-300x139.jpg 300w, https:\/\/blogs.urz.uni-halle.de\/einewochepoznan\/files\/2023\/11\/20230828_1533391-768x355.jpg 768w, https:\/\/blogs.urz.uni-halle.de\/einewochepoznan\/files\/2023\/11\/20230828_1533391-1536x710.jpg 1536w, https:\/\/blogs.urz.uni-halle.de\/einewochepoznan\/files\/2023\/11\/20230828_1533391-2048x946.jpg 2048w\" sizes=\"(max-width: 363px) 100vw, 363px\" \/><\/figure>\n\n\n\n<p>Abends, nachdem wir uns als Gruppe alle leckeren Pfannkuchen oder Salat im Restaurant \u201eManekin\u201c geg\u00f6nnt hatten, trafen wir uns in der studentischen Bar \u201eVan Gogh\u201c, 10 Minuten zu Fu\u00df von unserer Unterkunft entfernt, auf eine Runde Scrabble \u2013 nat\u00fcrlich in polnischer Sprache.<\/p>\n\n\n\n<p><em>Verfasst von Peter<\/em><\/p>\n","protected":false},"excerpt":{"rendered":"<p>Museen \u2013 Literaturseminar \u2013 Bar mleczny \u2013 Scrabble po polsku Nach einem reichhaltigen Fr\u00fchst\u00fcck im Apartment der Studierenden trafen wir uns eine Etage tiefer im Apartment der Dozentinnen, um den morgigen Besuch im MIP \u2013 Migrant Info Point \u2013 vorzubereiten. Der Migrant Info Point unterst\u00fctzt Migranten und wird uns einen Einblick in seine Arbeit geben, [&hellip;]<\/p>\n","protected":false},"author":5907,"featured_media":0,"parent":0,"menu_order":0,"comment_status":"closed","ping_status":"closed","template":"","meta":[],"_links":{"self":[{"href":"https:\/\/blogs.urz.uni-halle.de\/einewochepoznan\/wp-json\/wp\/v2\/pages\/47"}],"collection":[{"href":"https:\/\/blogs.urz.uni-halle.de\/einewochepoznan\/wp-json\/wp\/v2\/pages"}],"about":[{"href":"https:\/\/blogs.urz.uni-halle.de\/einewochepoznan\/wp-json\/wp\/v2\/types\/page"}],"author":[{"embeddable":true,"href":"https:\/\/blogs.urz.uni-halle.de\/einewochepoznan\/wp-json\/wp\/v2\/users\/5907"}],"replies":[{"embeddable":true,"href":"https:\/\/blogs.urz.uni-halle.de\/einewochepoznan\/wp-json\/wp\/v2\/comments?post=47"}],"version-history":[{"count":5,"href":"https:\/\/blogs.urz.uni-halle.de\/einewochepoznan\/wp-json\/wp\/v2\/pages\/47\/revisions"}],"predecessor-version":[{"id":93,"href":"https:\/\/blogs.urz.uni-halle.de\/einewochepoznan\/wp-json\/wp\/v2\/pages\/47\/revisions\/93"}],"wp:attachment":[{"href":"https:\/\/blogs.urz.uni-halle.de\/einewochepoznan\/wp-json\/wp\/v2\/media?parent=47"}],"curies":[{"name":"wp","href":"https:\/\/api.w.org\/{rel}","templated":true}]}}