{"id":12,"date":"2023-05-08T21:49:42","date_gmt":"2023-05-08T19:49:42","guid":{"rendered":"https:\/\/blogs.urz.uni-halle.de\/erinnerunginkomplexitaet\/?page_id=12"},"modified":"2024-04-09T13:03:17","modified_gmt":"2024-04-09T11:03:17","slug":"mitwirkende","status":"publish","type":"page","link":"https:\/\/blogs.urz.uni-halle.de\/erinnerunginkomplexitaet\/mitwirkende\/","title":{"rendered":"Mitwirkende"},"content":{"rendered":"\t\t<div data-elementor-type=\"wp-page\" data-elementor-id=\"12\" class=\"elementor elementor-12\" data-elementor-settings=\"[]\">\n\t\t\t\t\t\t\t<div class=\"elementor-section-wrap\">\n\t\t\t\t\t\t\t<section class=\"elementor-section elementor-top-section elementor-element elementor-element-594ed9 elementor-section-boxed elementor-section-height-default elementor-section-height-default\" data-id=\"594ed9\" data-element_type=\"section\">\n\t\t\t\t\t\t<div class=\"elementor-container elementor-column-gap-default\">\n\t\t\t\t\t<div class=\"elementor-column elementor-col-100 elementor-top-column elementor-element elementor-element-2de00176\" data-id=\"2de00176\" data-element_type=\"column\">\n\t\t\t<div class=\"elementor-widget-wrap elementor-element-populated\">\n\t\t\t\t\t\t\t\t<div class=\"elementor-element elementor-element-3ca39030 elementor-widget elementor-widget-heading\" data-id=\"3ca39030\" data-element_type=\"widget\" data-widget_type=\"heading.default\">\n\t\t\t\t<div class=\"elementor-widget-container\">\n\t\t\t<h2 class=\"elementor-heading-title elementor-size-default\">Mitwirkende<\/h2>\t\t<\/div>\n\t\t\t\t<\/div>\n\t\t\t\t\t<\/div>\n\t\t<\/div>\n\t\t\t\t\t\t\t<\/div>\n\t\t<\/section>\n\t\t\t\t<section class=\"elementor-section elementor-top-section elementor-element elementor-element-5fe442b0 elementor-section-boxed elementor-section-height-default elementor-section-height-default\" data-id=\"5fe442b0\" data-element_type=\"section\">\n\t\t\t\t\t\t<div class=\"elementor-container elementor-column-gap-default\">\n\t\t\t\t\t<div class=\"elementor-column elementor-col-50 elementor-top-column elementor-element elementor-element-61917b5a\" data-id=\"61917b5a\" data-element_type=\"column\">\n\t\t\t<div class=\"elementor-widget-wrap elementor-element-populated\">\n\t\t\t\t\t\t\t\t<div class=\"elementor-element elementor-element-645fecbf elementor-widget elementor-widget-heading\" data-id=\"645fecbf\" data-element_type=\"widget\" data-widget_type=\"heading.default\">\n\t\t\t\t<div class=\"elementor-widget-container\">\n\t\t\t<h2 class=\"elementor-heading-title elementor-size-default\">Martin-Luther-Universit\u00e4t Halle-Wittenberg<\/h2>\t\t<\/div>\n\t\t\t\t<\/div>\n\t\t\t\t<div class=\"elementor-element elementor-element-1a22f9c1 elementor-widget elementor-widget-text-editor\" data-id=\"1a22f9c1\" data-element_type=\"widget\" data-widget_type=\"text-editor.default\">\n\t\t\t\t<div class=\"elementor-widget-container\">\n\t\t\t\t\t<div class=\"elementor-text-editor elementor-clearfix\"><p><strong>Seminar f\u00fcr Judaistik\/J\u00fcdische Studien<\/strong><br \/>Prof. Dr. Ottfried Fraisse <a href=\"https:\/\/www.judaistik.uni-halle.de\/mitarbeiter\/fraisse\/\">&gt;<\/a><br \/>Dr. Anton Hieke <a href=\"https:\/\/www.judaistik.uni-halle.de\/mitarbeiter\/anton_hieke\/\">&gt;<\/a><\/p><p><strong>Interdisziplin\u00e4res Zentrum f\u00fcr Pietismusforschung<\/strong><br \/>Dr. Thomas Ruhland <a href=\"https:\/\/izp.uni-halle.de\/personalia\/ruhland\/\">&gt;<\/a><\/p><p><strong>Institut f\u00fcr Romanistik: Kulturwissenschaft, Frankreich\/Frankophonie, Spanien\/Lateinamerika, Fremdsprachendidaktik<\/strong><br \/>Prof. Dr. Natascha Ueckmann <a href=\"https:\/\/www.romanistik.uni-halle.de\/studienbereiche\/romanische_kulturwissenschaften\/ueckmann\/\">&gt;<\/a><br \/>Prof. Dr. Jenny Haase <a href=\"https:\/\/www.romanistik.uni-halle.de\/studienbereiche\/professurhaase\/\">&gt;<\/a><br \/>Michael Karrer<br \/>Vertretungsprof. Dr. Katharina Wieland <a href=\"https:\/\/www.romanistik.uni-halle.de\/studienbereiche\/romanistische_fachdidaktik\/katharina_wieland\/\">&gt;<\/a><\/p><p><strong>Institut f\u00fcr Germanistik: Literaturwissenschaft und Komparatistik<\/strong><br \/>Dr. Steffen Hendel <a href=\"https:\/\/www.germanistik.uni-halle.de\/neuere_literaturwissenschaft\/mitarbeiterinnen_und_mitarbeiter\/steffen_hendel\/\">&gt;<\/a><br \/>Jana Mende<\/p><p><strong>Institut f\u00fcr Anglistik und Amerikanistik<\/strong><br \/>PD Dr. Julia Nitz <a href=\"https:\/\/www.anglistik.uni-halle.de\/fachgebiete\/kulturwissenschaft\/professur\/personen\/julia_nitz\/\">&gt;<\/a><\/p><p><strong>Seminar f\u00fcr Slavistik<\/strong><br \/>Prof. Dr. Katrin Schlund <a href=\"https:\/\/www.slavistik.uni-halle.de\/mitarbeiterinnen\/52701\/\">&gt;<\/a><br \/>Prof. Dr. \u017deljana Tuni\u0107 <a href=\"https:\/\/www.slavistik.uni-halle.de\/mitarbeiterinnen\/52700_3422126\/\">&gt;<\/a><\/p><p><strong>Sprechwissenschaft und Phonetik<\/strong><br \/>Prof. Dr. Susanne Voigt-Zimmermann, Dekanin der Philosophischen Fakult\u00e4t II <a href=\"https:\/\/www.sprechwiss.uni-halle.de\/kontaktinformationen\/mitarbeiterinnen\/voigt-zimmermann\/\">&gt;<\/a><\/p><p><strong>Fachschaftsrat der Neuphilologien <\/strong><a href=\"https:\/\/fachschaft.philfak2.uni-halle.de\/fachschaftsrat1\/\"><strong>&gt;<\/strong><\/a><br \/>Lucy Marlow, IKEAS-Studentin, Mitglied des Fachschaftsrates<\/p><p><strong><em>Migration und Flucht. Theater als Verhandlungs- und Partizipationsraum im deutsch-franz\u00f6sischen Vergleich (1990 bis heute)<\/em>; Nachwuchsforscherinnengruppe unter Leitung: Prof. Dr. Natascha Ueckmann und Prof. Dr. Romana Weiershausen (Universit\u00e4t des Saarlandes) <\/strong><a href=\"https:\/\/www.uni-saarland.de\/einrichtung\/ceus\/forschung\/europaforschung-im-ueberblick\/migration-und-flucht.html\"><strong>&gt;<\/strong><\/a><br \/>Promovierende: Christiane Dietrich, Andrea Dassing und Lisa Lenhart<\/p><p><strong>Prorektorin f\u00fcr Forschung, Internationalisierung und Transfer<\/strong><br \/>Prof. Dr. Christine F\u00fcrst <a href=\"https:\/\/www.prorektoratfw.uni-halle.de\/\">&gt;<\/a><\/p><p><strong>DFG-Projekt der Univer\u00adsit\u00e4t Bremen und der MLU: <em>Transatlantische Ideenzirkulation und -transformation; <\/em>Leitung: Prof. Dr. Gisela Febel, Prof. Dr. Ralph Ludwig und Prof. Dr. Natascha Ueckmann <a href=\"http:\/\/www.lumieres-caribeennes.uni-bremen.de\/zeitleiste\/\">&gt;<\/a><\/strong><\/p><\/div>\n\t\t\t\t<\/div>\n\t\t\t\t<\/div>\n\t\t\t\t<div class=\"elementor-element elementor-element-6a09c00a elementor-widget elementor-widget-heading\" data-id=\"6a09c00a\" data-element_type=\"widget\" data-widget_type=\"heading.default\">\n\t\t\t\t<div class=\"elementor-widget-container\">\n\t\t\t<h2 class=\"elementor-heading-title elementor-size-default\">inter-\/nationale universit\u00e4re Kooperationen<\/h2>\t\t<\/div>\n\t\t\t\t<\/div>\n\t\t\t\t<div class=\"elementor-element elementor-element-21e54541 elementor-widget elementor-widget-text-editor\" data-id=\"21e54541\" data-element_type=\"widget\" data-widget_type=\"text-editor.default\">\n\t\t\t\t<div class=\"elementor-widget-container\">\n\t\t\t\t\t<div class=\"elementor-text-editor elementor-clearfix\"><p><strong>Selma Stern Zentrum f\u00fcr J\u00fcdische Studien Berlin-Brandenburg<\/strong> <a href=\"https:\/\/www.selma-stern-zentrum.de\/\"><strong>&gt;<\/strong><\/a><br \/>Prof. Dr. Micha Brumlik<\/p><p><strong>Universit\u00e9 de Lom\u00e9 (Togo), D\u00e9partement d\u2019allemand, Facult\u00e9 des Lettres, Langues et Arts <a href=\"https:\/\/univ-lome.tg\/universite\/organisation\/flla\">&gt;<\/a> und der Universit\u00e9 de Kara (Togo) <\/strong><a href=\"https:\/\/univ-kara.tg\/universite\/facultes-instituts\/flesh-faculte-des-lettres-et-sciences-humaines\/\"><strong>&gt;<\/strong><\/a><br \/>Prof. Dr. Gilbert Yigbe, Dekan der Philologischen Fakult\u00e4t,<br \/>Dr. Obikoli Assemboni,<br \/>Dr. Kokou Azamede,<br \/>Dr. Aqtime Gnoul\u00e9l\u00e9ng Edjabou,<br \/>Dr. Elias Massimlaw\u00e8<\/p><p><strong><em>Genre et Islam dans le monde digital francophon<\/em>; Erasmus+Projekt (Cooperation partnership in higher education) zum Thema RE-VISUALIZE, Br\u00fcssel, Amsterdam, Metz und Halle <a href=\"https:\/\/www.revisualize.eu\/\">&gt;<\/a><br \/><\/strong>Dr. Maryam Kolly und Dr. Malika Hamidi (Universit\u00e9 Saint-Louis, Bruxelles) <br \/>Prof. Dr. Sarah Bracke (Universi\u00adteit van Amsterdam),<br \/>Dr. Mohamed Sakho Jimbira (Universit\u00e9 de Lorraine, Metz), <br \/>Jun.-Prof. Dr. Dimitri Almeida und Prof. Dr. Natascha Ueckmann (Martin-Luther-Universit\u00e4t Halle-Wittenberg),<br \/>Plurivers\u2019elles<\/p><p><strong>Turkish German Univer\u00adsity, Faculty of Cultural- and Social Studies in Istanbul (T\u00fcrkei) <\/strong><a href=\"https:\/\/ksbf.tau.edu.tr\/en\"><strong>&gt;<\/strong><\/a><br \/>Ass. Prof. Dr. Detlev Quintern<\/p><\/div>\n\t\t\t\t<\/div>\n\t\t\t\t<\/div>\n\t\t\t\t<div class=\"elementor-element elementor-element-73c3d2a8 elementor-widget elementor-widget-heading\" data-id=\"73c3d2a8\" data-element_type=\"widget\" data-widget_type=\"heading.default\">\n\t\t\t\t<div class=\"elementor-widget-container\">\n\t\t\t<h2 class=\"elementor-heading-title elementor-size-default\">Institutionen<\/h2>\t\t<\/div>\n\t\t\t\t<\/div>\n\t\t\t\t<div class=\"elementor-element elementor-element-69a37d5b elementor-widget elementor-widget-text-editor\" data-id=\"69a37d5b\" data-element_type=\"widget\" data-widget_type=\"text-editor.default\">\n\t\t\t\t<div class=\"elementor-widget-container\">\n\t\t\t\t\t<div class=\"elementor-text-editor elementor-clearfix\"><p><strong>Plurivers\u2019elles. Etudes &amp; Formation, Br\u00fcssel <a href=\"https:\/\/www.pluriverselles.com\/\">&gt;<\/a><\/strong><\/p><p><strong>Binationales Projekt \u201eM\u00e9moires crois\u00e9es\u201c<\/strong> <a href=\"https:\/\/memoirescroisees.eu\/de\/\">&gt;<\/a><\/p><p><strong>Zentralrat der Muslime (ZMD) in Deutschland e.V.<\/strong> <a href=\"https:\/\/zentralrat.de\/\">&gt;<\/a><\/p><p><strong>Deutsches Zentrum Kulturgutverluste, Magdeburg <a href=\"https:\/\/www.kulturgutverluste.de\/Webs\/DE\/Start\/Index.html\">&gt;<\/a><\/strong><\/p><p><strong>Literaturhaus Halle e.V. <a href=\"https:\/\/literaturhaus-halle.de\">&gt;<\/a><br \/><\/strong><\/p><p><strong>Radio CORAX e.V. <a href=\"https:\/\/radiocorax.de\/\">&gt;<\/a><\/strong><\/p><p><strong>Puschkino <\/strong><a href=\"https:\/\/puschkino.de\/\">&gt;<\/a><strong><br \/><\/strong><\/p><p><strong>Stadtbibliothek Halle<\/strong> <a href=\"https:\/\/www.stadtbibliothek-halle.de\/stadtbibliothek\/startseite\/\">&gt;<\/a><\/p><p><strong>kohsie | Diversity Buchhandlung <a href=\"https:\/\/kohsie.de\/\">&gt;<\/a><\/strong><\/p><p><strong>SPD-Stadtverband Halle\/S.<br \/><\/strong>Dr. Karamba Diaby <a href=\"https:\/\/www.karamba-diaby.de\/\">&gt;<\/a><\/p><\/div>\n\t\t\t\t<\/div>\n\t\t\t\t<\/div>\n\t\t\t\t<div class=\"elementor-element elementor-element-b971b04 elementor-widget elementor-widget-heading\" data-id=\"b971b04\" data-element_type=\"widget\" data-widget_type=\"heading.default\">\n\t\t\t\t<div class=\"elementor-widget-container\">\n\t\t\t<h2 class=\"elementor-heading-title elementor-size-default\">Vereine und Initiativen<\/h2>\t\t<\/div>\n\t\t\t\t<\/div>\n\t\t\t\t<div class=\"elementor-element elementor-element-2112559e elementor-widget elementor-widget-text-editor\" data-id=\"2112559e\" data-element_type=\"widget\" data-widget_type=\"text-editor.default\">\n\t\t\t\t<div class=\"elementor-widget-container\">\n\t\t\t\t\t<div class=\"elementor-text-editor elementor-clearfix\"><p><strong>Halle postkolonial <a href=\"https:\/\/hallepostkolonial.noblogs.org\/\">&gt;<\/a><br \/><\/strong><\/p><p><strong>Aktionsb\u00fcndnis Anton Wilhelm Amo<\/strong><\/p><\/div>\n\t\t\t\t<\/div>\n\t\t\t\t<\/div>\n\t\t\t\t\t<\/div>\n\t\t<\/div>\n\t\t\t\t<div class=\"elementor-column elementor-col-50 elementor-top-column elementor-element elementor-element-51e9a8af\" data-id=\"51e9a8af\" data-element_type=\"column\">\n\t\t\t<div class=\"elementor-widget-wrap elementor-element-populated\">\n\t\t\t\t\t\t\t\t<div class=\"elementor-element elementor-element-69e03ad elementor-widget elementor-widget-image\" data-id=\"69e03ad\" data-element_type=\"widget\" data-widget_type=\"image.default\">\n\t\t\t\t<div class=\"elementor-widget-container\">\n\t\t\t\t\t<div class=\"elementor-image\">\n\t\t\t\t\t\t\t\t\t\t<img src=\"https:\/\/blogs.urz.uni-halle.de\/erinnerunginkomplexitaet\/files\/elementor\/thumbs\/Logo_Bild-1-q69fe7cg7b4cg3x8u0ydssv4hbu3thf5au0dq3vbbg.jpg\" title=\"Logo_Bild-1\" alt=\"Logo_Bild-1\" \/>\t\t\t\t\t\t\t\t\t\t\t<\/div>\n\t\t\t\t<\/div>\n\t\t\t\t<\/div>\n\t\t\t\t<div class=\"elementor-element elementor-element-07be70e elementor-widget-divider--view-line elementor-widget elementor-widget-divider\" data-id=\"07be70e\" data-element_type=\"widget\" data-widget_type=\"divider.default\">\n\t\t\t\t<div class=\"elementor-widget-container\">\n\t\t\t\t\t<div class=\"elementor-divider\">\n\t\t\t<span class=\"elementor-divider-separator\">\n\t\t\t\t\t\t<\/span>\n\t\t<\/div>\n\t\t\t\t<\/div>\n\t\t\t\t<\/div>\n\t\t\t\t<div class=\"elementor-element elementor-element-1af17cf elementor-widget elementor-widget-image\" data-id=\"1af17cf\" data-element_type=\"widget\" data-widget_type=\"image.default\">\n\t\t\t\t<div class=\"elementor-widget-container\">\n\t\t\t\t\t<div class=\"elementor-image\">\n\t\t\t\t\t\t\t\t\t\t<img src=\"https:\/\/blogs.urz.uni-halle.de\/erinnerunginkomplexitaet\/files\/2023\/05\/Siegel-links-schwarz-mit-Text.jpg\" title=\"Siegel links schwarz mit Text\" alt=\"Siegel links schwarz mit Text\" \/>\t\t\t\t\t\t\t\t\t\t\t<\/div>\n\t\t\t\t<\/div>\n\t\t\t\t<\/div>\n\t\t\t\t<div class=\"elementor-element elementor-element-cbba30a elementor-widget-divider--view-line elementor-widget elementor-widget-divider\" data-id=\"cbba30a\" data-element_type=\"widget\" data-widget_type=\"divider.default\">\n\t\t\t\t<div class=\"elementor-widget-container\">\n\t\t\t\t\t<div class=\"elementor-divider\">\n\t\t\t<span class=\"elementor-divider-separator\">\n\t\t\t\t\t\t<\/span>\n\t\t<\/div>\n\t\t\t\t<\/div>\n\t\t\t\t<\/div>\n\t\t\t\t<div class=\"elementor-element elementor-element-487f908 elementor-widget elementor-widget-gallery\" data-id=\"487f908\" data-element_type=\"widget\" data-settings=\"{&quot;gallery_layout&quot;:&quot;justified&quot;,&quot;ideal_row_height&quot;:{&quot;unit&quot;:&quot;px&quot;,&quot;size&quot;:&quot;70&quot;,&quot;sizes&quot;:[]},&quot;gap&quot;:{&quot;unit&quot;:&quot;px&quot;,&quot;size&quot;:&quot;20&quot;,&quot;sizes&quot;:[]},&quot;ideal_row_height_tablet&quot;:{&quot;unit&quot;:&quot;px&quot;,&quot;size&quot;:150,&quot;sizes&quot;:[]},&quot;ideal_row_height_mobile&quot;:{&quot;unit&quot;:&quot;px&quot;,&quot;size&quot;:150,&quot;sizes&quot;:[]},&quot;gap_tablet&quot;:{&quot;unit&quot;:&quot;px&quot;,&quot;size&quot;:10,&quot;sizes&quot;:[]},&quot;gap_mobile&quot;:{&quot;unit&quot;:&quot;px&quot;,&quot;size&quot;:10,&quot;sizes&quot;:[]}}\" data-widget_type=\"gallery.default\">\n\t\t\t\t<div class=\"elementor-widget-container\">\n\t\t\t\t\t<div class=\"elementor-gallery__container\">\n\t\t\t\t\t\t\t<div class=\"e-gallery-item elementor-gallery-item\">\n\t\t\t\t\t<div class=\"e-gallery-image elementor-gallery-item__image\" data-thumbnail=\"https:\/\/blogs.urz.uni-halle.de\/erinnerunginkomplexitaet\/files\/2023\/05\/Logo-JUDAISTIK.png\" data-width=\"1031\" data-height=\"916\" alt=\"\" ><\/div>\n\t\t\t\t\t\t\t\t\t\t\t\t\t\t<\/div>\n\t\t\t\t\t\t\t<div class=\"e-gallery-item elementor-gallery-item\">\n\t\t\t\t\t<div class=\"e-gallery-image elementor-gallery-item__image\" data-thumbnail=\"https:\/\/blogs.urz.uni-halle.de\/erinnerunginkomplexitaet\/files\/2023\/05\/IZP_text_schwarz.jpg\" data-width=\"1099\" data-height=\"816\" alt=\"\" ><\/div>\n\t\t\t\t\t\t\t\t\t\t\t\t\t\t<\/div>\n\t\t\t\t\t\t\t<div class=\"e-gallery-item elementor-gallery-item\">\n\t\t\t\t\t<div class=\"e-gallery-image elementor-gallery-item__image\" data-thumbnail=\"https:\/\/blogs.urz.uni-halle.de\/erinnerunginkomplexitaet\/files\/2023\/05\/LOGO-COULEUR-TRANSP_0.png\" data-width=\"1000\" data-height=\"473\" alt=\"\" ><\/div>\n\t\t\t\t\t\t\t\t\t\t\t\t\t\t<\/div>\n\t\t\t\t\t\t\t<div class=\"e-gallery-item elementor-gallery-item\">\n\t\t\t\t\t<div class=\"e-gallery-image elementor-gallery-item__image\" data-thumbnail=\"https:\/\/blogs.urz.uni-halle.de\/erinnerunginkomplexitaet\/files\/2023\/05\/Uni-Kara_bunt.jpg\" data-width=\"1008\" data-height=\"313\" alt=\"\" ><\/div>\n\t\t\t\t\t\t\t\t\t\t\t\t\t\t<\/div>\n\t\t\t\t\t\t\t<div class=\"e-gallery-item elementor-gallery-item\">\n\t\t\t\t\t<div class=\"e-gallery-image elementor-gallery-item__image\" data-thumbnail=\"https:\/\/blogs.urz.uni-halle.de\/erinnerunginkomplexitaet\/files\/2023\/05\/Logo-DZK.pngjsessionid060F6CA366D91382A51C56D9ED193633.png\" data-width=\"250\" data-height=\"82\" alt=\"\" ><\/div>\n\t\t\t\t\t\t\t\t\t\t\t\t\t\t<\/div>\n\t\t\t\t\t\t\t<div class=\"e-gallery-item elementor-gallery-item\">\n\t\t\t\t\t<div class=\"e-gallery-image elementor-gallery-item__image\" data-thumbnail=\"https:\/\/blogs.urz.uni-halle.de\/erinnerunginkomplexitaet\/files\/2023\/05\/Logo-selma-stern-zentrum-logo.png\" data-width=\"500\" data-height=\"166\" alt=\"\" ><\/div>\n\t\t\t\t\t\t\t\t\t\t\t\t\t\t<\/div>\n\t\t\t\t\t\t\t<div class=\"e-gallery-item elementor-gallery-item\">\n\t\t\t\t\t<div class=\"e-gallery-image elementor-gallery-item__image\" data-thumbnail=\"https:\/\/blogs.urz.uni-halle.de\/erinnerunginkomplexitaet\/files\/2023\/05\/logo-CORAX.png\" data-width=\"200\" data-height=\"138\" alt=\"\" ><\/div>\n\t\t\t\t\t\t\t\t\t\t\t\t\t\t<\/div>\n\t\t\t\t\t\t\t<div class=\"e-gallery-item elementor-gallery-item\">\n\t\t\t\t\t<div class=\"e-gallery-image elementor-gallery-item__image\" data-thumbnail=\"https:\/\/blogs.urz.uni-halle.de\/erinnerunginkomplexitaet\/files\/2023\/05\/logo-LHH.png\" data-width=\"1024\" data-height=\"494\" alt=\"\" ><\/div>\n\t\t\t\t\t\t\t\t\t\t\t\t\t\t<\/div>\n\t\t\t\t\t<\/div>\n\t\t\t<\/div>\n\t\t\t\t<\/div>\n\t\t\t\t\t<\/div>\n\t\t<\/div>\n\t\t\t\t\t\t\t<\/div>\n\t\t<\/section>\n\t\t\t\t\t\t<\/div>\n\t\t\t\t\t<\/div>\n\t\t","protected":false},"excerpt":{"rendered":"<p>Mitwirkende Martin-Luther-Universit\u00e4t Halle-Wittenberg Seminar f\u00fcr Judaistik\/J\u00fcdische StudienProf. Dr. Ottfried Fraisse &gt;Dr. Anton Hieke &gt; Interdisziplin\u00e4res Zentrum f\u00fcr PietismusforschungDr. Thomas Ruhland &gt; Institut f\u00fcr Romanistik: Kulturwissenschaft, Frankreich\/Frankophonie, Spanien\/Lateinamerika, FremdsprachendidaktikProf. Dr. Natascha Ueckmann &gt;Prof. Dr. Jenny Haase &gt;Michael KarrerVertretungsprof. Dr. Katharina Wieland &gt; Institut f\u00fcr Germanistik: Literaturwissenschaft und KomparatistikDr. Steffen Hendel &gt;Jana Mende Institut f\u00fcr Anglistik und [&hellip;]<\/p>\n","protected":false},"author":3867,"featured_media":0,"parent":0,"menu_order":0,"comment_status":"closed","ping_status":"closed","template":"","meta":[],"_links":{"self":[{"href":"https:\/\/blogs.urz.uni-halle.de\/erinnerunginkomplexitaet\/wp-json\/wp\/v2\/pages\/12"}],"collection":[{"href":"https:\/\/blogs.urz.uni-halle.de\/erinnerunginkomplexitaet\/wp-json\/wp\/v2\/pages"}],"about":[{"href":"https:\/\/blogs.urz.uni-halle.de\/erinnerunginkomplexitaet\/wp-json\/wp\/v2\/types\/page"}],"author":[{"embeddable":true,"href":"https:\/\/blogs.urz.uni-halle.de\/erinnerunginkomplexitaet\/wp-json\/wp\/v2\/users\/3867"}],"replies":[{"embeddable":true,"href":"https:\/\/blogs.urz.uni-halle.de\/erinnerunginkomplexitaet\/wp-json\/wp\/v2\/comments?post=12"}],"version-history":[{"count":10,"href":"https:\/\/blogs.urz.uni-halle.de\/erinnerunginkomplexitaet\/wp-json\/wp\/v2\/pages\/12\/revisions"}],"predecessor-version":[{"id":1198,"href":"https:\/\/blogs.urz.uni-halle.de\/erinnerunginkomplexitaet\/wp-json\/wp\/v2\/pages\/12\/revisions\/1198"}],"wp:attachment":[{"href":"https:\/\/blogs.urz.uni-halle.de\/erinnerunginkomplexitaet\/wp-json\/wp\/v2\/media?parent=12"}],"curies":[{"name":"wp","href":"https:\/\/api.w.org\/{rel}","templated":true}]}}