{"id":878,"date":"2023-07-04T10:57:52","date_gmt":"2023-07-04T08:57:52","guid":{"rendered":"https:\/\/blogs.urz.uni-halle.de\/erinnerunginkomplexitaet\/?page_id=878"},"modified":"2025-10-22T11:52:53","modified_gmt":"2025-10-22T09:52:53","slug":"mediales","status":"publish","type":"page","link":"https:\/\/blogs.urz.uni-halle.de\/erinnerunginkomplexitaet\/mediales\/","title":{"rendered":"Mediales"},"content":{"rendered":"\t\t<div data-elementor-type=\"wp-page\" data-elementor-id=\"878\" class=\"elementor elementor-878\" data-elementor-settings=\"[]\">\n\t\t\t\t\t\t\t<div class=\"elementor-section-wrap\">\n\t\t\t\t\t\t\t<section class=\"elementor-section elementor-top-section elementor-element elementor-element-fd42e79 elementor-section-boxed elementor-section-height-default elementor-section-height-default\" data-id=\"fd42e79\" data-element_type=\"section\">\n\t\t\t\t\t\t<div class=\"elementor-container elementor-column-gap-default\">\n\t\t\t\t\t<div class=\"elementor-column elementor-col-100 elementor-top-column elementor-element elementor-element-252f5dc\" data-id=\"252f5dc\" data-element_type=\"column\">\n\t\t\t<div class=\"elementor-widget-wrap elementor-element-populated\">\n\t\t\t\t\t\t\t\t<div class=\"elementor-element elementor-element-068c5d2 elementor-widget elementor-widget-heading\" data-id=\"068c5d2\" data-element_type=\"widget\" data-widget_type=\"heading.default\">\n\t\t\t\t<div class=\"elementor-widget-container\">\n\t\t\t<h2 class=\"elementor-heading-title elementor-size-default\">Mediales \u00fcber und aus \u201eErinnerung in Komplexit\u00e4t\u201c in Presse, Internet und Radio<\/h2>\t\t<\/div>\n\t\t\t\t<\/div>\n\t\t\t\t\t<\/div>\n\t\t<\/div>\n\t\t\t\t\t\t\t<\/div>\n\t\t<\/section>\n\t\t\t\t<section class=\"elementor-section elementor-top-section elementor-element elementor-element-5d3e55e elementor-section-boxed elementor-section-height-default elementor-section-height-default\" data-id=\"5d3e55e\" data-element_type=\"section\">\n\t\t\t\t\t\t<div class=\"elementor-container elementor-column-gap-default\">\n\t\t\t\t\t<div class=\"elementor-column elementor-col-50 elementor-top-column elementor-element elementor-element-f6533c5\" data-id=\"f6533c5\" data-element_type=\"column\">\n\t\t\t<div class=\"elementor-widget-wrap elementor-element-populated\">\n\t\t\t\t\t\t\t\t<div class=\"elementor-element elementor-element-a45699e elementor-widget elementor-widget-text-editor\" data-id=\"a45699e\" data-element_type=\"widget\" data-widget_type=\"text-editor.default\">\n\t\t\t\t<div class=\"elementor-widget-container\">\n\t\t\t\t\t<div class=\"elementor-text-editor elementor-clearfix\"><p>13.10.2026 &#8211; Die Universit\u00e4tszeitung <em>CAMPUS HALENSIS<\/em> interwiewt Natascha Ueckmann und Steffen Hendel zur deutsch-togoischen Universit\u00e4tskooperation. Anlass war die Summer School <em>Wissenszirkulationen und Erinnerungspraxen zwischen Afrika und Europa<\/em> mit Kolleg:innen, Promovierenden, Studierenden sowie G\u00e4sten aus Togo und Deutschland:<a href=\"https:\/\/www.campus-halensis.de\/artikel\/erinnerungspraxen\/\"> \u201eAfrika wird oft als Kontinent betrachtet, der in keinem Zusammenhang mit Europa steht\u201c<\/a><\/p>\n<p>25.04.2024 &#8211; Radio CORAX interviewt Dr. Aqtime Gnoul\u00e9l\u00e9ng Edjabou zu seiner Arbeit musealer Provenienz und Restitution sowie zur Filmreihe, die im Rahmen von &#8222;Erinnerung in Komplexit\u00e4t&#8220; und in Zusammenarbeit mit dem Kunstmuseum Moritzburg und dem Puschkino verschiedene Filme das museale post-koloniale Erbe Afrikas thematisiert: &#8222;<a href=\"https:\/\/radiocorax.de\/europaeische-museen-und-ihr-koloniales-erbe-ueberheblichkeit-als-massstab-der-restitution\/\">Europ\u00e4ische Museen und ihr koloniales Erbe \u2013 \u00dcberheblichkeit als Ma\u00dfstab der Restitution<\/a>?&#8220;<\/p>\n<p>23.04.2023 &#8211; Der Saalekreis berichtet von unserem Kollegen Dr. Aqtime Gnoul\u00e9l\u00e9ng Edjabou, der in Fragen musealer Provenienz dem Museum Burg Querfurt beratend zur Seite stand und steht:<a href=\"https:\/\/www.saalekreis.de\/de\/aktuelles-publikationen\/von-togo-nach-querfurt-wissenschaftler-aus-kara-zu-besuch-im-museum-burg-querfurt.html\" target=\"_blank\" rel=\"noopener\"> &#8222;Von Togo nach Querfurt \u2013 Wissenschaftler aus Kara zu Besuch im Museum Burg Querfurt&#8220;<\/a>.<\/p>\n<p>09.03.2024 &#8211; Charlotte Wiedemann schreibt in der Schlagloch-Kolumne der <a href=\"https:\/\/taz.de\/Holocaust-und-Kolonialismus\/!5993655\/\">taz<\/a> \u00fcber Gedanken und Eindr\u00fccke von ihrem Besuch Togos und angesichts der Vortr\u00e4ge und Diskussionen auf der Tagung unserer togoischen Kolleg:innen \u201ePolitische Macht, kollektives Ged\u00e4chtnis und Erinnerungskulturen in der nachkolonialen Zeit\u201c: <a href=\"https:\/\/taz.de\/Holocaust-und-Kolonialismus\/!5993655\/\">&#8222;Die Mythen der Anderen&#8220;<\/a>.<\/p>\n<p>28.02.2024 &#8211; Der<a href=\"https:\/\/campus-halensis.de\/artikel\/togo\/\"> Newsletter der Martin-Luther-Universit\u00e4t<\/a> berichtet \u00fcber den Besuch der Universit\u00e4t Lom\u00e9 (Togo) von halleschen Kolleg:innen anl\u00e4sslich der Tagung \u201ePolitische Macht, kollektives Ged\u00e4chtnis und Erinnerungskulturen in der nachkolonialen Zeit\u201c unserer Kooperationspartner Prof. Dr. Gilbert Yigbe und Dr. Obikoli Assemboni. Ausgangspunkt war &#8222;Den Schmerz der Anderen begreifen&#8220;, dessen Autorin Charlotte Wiedemann ebenso zu Gast war und den Er\u00f6ffnungsvortrag hielt.<\/p>\n<p>17.12.2023 &#8211; Unter Leitung von PD Dr. Julia Nitz und Esther Wetzel fand im Juni 2023 das Seminar &#8222;Transatlantic Slavery in British Museums&#8220; und eine damit verbundene Studierendenexkursion nach England statt. Die Exkursion befasste sich mit Repr\u00e4sentationen von Englands historischer Rolle im Sklaven-Dreieckshandel u.a. in dem Museum<br>of London Docklands und dem Albert and Victoria Museum. Sie wurde mit Geldern des Projektes &#8222;Erinnerung in Komplexit\u00e4t&#8220; unterst\u00fctzt. Clara Richter produzierte als Abschluss ein Video mit Impressionen der Reise; zur Lehrveranstaltung und dem Video <a href=\"https:\/\/blogs.urz.uni-halle.de\/erinnerunginkomplexitaet\/events\/exkursion-transatlantic-slavery-in-british-museums\/\">hier&gt;<\/a><\/p>\n<p>12.12.2023 &#8211; Die Mitteldeutsche Zeitung f\u00fchrte anl\u00e4sslich der Ringvorlesung ein Interview mit unserem Gast Raj Kollmorgen. &#8222;&#8218;Der Osten sollte selbstbewusster sein&#8216;. Wie steht es um die Deutsche Einheit? [\u2026]&#8220; ist am 12.12.2024 ver\u00f6ffentlicht worden; <a href=\"https:\/\/www.mz.de\/mitteldeutschland\/sachsen-anhalt\/der-osten-sollte-deutlich-selbstbewusster-sein-experte-raj-kollmorgen-uber-die-deutsche-einheit-3747678\">zum Artikel hier&gt;<\/a>. Die Vorlesung&nbsp;<a href=\"http:\/\/Vereinigung - Schuld - Erinnerung. Vermessungen eines deutschen Konfliktfeldes\">&#8222;Vereinigung &#8211; Schuld &#8211; Erinnerung. Vermessungen eines deutschen Konfliktfeldes&#8220;<\/a> findet am 19.12.2023 statt.<\/p>\n<p>28.11.2023 &#8211; Die erste Veranstaltung unserer Ringvorlesung <em>Weltged\u00e4chtnis und Solidarit\u00e4t<\/em> vom 7.11.2023 ist nun mit einem Gru\u00dfwort von Dr. Karamba Diaby, SPD-Bundestagsabgeordneten und Alumnus der MLU, und dem Vortrag von Charlotte Wiedemann <em>Erinnern ohne Gel\u00e4nder. Die neue Un\u00fcbersichtlichkeit kartieren<\/em> online auf dem YouTube-Kanal der MLU nachzusehen und nachzuh\u00f6ren; <a href=\"https:\/\/youtu.be\/1KhLgdWS6Qg\">hier&gt;<\/a><\/p>\n<p>08.11.2023 &#8211; Artikel <em>\u201eErinnern ohne Gel\u00e4nder\u201c: \u00dcber Ambivalenzen und Un\u00fcbersichtlichkeit in der Erinnerung<\/em>&nbsp;in der Campus Halensis \u00fcber den Auftakt der Ringvorlesung Weltged\u00e4chtnis und Solidarit\u00e4t&nbsp;am 7. November 2023, <a href=\"https:\/\/www.campus-halensis.de\/artikel\/charlotte-wiedemann\/\">hier &gt;<\/a><\/p>\n<p>19.07.2023 &#8211; Artikel <em>Eine Uni \u2013 ein Buch: Feier in Berlin \u2013 Weitere Veranstaltungen in Halle im Wintersemester <\/em>in der <em>Campus Halensis<\/em> zur feierlichen \u00dcbergabe der Urkunde der Tschira-Stiftung am 3. Juli an die MLU Halle in Berlin sowie zur Ringvorlesung im WS 2023\/24 <a href=\"https:\/\/campus-halensis.de\/artikel\/eine-uni-ein-buch-feier-in-berlin-weitere-veranstaltungen-in-halle-im-wintersemester\/?cok\">hier &gt;<\/a><\/p>\n<p>26.06.2023 &#8211; Radio-Interview mit Dr. Kokou Azamede \u00fcber Kolonialismus und Restitution unter dem Titel &#8222;Wir sind am Anfang einer Debatte&#8220;, Radio CORAX <a href=\"https:\/\/www.freie-radios.net\/122794\">hier &gt;<\/a><\/p>\n<p>15.06. 2023 &#8211; Radio-Interview mit Charlotte Wiedemann \u00fcber ihr Buch, insbesondere \u00fcber Erinnerungskultur und Kolonialismus, Radio CORAX <a href=\"https:\/\/www.freie-radios.net\/122654\">hier &gt;<\/a><\/p>\n<p>15.06.2023 &#8211; Artikel <em>Eine Uni \u2013 ein Buch: \u201eErinnern als ethische Ressource\u201c<\/em> \u00fcber die Auftaktveranstaltung mit Charlotte Wiedemann und Dr. Kokou Azamede, Campus Halensis <a href=\"https:\/\/www.campus-halensis.de\/artikel\/eine-uni-ein-buch-erinnern-als-ethische-ressource\/\">hier &gt;<\/a><\/p>\n<p>02.06.2023 &#8211; Artikel <em>Eine Uni \u2013 ein Buch: Impulse f\u00fcr ein neues Verst\u00e4ndnis von Geschichte<\/em> \u00fcber Hintergr\u00fcnde und Ideen f\u00fcr das Programm mit den Initiator:innen Natascha Ueckmann und Steffen Hendel, Campus Halensis <a href=\"https:\/\/www.campus-halensis.de\/artikel\/eine-uni-ein-buch-impulse-fur-ein-neues-verstandnis-von-geschichte\/\">hier &gt;<\/a><\/p><\/div>\n\t\t\t\t<\/div>\n\t\t\t\t<\/div>\n\t\t\t\t\t<\/div>\n\t\t<\/div>\n\t\t\t\t<div class=\"elementor-column elementor-col-50 elementor-top-column elementor-element elementor-element-95c34cd\" data-id=\"95c34cd\" data-element_type=\"column\">\n\t\t\t<div class=\"elementor-widget-wrap elementor-element-populated\">\n\t\t\t\t\t\t\t\t<div class=\"elementor-element elementor-element-6cfecc2 elementor-widget elementor-widget-image\" data-id=\"6cfecc2\" data-element_type=\"widget\" data-widget_type=\"image.default\">\n\t\t\t\t<div class=\"elementor-widget-container\">\n\t\t\t\t\t<div class=\"elementor-image\">\n\t\t\t\t\t\t\t<figure class=\"wp-caption\">\n\t\t\t\t\t\t\t\t\t\t<img width=\"923\" height=\"947\" src=\"https:\/\/blogs.urz.uni-halle.de\/erinnerunginkomplexitaet\/files\/2025\/10\/2025-10-13-Campus-halensis.jpg\" class=\"attachment-full size-full\" alt=\"\" loading=\"lazy\" srcset=\"https:\/\/blogs.urz.uni-halle.de\/erinnerunginkomplexitaet\/files\/2025\/10\/2025-10-13-Campus-halensis.jpg 923w, https:\/\/blogs.urz.uni-halle.de\/erinnerunginkomplexitaet\/files\/2025\/10\/2025-10-13-Campus-halensis-292x300.jpg 292w, https:\/\/blogs.urz.uni-halle.de\/erinnerunginkomplexitaet\/files\/2025\/10\/2025-10-13-Campus-halensis-768x788.jpg 768w\" sizes=\"(max-width: 923px) 100vw, 923px\" \/>\t\t\t\t\t\t\t\t\t\t\t<figcaption class=\"widget-image-caption wp-caption-text\">Campus Halensis (Foto: privat)<\/figcaption>\n\t\t\t\t\t\t\t\t\t\t<\/figure>\n\t\t\t\t\t<\/div>\n\t\t\t\t<\/div>\n\t\t\t\t<\/div>\n\t\t\t\t<div class=\"elementor-element elementor-element-8c9cb7b elementor-widget elementor-widget-image\" data-id=\"8c9cb7b\" data-element_type=\"widget\" data-widget_type=\"image.default\">\n\t\t\t\t<div class=\"elementor-widget-container\">\n\t\t\t\t\t<div class=\"elementor-image\">\n\t\t\t\t\t\t\t<figure class=\"wp-caption\">\n\t\t\t\t\t\t\t\t\t\t<img width=\"818\" height=\"861\" src=\"https:\/\/blogs.urz.uni-halle.de\/erinnerunginkomplexitaet\/files\/2024\/03\/Newsletter-TOGO-2024-02-27.jpg\" class=\"attachment-full size-full\" alt=\"\" loading=\"lazy\" srcset=\"https:\/\/blogs.urz.uni-halle.de\/erinnerunginkomplexitaet\/files\/2024\/03\/Newsletter-TOGO-2024-02-27.jpg 818w, https:\/\/blogs.urz.uni-halle.de\/erinnerunginkomplexitaet\/files\/2024\/03\/Newsletter-TOGO-2024-02-27-285x300.jpg 285w, https:\/\/blogs.urz.uni-halle.de\/erinnerunginkomplexitaet\/files\/2024\/03\/Newsletter-TOGO-2024-02-27-768x808.jpg 768w\" sizes=\"(max-width: 818px) 100vw, 818px\" \/>\t\t\t\t\t\t\t\t\t\t\t<figcaption class=\"widget-image-caption wp-caption-text\">Campus Halensis (Foto: Martin Edjabou)<\/figcaption>\n\t\t\t\t\t\t\t\t\t\t<\/figure>\n\t\t\t\t\t<\/div>\n\t\t\t\t<\/div>\n\t\t\t\t<\/div>\n\t\t\t\t<div class=\"elementor-element elementor-element-08ee11d elementor-widget elementor-widget-image\" data-id=\"08ee11d\" data-element_type=\"widget\" data-widget_type=\"image.default\">\n\t\t\t\t<div class=\"elementor-widget-container\">\n\t\t\t\t\t<div class=\"elementor-image\">\n\t\t\t\t\t\t\t<figure class=\"wp-caption\">\n\t\t\t\t\t\t\t\t\t\t<img width=\"1014\" height=\"776\" src=\"https:\/\/blogs.urz.uni-halle.de\/erinnerunginkomplexitaet\/files\/2023\/11\/2023-11-07-Wiedemann2_Markus-Scholz.png\" class=\"attachment-full size-full\" alt=\"\" loading=\"lazy\" srcset=\"https:\/\/blogs.urz.uni-halle.de\/erinnerunginkomplexitaet\/files\/2023\/11\/2023-11-07-Wiedemann2_Markus-Scholz.png 1014w, https:\/\/blogs.urz.uni-halle.de\/erinnerunginkomplexitaet\/files\/2023\/11\/2023-11-07-Wiedemann2_Markus-Scholz-300x230.png 300w, https:\/\/blogs.urz.uni-halle.de\/erinnerunginkomplexitaet\/files\/2023\/11\/2023-11-07-Wiedemann2_Markus-Scholz-768x588.png 768w\" sizes=\"(max-width: 1014px) 100vw, 1014px\" \/>\t\t\t\t\t\t\t\t\t\t\t<figcaption class=\"widget-image-caption wp-caption-text\">Charlotte Wiedemann er\u00f6ffnet die Ringvorlesung 07.11.2023 (Foto: Uni Halle\/Markus Scholz)<\/figcaption>\n\t\t\t\t\t\t\t\t\t\t<\/figure>\n\t\t\t\t\t<\/div>\n\t\t\t\t<\/div>\n\t\t\t\t<\/div>\n\t\t\t\t<div class=\"elementor-element elementor-element-13118f5 elementor-widget elementor-widget-image\" data-id=\"13118f5\" data-element_type=\"widget\" data-widget_type=\"image.default\">\n\t\t\t\t<div class=\"elementor-widget-container\">\n\t\t\t\t\t<div class=\"elementor-image\">\n\t\t\t\t\t\t\t<figure class=\"wp-caption\">\n\t\t\t\t\t\t\t\t\t\t<img width=\"591\" height=\"314\" src=\"https:\/\/blogs.urz.uni-halle.de\/erinnerunginkomplexitaet\/files\/2024\/05\/2024-05-03-HKW-Gruppenbild_2.jpg\" class=\"attachment-full size-full\" alt=\"\" loading=\"lazy\" srcset=\"https:\/\/blogs.urz.uni-halle.de\/erinnerunginkomplexitaet\/files\/2024\/05\/2024-05-03-HKW-Gruppenbild_2.jpg 591w, https:\/\/blogs.urz.uni-halle.de\/erinnerunginkomplexitaet\/files\/2024\/05\/2024-05-03-HKW-Gruppenbild_2-300x159.jpg 300w\" sizes=\"(max-width: 591px) 100vw, 591px\" \/>\t\t\t\t\t\t\t\t\t\t\t<figcaption class=\"widget-image-caption wp-caption-text\">Exkursion ins HKW zu \"Echos der Bruderl\u00e4nder\" (Foto: Uni Halle)<\/figcaption>\n\t\t\t\t\t\t\t\t\t\t<\/figure>\n\t\t\t\t\t<\/div>\n\t\t\t\t<\/div>\n\t\t\t\t<\/div>\n\t\t\t\t<div class=\"elementor-element elementor-element-cdd3a19 elementor-widget elementor-widget-image\" data-id=\"cdd3a19\" data-element_type=\"widget\" data-widget_type=\"image.default\">\n\t\t\t\t<div class=\"elementor-widget-container\">\n\t\t\t\t\t<div class=\"elementor-image\">\n\t\t\t\t\t\t\t<figure class=\"wp-caption\">\n\t\t\t\t\t\t\t\t\t\t<img width=\"1181\" height=\"1184\" src=\"https:\/\/blogs.urz.uni-halle.de\/erinnerunginkomplexitaet\/files\/2023\/05\/2023-06-16-Campus-Halensis_klein.jpg\" class=\"attachment-full size-full\" alt=\"\" loading=\"lazy\" srcset=\"https:\/\/blogs.urz.uni-halle.de\/erinnerunginkomplexitaet\/files\/2023\/05\/2023-06-16-Campus-Halensis_klein.jpg 1181w, https:\/\/blogs.urz.uni-halle.de\/erinnerunginkomplexitaet\/files\/2023\/05\/2023-06-16-Campus-Halensis_klein-300x300.jpg 300w, https:\/\/blogs.urz.uni-halle.de\/erinnerunginkomplexitaet\/files\/2023\/05\/2023-06-16-Campus-Halensis_klein-1021x1024.jpg 1021w, https:\/\/blogs.urz.uni-halle.de\/erinnerunginkomplexitaet\/files\/2023\/05\/2023-06-16-Campus-Halensis_klein-150x150.jpg 150w, https:\/\/blogs.urz.uni-halle.de\/erinnerunginkomplexitaet\/files\/2023\/05\/2023-06-16-Campus-Halensis_klein-768x770.jpg 768w, https:\/\/blogs.urz.uni-halle.de\/erinnerunginkomplexitaet\/files\/2023\/05\/2023-06-16-Campus-Halensis_klein-510x510.jpg 510w\" sizes=\"(max-width: 1181px) 100vw, 1181px\" \/>\t\t\t\t\t\t\t\t\t\t\t<figcaption class=\"widget-image-caption wp-caption-text\">Campus Halensis (Foto: Uni Halle\/Markus Scholz)<\/figcaption>\n\t\t\t\t\t\t\t\t\t\t<\/figure>\n\t\t\t\t\t<\/div>\n\t\t\t\t<\/div>\n\t\t\t\t<\/div>\n\t\t\t\t<div class=\"elementor-element elementor-element-4d59076 elementor-widget elementor-widget-image\" data-id=\"4d59076\" data-element_type=\"widget\" data-widget_type=\"image.default\">\n\t\t\t\t<div class=\"elementor-widget-container\">\n\t\t\t\t\t<div class=\"elementor-image\">\n\t\t\t\t\t\t\t<figure class=\"wp-caption\">\n\t\t\t\t\t\t\t\t\t\t<img width=\"1250\" height=\"694\" src=\"https:\/\/blogs.urz.uni-halle.de\/erinnerunginkomplexitaet\/files\/2023\/12\/Bildschirmfoto-2023-12-19-um-14.04.36.png\" class=\"attachment-full size-full\" alt=\"\" loading=\"lazy\" srcset=\"https:\/\/blogs.urz.uni-halle.de\/erinnerunginkomplexitaet\/files\/2023\/12\/Bildschirmfoto-2023-12-19-um-14.04.36.png 1250w, https:\/\/blogs.urz.uni-halle.de\/erinnerunginkomplexitaet\/files\/2023\/12\/Bildschirmfoto-2023-12-19-um-14.04.36-300x167.png 300w, https:\/\/blogs.urz.uni-halle.de\/erinnerunginkomplexitaet\/files\/2023\/12\/Bildschirmfoto-2023-12-19-um-14.04.36-1024x569.png 1024w, https:\/\/blogs.urz.uni-halle.de\/erinnerunginkomplexitaet\/files\/2023\/12\/Bildschirmfoto-2023-12-19-um-14.04.36-768x426.png 768w\" sizes=\"(max-width: 1250px) 100vw, 1250px\" \/>\t\t\t\t\t\t\t\t\t\t\t<figcaption class=\"widget-image-caption wp-caption-text\">Still aus dem Video der Exkursion \"Transatlantic Slavery in British Museums\" (Foto: Uni Halle\/Clara Richter)<\/figcaption>\n\t\t\t\t\t\t\t\t\t\t<\/figure>\n\t\t\t\t\t<\/div>\n\t\t\t\t<\/div>\n\t\t\t\t<\/div>\n\t\t\t\t<div class=\"elementor-element elementor-element-b118d87 elementor-widget elementor-widget-image\" data-id=\"b118d87\" data-element_type=\"widget\" data-widget_type=\"image.default\">\n\t\t\t\t<div class=\"elementor-widget-container\">\n\t\t\t\t\t<div class=\"elementor-image\">\n\t\t\t\t\t\t\t<figure class=\"wp-caption\">\n\t\t\t\t\t\t\t\t\t\t<img width=\"1181\" height=\"592\" src=\"https:\/\/blogs.urz.uni-halle.de\/erinnerunginkomplexitaet\/files\/2023\/07\/2023-06-21-Corax_klein.jpg\" class=\"attachment-full size-full\" alt=\"\" loading=\"lazy\" srcset=\"https:\/\/blogs.urz.uni-halle.de\/erinnerunginkomplexitaet\/files\/2023\/07\/2023-06-21-Corax_klein.jpg 1181w, https:\/\/blogs.urz.uni-halle.de\/erinnerunginkomplexitaet\/files\/2023\/07\/2023-06-21-Corax_klein-300x150.jpg 300w, https:\/\/blogs.urz.uni-halle.de\/erinnerunginkomplexitaet\/files\/2023\/07\/2023-06-21-Corax_klein-1024x513.jpg 1024w, https:\/\/blogs.urz.uni-halle.de\/erinnerunginkomplexitaet\/files\/2023\/07\/2023-06-21-Corax_klein-768x385.jpg 768w\" sizes=\"(max-width: 1181px) 100vw, 1181px\" \/>\t\t\t\t\t\t\t\t\t\t\t<figcaption class=\"widget-image-caption wp-caption-text\">Dr. Kokou Azamede im Gespr\u00e4ch mit Christina Brinkmann bei Radio CORAX (Foto: Radio CORAX, CC BY-NC)<\/figcaption>\n\t\t\t\t\t\t\t\t\t\t<\/figure>\n\t\t\t\t\t<\/div>\n\t\t\t\t<\/div>\n\t\t\t\t<\/div>\n\t\t\t\t<div class=\"elementor-element elementor-element-eaa05cc elementor-widget elementor-widget-image\" data-id=\"eaa05cc\" data-element_type=\"widget\" data-widget_type=\"image.default\">\n\t\t\t\t<div class=\"elementor-widget-container\">\n\t\t\t\t\t<div class=\"elementor-image\">\n\t\t\t\t\t\t\t<figure class=\"wp-caption\">\n\t\t\t\t\t\t\t\t\t\t<img width=\"991\" height=\"667\" src=\"https:\/\/blogs.urz.uni-halle.de\/erinnerunginkomplexitaet\/files\/2023\/07\/2023-07-03-Berlin-Stifterverband-Peter-Himsel.jpg\" class=\"attachment-full size-full\" alt=\"\" loading=\"lazy\" srcset=\"https:\/\/blogs.urz.uni-halle.de\/erinnerunginkomplexitaet\/files\/2023\/07\/2023-07-03-Berlin-Stifterverband-Peter-Himsel.jpg 991w, https:\/\/blogs.urz.uni-halle.de\/erinnerunginkomplexitaet\/files\/2023\/07\/2023-07-03-Berlin-Stifterverband-Peter-Himsel-300x202.jpg 300w, https:\/\/blogs.urz.uni-halle.de\/erinnerunginkomplexitaet\/files\/2023\/07\/2023-07-03-Berlin-Stifterverband-Peter-Himsel-768x517.jpg 768w\" sizes=\"(max-width: 991px) 100vw, 991px\" \/>\t\t\t\t\t\t\t\t\t\t\t<figcaption class=\"widget-image-caption wp-caption-text\">Feierliche \u00dcbergabe der Urkunde durch den Stifterverand in Berlin am 3. Juli 2023 (Foto: Stifterverband\/Peter Himsel)<\/figcaption>\n\t\t\t\t\t\t\t\t\t\t<\/figure>\n\t\t\t\t\t<\/div>\n\t\t\t\t<\/div>\n\t\t\t\t<\/div>\n\t\t\t\t<div class=\"elementor-element elementor-element-b0d2b6e elementor-widget elementor-widget-image\" data-id=\"b0d2b6e\" data-element_type=\"widget\" data-widget_type=\"image.default\">\n\t\t\t\t<div class=\"elementor-widget-container\">\n\t\t\t\t\t<div class=\"elementor-image\">\n\t\t\t\t\t\t\t<figure class=\"wp-caption\">\n\t\t\t\t\t\t\t\t\t\t<img width=\"591\" height=\"501\" src=\"https:\/\/blogs.urz.uni-halle.de\/erinnerunginkomplexitaet\/files\/2023\/07\/2023-06-02-Campus-Halensis_kleiner.jpg\" class=\"attachment-full size-full\" alt=\"\" loading=\"lazy\" srcset=\"https:\/\/blogs.urz.uni-halle.de\/erinnerunginkomplexitaet\/files\/2023\/07\/2023-06-02-Campus-Halensis_kleiner.jpg 591w, https:\/\/blogs.urz.uni-halle.de\/erinnerunginkomplexitaet\/files\/2023\/07\/2023-06-02-Campus-Halensis_kleiner-300x254.jpg 300w\" sizes=\"(max-width: 591px) 100vw, 591px\" \/>\t\t\t\t\t\t\t\t\t\t\t<figcaption class=\"widget-image-caption wp-caption-text\">Campus Halensis (Foto: Uni Halle\/Sarah Ludwig)<\/figcaption>\n\t\t\t\t\t\t\t\t\t\t<\/figure>\n\t\t\t\t\t<\/div>\n\t\t\t\t<\/div>\n\t\t\t\t<\/div>\n\t\t\t\t\t<\/div>\n\t\t<\/div>\n\t\t\t\t\t\t\t<\/div>\n\t\t<\/section>\n\t\t\t\t\t\t<\/div>\n\t\t\t\t\t<\/div>\n\t\t","protected":false},"excerpt":{"rendered":"<p>Mediales \u00fcber und aus \u201eErinnerung in Komplexit\u00e4t\u201c in Presse, Internet und Radio 13.10.2026 &#8211; Die Universit\u00e4tszeitung CAMPUS HALENSIS interwiewt Natascha Ueckmann und Steffen Hendel zur deutsch-togoischen Universit\u00e4tskooperation. Anlass war die Summer School Wissenszirkulationen und Erinnerungspraxen zwischen Afrika und Europa mit Kolleg:innen, Promovierenden, Studierenden sowie G\u00e4sten aus Togo und Deutschland: \u201eAfrika wird oft als Kontinent betrachtet, [&hellip;]<\/p>\n","protected":false},"author":3867,"featured_media":0,"parent":0,"menu_order":0,"comment_status":"closed","ping_status":"closed","template":"","meta":[],"_links":{"self":[{"href":"https:\/\/blogs.urz.uni-halle.de\/erinnerunginkomplexitaet\/wp-json\/wp\/v2\/pages\/878"}],"collection":[{"href":"https:\/\/blogs.urz.uni-halle.de\/erinnerunginkomplexitaet\/wp-json\/wp\/v2\/pages"}],"about":[{"href":"https:\/\/blogs.urz.uni-halle.de\/erinnerunginkomplexitaet\/wp-json\/wp\/v2\/types\/page"}],"author":[{"embeddable":true,"href":"https:\/\/blogs.urz.uni-halle.de\/erinnerunginkomplexitaet\/wp-json\/wp\/v2\/users\/3867"}],"replies":[{"embeddable":true,"href":"https:\/\/blogs.urz.uni-halle.de\/erinnerunginkomplexitaet\/wp-json\/wp\/v2\/comments?post=878"}],"version-history":[{"count":10,"href":"https:\/\/blogs.urz.uni-halle.de\/erinnerunginkomplexitaet\/wp-json\/wp\/v2\/pages\/878\/revisions"}],"predecessor-version":[{"id":1281,"href":"https:\/\/blogs.urz.uni-halle.de\/erinnerunginkomplexitaet\/wp-json\/wp\/v2\/pages\/878\/revisions\/1281"}],"wp:attachment":[{"href":"https:\/\/blogs.urz.uni-halle.de\/erinnerunginkomplexitaet\/wp-json\/wp\/v2\/media?parent=878"}],"curies":[{"name":"wp","href":"https:\/\/api.w.org\/{rel}","templated":true}]}}