{"id":213,"date":"2023-01-30T11:56:54","date_gmt":"2023-01-30T10:56:54","guid":{"rendered":"https:\/\/blogs.urz.uni-halle.de\/erklaervideos\/?page_id=213"},"modified":"2023-10-18T10:42:55","modified_gmt":"2023-10-18T08:42:55","slug":"weiteres","status":"publish","type":"page","link":"https:\/\/blogs.urz.uni-halle.de\/erklaervideos\/weiteres\/","title":{"rendered":"Weiteres"},"content":{"rendered":"\n<p>Wenn du jetzt angeregt bist, selbst ein Selbstlernmodul zu erstellen, lade dir das Handout \u201eSelbstlernkurs erstellen\u201c herunter. Dort erf\u00e4hrst du, wie du die Erstellung eines eigenen Lernmoduls angehst. Wie k\u00f6nnte dein Selbstlernkurs aufgebaut sein? Welche technischen Umsetzungsm\u00f6glichkeiten bieten sich f\u00fcr welches Vorhaben an? Und welche Tools eignen sich f\u00fcr die eigene Erstellung von Begleitmaterialien? Diese und weitere Fragen werden im folgenden Dokument gekl\u00e4rt.<\/p>\n\n\n\n<div class=\"wp-block-file\"><a href=\"https:\/\/blogs.urz.uni-halle.de\/erklaervideos\/files\/2023\/10\/Selbstlernangebote.pdf\">Anleitung-Selbstlernangebote-erstellen<\/a><a href=\"https:\/\/blogs.urz.uni-halle.de\/erklaervideos\/files\/2023\/10\/Selbstlernangebote.pdf\" class=\"wp-block-file__button\" download>Herunterladen<\/a><\/div>\n\n\n\n<p>Was bedeutet eigentlich OER? Im folgenden Selbstlernkurs erf\u00e4hrst du alles, was du \u00fcber OER wissen solltest: <a href=\"https:\/\/einstiegoer.de\/willkommen.html\" target=\"_blank\" rel=\"noreferrer noopener\">Selbstlernkurs OER<\/a><\/p>\n","protected":false},"excerpt":{"rendered":"<p>Wenn du jetzt angeregt bist, selbst ein Selbstlernmodul zu erstellen, lade dir das Handout \u201eSelbstlernkurs erstellen\u201c herunter. Dort erf\u00e4hrst du, wie du die Erstellung eines eigenen Lernmoduls angehst. Wie k\u00f6nnte dein Selbstlernkurs aufgebaut sein? Welche technischen Umsetzungsm\u00f6glichkeiten bieten sich f\u00fcr welches Vorhaben an? Und welche Tools eignen sich f\u00fcr die eigene Erstellung von Begleitmaterialien? Diese &hellip; <\/p>\n<p><a class=\"more-link btn\" href=\"https:\/\/blogs.urz.uni-halle.de\/erklaervideos\/weiteres\/\">Weiterlesen<\/a><\/p>\n","protected":false},"author":5272,"featured_media":0,"parent":0,"menu_order":0,"comment_status":"closed","ping_status":"closed","template":"","meta":[],"_links":{"self":[{"href":"https:\/\/blogs.urz.uni-halle.de\/erklaervideos\/wp-json\/wp\/v2\/pages\/213"}],"collection":[{"href":"https:\/\/blogs.urz.uni-halle.de\/erklaervideos\/wp-json\/wp\/v2\/pages"}],"about":[{"href":"https:\/\/blogs.urz.uni-halle.de\/erklaervideos\/wp-json\/wp\/v2\/types\/page"}],"author":[{"embeddable":true,"href":"https:\/\/blogs.urz.uni-halle.de\/erklaervideos\/wp-json\/wp\/v2\/users\/5272"}],"replies":[{"embeddable":true,"href":"https:\/\/blogs.urz.uni-halle.de\/erklaervideos\/wp-json\/wp\/v2\/comments?post=213"}],"version-history":[{"count":8,"href":"https:\/\/blogs.urz.uni-halle.de\/erklaervideos\/wp-json\/wp\/v2\/pages\/213\/revisions"}],"predecessor-version":[{"id":748,"href":"https:\/\/blogs.urz.uni-halle.de\/erklaervideos\/wp-json\/wp\/v2\/pages\/213\/revisions\/748"}],"wp:attachment":[{"href":"https:\/\/blogs.urz.uni-halle.de\/erklaervideos\/wp-json\/wp\/v2\/media?parent=213"}],"curies":[{"name":"wp","href":"https:\/\/api.w.org\/{rel}","templated":true}]}}