{"id":224,"date":"2023-01-30T12:04:47","date_gmt":"2023-01-30T11:04:47","guid":{"rendered":"https:\/\/blogs.urz.uni-halle.de\/erklaervideos\/?page_id=224"},"modified":"2023-11-21T10:45:15","modified_gmt":"2023-11-21T09:45:15","slug":"forschung-zu-erklaervideos","status":"publish","type":"page","link":"https:\/\/blogs.urz.uni-halle.de\/erklaervideos\/forschung-zu-erklaervideos\/","title":{"rendered":"Weitere wichtige Erkenntnisse"},"content":{"rendered":"\n<p><strong>Welche Erkl\u00e4rvideo-Gestaltungsmerkmale wirken sich positiv auf das Engagement von Lernenden aus?<\/strong><\/p>\n\n\n\n<p>Wie lang sollte ein Erkl\u00e4rvideo optimalerweise sein? Sollte man die sprechende Person im Video zeigen? Und reicht es aus, eine Vorlesung abzufilmen und als Video bereitzustellen?  Mit diesen und weiteren Fragen besch\u00e4ftigen sich<a rel=\"noreferrer noopener\" href=\"https:\/\/www.researchgate.net\/publication\/262393281_How_video_production_affects_student_engagement_An_empirical_study_of_MOOC_videos\" target=\"_blank\"> Philip J. Guo, Juno Kim und Rob Robin in ihrem Forschungsprojekt<\/a>. Konkret dreht sich die Studie darum, welche Faktoren sich im Rahmen der Gestaltung von Lernvideos positiv auf das Engagement von Studierenden auswirkt. Das Engagement von Studierenden messen die Forschenden daran, wie lange ein Video angeschaut wird und ob im Anschluss versucht wird, weiterf\u00fchrende Aufgaben zu l\u00f6sen.  Die Studie greift dabei auf eine gro\u00dfe Datenmenge zur\u00fcck: Es wurden rund 6,9 Millionen &#8222;Video-Watching-Session&#8220; von Studierenden analysiert. In der folgenden Tabelle sind die Ergebnisse dieser Studie einmal f\u00fcr dich zusammengefasst.<\/p>\n\n\n\n<p class=\"has-text-align-right\"><sup>MOOC = <strong>M<\/strong>assive <strong>O<\/strong>pen <strong>O<\/strong>nline <strong>C<\/strong>ourse<\/sup><\/p>\n\n\n\n<figure class=\"wp-block-table\"><table><tbody><tr><td><strong>Ergebnisse<\/strong><\/td><td><strong>Abgeleitete Empfehlung<\/strong><\/td><\/tr><tr><td>K\u00fcrzere Videos sind viel fesselnder.<\/td><td>Nimm dir Zeit f\u00fcr die Planung vor der Produktion. Zerlege dein Erkl\u00e4rvorhaben in Videos von einer L\u00e4nge von <strong>weniger als 6 Minuten<\/strong>.<\/td><\/tr><tr><td>Videos, in denen Dozierende auf Folien als Sprechende zu sehen sind, sind ansprechender als Folien allein.<\/td><td>Nimm dir Zeit f\u00fcr eine sinnvolle Nachbearbeitung. Zeige die sprechende Person nur an geeigneten Stellen im Video.<\/td><\/tr><tr><td>Tablet-Zeichentutorials im <a rel=\"noreferrer noopener\" href=\"https:\/\/www.youtube.com\/watch?v=Zqt3btS1FwE&amp;list=PLqwfRVlgGdFBgLW1dB9KBw_YmqMeliiV8\" target=\"_blank\">Khan-Academy<\/a> sind ansprechender als PowerPoint-Folien oder einfache Bildschirmaufnahmen.<\/td><td>Arbeite in deinen Videos mit Dynamik und einem kontinuierlichen Flow, in Verbindung mit einem &#8222;Sprechen aus dem Stegreif&#8220;.<\/td><\/tr><tr><td>Selbst qualitativ hochwertige, aufgezeichnete Vorlesungen ergeben keine fesselnden Lernvideos, auch wenn sie anschlie\u00dfend f\u00fcr einen MOOC  in einzelne Videoteile zurechtgeschnitten werden.<\/td><td>Wenn du darauf bestehst, deine Vorlesungen im Vorlesungssaal oder Seminarraum aufzuzeichnen, solltest du bei der Planung dieser Vorlesungen dennoch das MOOC-Format im Auge behalten.<\/td><\/tr><tr><td>Videos, in denen der oder die Dozierende relativ schnell und mit gro\u00dfem Enthusiasmus spricht, sind fesselnder.<\/td><td>Trainiere deine Stimme, um beim Einsprechen deinen Enthusiasmus f\u00fcr das Erkl\u00e4rthema zu zeigen und versuche, nicht absichtlich langsamer im Sprechtempo zu werden.<\/td><\/tr><tr><td>Studierende nutzen Vorlesungs- und \u00dcbungsvideos unterschiedlich<\/td><td>Unterst\u00fctze bei Tutorials, im Gegensatz zu Vorlesungvideos, vor allem das erneute Anschauen und \u00dcberfliegen der Videos.<\/td><\/tr><\/tbody><\/table><figcaption>Vgl. <a rel=\"noreferrer noopener\" href=\"https:\/\/www.researchgate.net\/publication\/262393281_How_video_production_affects_student_engagement_An_empirical_study_of_MOOC_videos\" target=\"_blank\">Guo et al. (2014, S. 2)<\/a><\/figcaption><\/figure>\n\n\n\n<p><strong>Zusammenfassung weiterer Richtlinien zur Maximierung des Lernerfolgs bei Erkl\u00e4rvideos<\/strong><\/p>\n\n\n\n<p>Dass Erkl\u00e4rvideos vor allem dann besonders effektiv sind, wenn sie bestimmte Prinzipien ber\u00fccksichtigen, wurde bereits im Punkt <a rel=\"noreferrer noopener\" href=\"https:\/\/blogs.urz.uni-halle.de\/erklaervideos\/qualitaetskriterien\/\" target=\"_blank\">Qualit\u00e4tskriterien<\/a> thematisiert. <a rel=\"noreferrer noopener\" href=\"https:\/\/www.lifescied.org\/doi\/10.1187\/cbe.16-03-0125\" target=\"_blank\">Cynthia J. Brame<\/a> schl\u00e4gt dar\u00fcber hinaus weitere, auf literaturbasierter Basis begr\u00fcndete Prinzipien zur Maximierung des Lernerfolgs vor. Diese lassen sich den Kategorien <em>Kognitive Belastung<\/em>, <em>Engagement der Lernenden<\/em> und <em>Aktives Lernen<\/em> zuordnen. Wenn du den vorherigen Theorieteil aufmerksam durchlaufen hast, kommen dir einige dieser Prinzipien sicher bekannt vor.<\/p>\n\n\n\n<figure class=\"wp-block-table\"><table><tbody><tr><td><\/td><td>Kategorie<\/td><td>Empfehlung<\/td><td>Beispiel<\/td><\/tr><tr><td><\/td><td>Kognitive Belastung<\/td><td>Signalisierungen, um wichtige Informationen hervorzuheben<\/td><td>&#8211; Schl\u00fcsselw\u00f6rter zur Hervorhebung wichtiger Elemente nutzen<br>&#8211; Farb- oder Kontrast\u00e4nderungen zur Hervorhebung der Struktur von Informationen und zur &#8211; Hervorhebung von Beziehungen zwischen Informationen<br>&#8211; Zus\u00e4tzlicher kurzer Text zur Erl\u00e4uterung von Ziel, Zweck und Kontext des Video (z. B. Lernziele)<\/td><\/tr><tr><td><\/td><td><\/td><td>Segmentierung, um Informationen zu unterteilen<\/td><td>&#8211; Kurze Videol\u00e4nge (&lt; 6 Minuten)<br>&#8211; Kapitel, Weiter-Klick-Fragen<\/td><\/tr><tr><td><\/td><td><\/td><td>\u00dcberfl\u00fcssige Informationen eliminieren<\/td><td>&#8211; Keine Hintergrundmusik<br>&#8211; Keine komplexen Hintergr\u00fcnde<\/td><\/tr><tr><td><\/td><td><\/td><td>Verschiedene Modalit\u00e4ten (auditiv, visuell) ansprechen<\/td><td>&#8211; Ph\u00e4nomene visuell illustrieren und erg\u00e4nzend erkl\u00e4ren, z.B. im Sinne von <a rel=\"noreferrer noopener\" href=\"https:\/\/www.youtube.com\/watch?v=Zqt3btS1FwE&amp;list=PLqwfRVlgGdFBgLW1dB9KBw_YmqMeliiV8\" target=\"_blank\">Khan-Style-Videos<\/a><br>&#8211; Kommentiere Animationen<\/td><\/tr><tr><td><\/td><td>Engagement der Lernenden<\/td><td>Videos kurz halten<\/td><td>&#8211; Mehrere Videos zu einem Thema mit jeweils einer L\u00e4nge von &lt; 6 Minuten<\/td><\/tr><tr><td><\/td><td><\/td><td>Umgangssprache verwenden<\/td><td>&#8211; Einbindung der Lernenden durch direkte Ansprache (&#8222;dein&#8220; statt &#8222;das&#8220;)<br>&#8211; Aus Perspektive des Erz\u00e4hlenden berichten (&#8222;ich&#8220;)<\/td><\/tr><tr><td><\/td><td><\/td><td>Schnell und enthusiastisch sprechen<\/td><td>&#8211; 185-254 W\u00f6rter pro Minute<br>&#8211; Eigene Begeisterung ausdr\u00fccken (&#8222;ich liebe den n\u00e4chsten Aspekt&#8220;)<\/td><\/tr><tr><td><\/td><td><\/td><td>Relevanz unterstreichen f\u00fcr den Kurs, in dem Videos verwendet werden, unterstreichen<\/td><td>&#8211; Wenn Video im Unterrichtskontext verwendet wird, auf vorher behandelten Stoff verweisen<br>&#8211; Erl\u00e4uternde Texte zur Einordnung des Videos in den Unterrichtskontext<\/td><\/tr><tr><td><\/td><td>Aktives Lernen<\/td><td>Interaktive Fragen<\/td><td>&#8211; Baue interaktive Fragen im Video ein<\/td><\/tr><tr><td><\/td><td><\/td><td>Interaktive Kontrollfunktionen<\/td><td>&#8211; Kapitel erstellen<\/td><\/tr><tr><td><\/td><td><\/td><td>Leitfragen<\/td><td>&#8211; z.B. Beobachtungsauftr\u00e4ge und Zwischenfragen innerhalb des Videos<\/td><\/tr><tr><td><\/td><td><\/td><td>Video in gr\u00f6\u00dferen Teil einer Hausaufgabe einbetten<\/td><td>&#8211; Wirf verschiedene Fragen oder Probleme im Video auf, die Lernende dazu anhalten, im Video gelernte Konzepte anzuwenden<\/td><\/tr><tr><td><\/td><td><\/td><td><\/td><td><\/td><\/tr><\/tbody><\/table><figcaption>Vgl. <a rel=\"noreferrer noopener\" href=\"https:\/\/www.lifescied.org\/doi\/10.1187\/cbe.16-03-0125\" target=\"_blank\">Brame (2016, S. <\/a><a href=\"https:\/\/www.lifescied.org\/doi\/10.1187\/cbe.16-03-0125\" target=\"_blank\" rel=\"noreferrer noopener\">3<\/a><a rel=\"noreferrer noopener\" href=\"https:\/\/www.lifescied.org\/doi\/10.1187\/cbe.16-03-0125\" target=\"_blank\">)<\/a><\/figcaption><\/figure>\n\n\n\n<p>Weiter zum <a href=\"https:\/\/blogs.urz.uni-halle.de\/erklaervideos\/praxis-2\/\" data-type=\"URL\" data-id=\"https:\/\/blogs.urz.uni-halle.de\/erklaervideos\/praxis-2\/\">Praxisteil<\/a><\/p>\n","protected":false},"excerpt":{"rendered":"<p>Welche Erkl\u00e4rvideo-Gestaltungsmerkmale wirken sich positiv auf das Engagement von Lernenden aus? Wie lang sollte ein Erkl\u00e4rvideo optimalerweise sein? Sollte man die sprechende Person im Video zeigen? Und reicht es aus, eine Vorlesung abzufilmen und als Video bereitzustellen? Mit diesen und weiteren Fragen besch\u00e4ftigen sich Philip J. Guo, Juno Kim und Rob Robin in ihrem Forschungsprojekt. &hellip; <\/p>\n<p><a class=\"more-link btn\" href=\"https:\/\/blogs.urz.uni-halle.de\/erklaervideos\/forschung-zu-erklaervideos\/\">Weiterlesen<\/a><\/p>\n","protected":false},"author":5272,"featured_media":0,"parent":0,"menu_order":0,"comment_status":"closed","ping_status":"closed","template":"","meta":[],"_links":{"self":[{"href":"https:\/\/blogs.urz.uni-halle.de\/erklaervideos\/wp-json\/wp\/v2\/pages\/224"}],"collection":[{"href":"https:\/\/blogs.urz.uni-halle.de\/erklaervideos\/wp-json\/wp\/v2\/pages"}],"about":[{"href":"https:\/\/blogs.urz.uni-halle.de\/erklaervideos\/wp-json\/wp\/v2\/types\/page"}],"author":[{"embeddable":true,"href":"https:\/\/blogs.urz.uni-halle.de\/erklaervideos\/wp-json\/wp\/v2\/users\/5272"}],"replies":[{"embeddable":true,"href":"https:\/\/blogs.urz.uni-halle.de\/erklaervideos\/wp-json\/wp\/v2\/comments?post=224"}],"version-history":[{"count":10,"href":"https:\/\/blogs.urz.uni-halle.de\/erklaervideos\/wp-json\/wp\/v2\/pages\/224\/revisions"}],"predecessor-version":[{"id":838,"href":"https:\/\/blogs.urz.uni-halle.de\/erklaervideos\/wp-json\/wp\/v2\/pages\/224\/revisions\/838"}],"wp:attachment":[{"href":"https:\/\/blogs.urz.uni-halle.de\/erklaervideos\/wp-json\/wp\/v2\/media?parent=224"}],"curies":[{"name":"wp","href":"https:\/\/api.w.org\/{rel}","templated":true}]}}