{"id":28,"date":"2022-07-13T13:40:56","date_gmt":"2022-07-13T11:40:56","guid":{"rendered":"https:\/\/blogs.urz.uni-halle.de\/erklaervideos\/?page_id=28"},"modified":"2023-10-18T10:29:20","modified_gmt":"2023-10-18T08:29:20","slug":"praxis-2","status":"publish","type":"page","link":"https:\/\/blogs.urz.uni-halle.de\/erklaervideos\/praxis-2\/","title":{"rendered":"Praxis"},"content":{"rendered":"\n<p>Im Praxisteil wird dir in Form von Videotutorials und Anleitungen aufgezeigt, wie die konkrete Umsetzung von Erkl\u00e4rvideos aussehen kann. Ziel ist,&nbsp;dass&nbsp;du anschlie\u00dfend wei\u00dft, wie du mit dem Green Screen umgehst, wie du ein Legetechnikvideo auf verschiedene Weisen produzieren kannst, wie du einen Screencast aufnehmen kannst und was du bei der Audioaufnahme und dem Schnitt beachten solltest. <\/p>\n\n\n\n<p>Weiter zu<a href=\"https:\/\/blogs.urz.uni-halle.de\/erklaervideos\/green-screen\/\"> <\/a><a href=\"https:\/\/blogs.urz.uni-halle.de\/erklaervideos\/die-produktion-schritt-fuer-schritt-sinnvoll-angehen\/\">Schritt-f\u00fcr-Schritt: Produktion sinnvoll angehen<\/a><\/p>\n","protected":false},"excerpt":{"rendered":"<p>Im Praxisteil wird dir in Form von Videotutorials und Anleitungen aufgezeigt, wie die konkrete Umsetzung von Erkl\u00e4rvideos aussehen kann. Ziel ist,&nbsp;dass&nbsp;du anschlie\u00dfend wei\u00dft, wie du mit dem Green Screen umgehst, wie du ein Legetechnikvideo auf verschiedene Weisen produzieren kannst, wie du einen Screencast aufnehmen kannst und was du bei der Audioaufnahme und dem Schnitt beachten &hellip; <\/p>\n<p><a class=\"more-link btn\" href=\"https:\/\/blogs.urz.uni-halle.de\/erklaervideos\/praxis-2\/\">Weiterlesen<\/a><\/p>\n","protected":false},"author":5272,"featured_media":0,"parent":0,"menu_order":0,"comment_status":"closed","ping_status":"closed","template":"","meta":[],"_links":{"self":[{"href":"https:\/\/blogs.urz.uni-halle.de\/erklaervideos\/wp-json\/wp\/v2\/pages\/28"}],"collection":[{"href":"https:\/\/blogs.urz.uni-halle.de\/erklaervideos\/wp-json\/wp\/v2\/pages"}],"about":[{"href":"https:\/\/blogs.urz.uni-halle.de\/erklaervideos\/wp-json\/wp\/v2\/types\/page"}],"author":[{"embeddable":true,"href":"https:\/\/blogs.urz.uni-halle.de\/erklaervideos\/wp-json\/wp\/v2\/users\/5272"}],"replies":[{"embeddable":true,"href":"https:\/\/blogs.urz.uni-halle.de\/erklaervideos\/wp-json\/wp\/v2\/comments?post=28"}],"version-history":[{"count":7,"href":"https:\/\/blogs.urz.uni-halle.de\/erklaervideos\/wp-json\/wp\/v2\/pages\/28\/revisions"}],"predecessor-version":[{"id":742,"href":"https:\/\/blogs.urz.uni-halle.de\/erklaervideos\/wp-json\/wp\/v2\/pages\/28\/revisions\/742"}],"wp:attachment":[{"href":"https:\/\/blogs.urz.uni-halle.de\/erklaervideos\/wp-json\/wp\/v2\/media?parent=28"}],"curies":[{"name":"wp","href":"https:\/\/api.w.org\/{rel}","templated":true}]}}