{"id":52,"date":"2022-07-13T13:49:07","date_gmt":"2022-07-13T11:49:07","guid":{"rendered":"https:\/\/blogs.urz.uni-halle.de\/erklaervideos\/?page_id=52"},"modified":"2023-11-22T10:02:12","modified_gmt":"2023-11-22T09:02:12","slug":"theorie","status":"publish","type":"page","link":"https:\/\/blogs.urz.uni-halle.de\/erklaervideos\/theorie\/","title":{"rendered":"Theorie"},"content":{"rendered":"\n<p>Im Theorieteil erf\u00e4hrst du, wie ein Erkl\u00e4rvideo\u00a0angelehnt an\u00a0didaktische und lernpsychologische Kriterien gestaltet sein sollte. Dieses Wissen hilft dir einerseits dabei, gute von weniger guten Erkl\u00e4rvideos zu unterscheiden. Anderseits unterst\u00fctzt es dich dabei, selbst gute und lernf\u00f6rderliche Erkl\u00e4rvideos zu produzieren.<\/p>\n\n\n\n<p>Starte beim Lesen am besten chronologisch mit den ged\u00e4chtnispsychologischen Grundlagen, dann den Multimediaprinzipien und schau dir anschlie\u00dfend die aus der Forschung abgeleiteten Qualit\u00e4tskriterien effektiver Erkl\u00e4rvideos an.<\/p>\n\n\n\n<p>Weiter zu den <a href=\"https:\/\/blogs.urz.uni-halle.de\/erklaervideos\/lernpsychologische-grundlagen\/\">Ged\u00e4chtnispsychologischen Grundlagen<\/a><\/p>\n\n\n\n<p><\/p>\n\n\n\n<figure class=\"wp-block-video\"><\/figure>\n","protected":false},"excerpt":{"rendered":"<p>Im Theorieteil erf\u00e4hrst du, wie ein Erkl\u00e4rvideo\u00a0angelehnt an\u00a0didaktische und lernpsychologische Kriterien gestaltet sein sollte. Dieses Wissen hilft dir einerseits dabei, gute von weniger guten Erkl\u00e4rvideos zu unterscheiden. Anderseits unterst\u00fctzt es dich dabei, selbst gute und lernf\u00f6rderliche Erkl\u00e4rvideos zu produzieren. Starte beim Lesen am besten chronologisch mit den ged\u00e4chtnispsychologischen Grundlagen, dann den Multimediaprinzipien und schau dir &hellip; <\/p>\n<p><a class=\"more-link btn\" href=\"https:\/\/blogs.urz.uni-halle.de\/erklaervideos\/theorie\/\">Weiterlesen<\/a><\/p>\n","protected":false},"author":5272,"featured_media":0,"parent":0,"menu_order":0,"comment_status":"closed","ping_status":"closed","template":"","meta":[],"_links":{"self":[{"href":"https:\/\/blogs.urz.uni-halle.de\/erklaervideos\/wp-json\/wp\/v2\/pages\/52"}],"collection":[{"href":"https:\/\/blogs.urz.uni-halle.de\/erklaervideos\/wp-json\/wp\/v2\/pages"}],"about":[{"href":"https:\/\/blogs.urz.uni-halle.de\/erklaervideos\/wp-json\/wp\/v2\/types\/page"}],"author":[{"embeddable":true,"href":"https:\/\/blogs.urz.uni-halle.de\/erklaervideos\/wp-json\/wp\/v2\/users\/5272"}],"replies":[{"embeddable":true,"href":"https:\/\/blogs.urz.uni-halle.de\/erklaervideos\/wp-json\/wp\/v2\/comments?post=52"}],"version-history":[{"count":11,"href":"https:\/\/blogs.urz.uni-halle.de\/erklaervideos\/wp-json\/wp\/v2\/pages\/52\/revisions"}],"predecessor-version":[{"id":949,"href":"https:\/\/blogs.urz.uni-halle.de\/erklaervideos\/wp-json\/wp\/v2\/pages\/52\/revisions\/949"}],"wp:attachment":[{"href":"https:\/\/blogs.urz.uni-halle.de\/erklaervideos\/wp-json\/wp\/v2\/media?parent=52"}],"curies":[{"name":"wp","href":"https:\/\/api.w.org\/{rel}","templated":true}]}}