{"id":54,"date":"2022-07-13T13:49:07","date_gmt":"2022-07-13T11:49:07","guid":{"rendered":"https:\/\/blogs.urz.uni-halle.de\/erklaervideos\/?page_id=54"},"modified":"2024-04-22T08:21:59","modified_gmt":"2024-04-22T06:21:59","slug":"legetechnik","status":"publish","type":"page","link":"https:\/\/blogs.urz.uni-halle.de\/erklaervideos\/legetechnik\/","title":{"rendered":"Legetechnik"},"content":{"rendered":"\n<p>Legetechnik-Videos lassen sich auf verschiedene Art und weisen produzieren. Grundlegend kann zwischen <strong>analoger<\/strong> und <strong>digitaler Produktion<\/strong> unterschieden werden. Bei der <strong>analogen Legetechnik-Video-Produktion<\/strong> werden ausgeschnittene Abbildungen h\u00e4ndisch ins und aus dem Bild geschoben. Aufgenommen wird das Video mit einer Over-Head-Kamera, wie einer Dokumentenkamera, oder einer in eine Vorrichtung eingespannten (Handy- oder Tablet-)Kamera.<\/p>\n\n\n\n<p>Bei der <strong>digitalen<\/strong> <strong>Legetechnik-Video-Produktion<\/strong> werden die ausgew\u00e4hlten Abbildungen von einer animierten Hand ins und aus dem Bild geschoben. Videos in diesem Format k\u00f6nnen beispielsweise \u00fcber die Webseiten <a rel=\"noreferrer noopener\" href=\"https:\/\/simpleshow.com\/de\/\" target=\"_blank\">simpleshow<\/a> oder <a rel=\"noreferrer noopener\" href=\"https:\/\/www.powtoon.com\" target=\"_blank\">powtoon<\/a> erstellt werden.<\/p>\n\n\n\n<p><strong>Analoge Legetechnik-Video-Produktion<\/strong><\/p>\n\n\n\n<p>Im folgenden Video erf\u00e4hrst du, wie du analoge Legetechnik-Videos mit einfach Mitteln erstellen kannst.<\/p>\n\n\n\n<figure class=\"wp-block-embed-youtube wp-block-embed is-type-video is-provider-youtube wp-embed-aspect-16-9 wp-has-aspect-ratio\"><div class=\"wp-block-embed__wrapper\">\n<iframe title=\"How To: Legetechnik-Videos selbst produzieren | Digital kompetent im Lehramt\" width=\"1140\" height=\"641\" src=\"https:\/\/www.youtube.com\/embed\/5VPF3vTHiCQ?feature=oembed\" frameborder=\"0\" allow=\"accelerometer; autoplay; clipboard-write; encrypted-media; gyroscope; picture-in-picture; web-share\" referrerpolicy=\"strict-origin-when-cross-origin\" allowfullscreen><\/iframe>\n<\/div><\/figure>\n\n\n\n<p><strong>Digitale Legetechnik-Video-Produktion<\/strong><\/p>\n\n\n\n<p>Im folgenden Video erf\u00e4hrst du, wie du digitale Legetechnik-Videos \u00fcber die Website <a rel=\"noreferrer noopener\" href=\"https:\/\/simpleshow.com\" target=\"_blank\">simpleshow<\/a> erstellen kannst.<\/p>\n\n\n\n<figure class=\"wp-block-embed-youtube wp-block-embed is-type-video is-provider-youtube wp-embed-aspect-16-9 wp-has-aspect-ratio\"><div class=\"wp-block-embed__wrapper\">\n<iframe title=\"How to: Legetechnikvideos mit simpleshow.com I Digital kompetent im Lehramt\" width=\"1140\" height=\"641\" src=\"https:\/\/www.youtube.com\/embed\/LoZaqBZ4PVw?feature=oembed\" frameborder=\"0\" allow=\"accelerometer; autoplay; clipboard-write; encrypted-media; gyroscope; picture-in-picture; web-share\" referrerpolicy=\"strict-origin-when-cross-origin\" allowfullscreen><\/iframe>\n<\/div><\/figure>\n\n\n\n<p>Weiter zu <a href=\"https:\/\/blogs.urz.uni-halle.de\/erklaervideos\/screencast\/\">Screencast<\/a><\/p>\n\n\n\n<p><\/p>\n","protected":false},"excerpt":{"rendered":"<p>Legetechnik-Videos lassen sich auf verschiedene Art und weisen produzieren. Grundlegend kann zwischen analoger und digitaler Produktion unterschieden werden. Bei der analogen Legetechnik-Video-Produktion werden ausgeschnittene Abbildungen h\u00e4ndisch ins und aus dem Bild geschoben. Aufgenommen wird das Video mit einer Over-Head-Kamera, wie einer Dokumentenkamera, oder einer in eine Vorrichtung eingespannten (Handy- oder Tablet-)Kamera. Bei der digitalen Legetechnik-Video-Produktion &hellip; <\/p>\n<p><a class=\"more-link btn\" href=\"https:\/\/blogs.urz.uni-halle.de\/erklaervideos\/legetechnik\/\">Weiterlesen<\/a><\/p>\n","protected":false},"author":5272,"featured_media":0,"parent":0,"menu_order":0,"comment_status":"closed","ping_status":"closed","template":"","meta":[],"_links":{"self":[{"href":"https:\/\/blogs.urz.uni-halle.de\/erklaervideos\/wp-json\/wp\/v2\/pages\/54"}],"collection":[{"href":"https:\/\/blogs.urz.uni-halle.de\/erklaervideos\/wp-json\/wp\/v2\/pages"}],"about":[{"href":"https:\/\/blogs.urz.uni-halle.de\/erklaervideos\/wp-json\/wp\/v2\/types\/page"}],"author":[{"embeddable":true,"href":"https:\/\/blogs.urz.uni-halle.de\/erklaervideos\/wp-json\/wp\/v2\/users\/5272"}],"replies":[{"embeddable":true,"href":"https:\/\/blogs.urz.uni-halle.de\/erklaervideos\/wp-json\/wp\/v2\/comments?post=54"}],"version-history":[{"count":10,"href":"https:\/\/blogs.urz.uni-halle.de\/erklaervideos\/wp-json\/wp\/v2\/pages\/54\/revisions"}],"predecessor-version":[{"id":939,"href":"https:\/\/blogs.urz.uni-halle.de\/erklaervideos\/wp-json\/wp\/v2\/pages\/54\/revisions\/939"}],"wp:attachment":[{"href":"https:\/\/blogs.urz.uni-halle.de\/erklaervideos\/wp-json\/wp\/v2\/media?parent=54"}],"curies":[{"name":"wp","href":"https:\/\/api.w.org\/{rel}","templated":true}]}}