{"id":876,"date":"2023-11-22T11:20:12","date_gmt":"2023-11-22T10:20:12","guid":{"rendered":"https:\/\/blogs.urz.uni-halle.de\/erklaervideos\/?page_id=876"},"modified":"2023-12-20T09:37:38","modified_gmt":"2023-12-20T08:37:38","slug":"rechtliche-hinweise-datenschutz-cc-lizenzen","status":"publish","type":"page","link":"https:\/\/blogs.urz.uni-halle.de\/erklaervideos\/rechtliche-hinweise-datenschutz-cc-lizenzen\/","title":{"rendered":"Rechtliche Hinweise: Datenschutz &amp; CC-Lizenzen"},"content":{"rendered":"\n<p>Es ist entscheidend zu wissen, welche Inhalte du in Erkl\u00e4rvideos integrieren darfst und welche nicht. CC-Lizenzen bieten eine klare Anleitung, welche Rechte ein Werk hat und wie es genutzt werden kann. Dies erm\u00f6glicht,  Materialien von anderen zu verwenden, ohne Urheberrechtsverletzungen zu riskieren.<\/p>\n\n\n\n<p>Eine CC-Lizenz (kurz f\u00fcr Creative Commons-Lizenz) erm\u00f6glicht die Verbreitung von urheberrechtlich gesch\u00fctzten Werken, in dem die rechtlichen Bedingungen festgelegt werden.\u00a0\u00a0Es ist wichtig zu beachten, dass diese Lizenzen nicht auf Urheberrechte verzichten, sondern sie auf eine Weise verwaltet werden, die die gemeinsame Nutzung und Verwendung von Inhalten f\u00f6rdert. Bei einem Werk mit CC-Lizenz d\u00fcrfen andere dieses beispielsweise nutzen, kopieren oder verteilen, jedoch immer unter Einhaltung der geltenden Vorgaben. Welche Vorgaben gelten, wird mit Hilfe der folgenden Abk\u00fcrzungen kenntlich gemacht:<\/p>\n\n\n\n<figure class=\"wp-block-table\"><table><tbody><tr><td><strong>BY<\/strong><\/td><td><strong>Namensnennung<\/strong>: Diese Lizenz erfordert, dass Sie den Urheber benennen, wenn Sie das Werk verwenden.<\/td><\/tr><tr><td><strong>NC<\/strong><\/td><td><strong>Nicht kommerziell<\/strong> (Non-Commercial): Diese Lizenz erfordert, dass Werke nicht f\u00fcr kommerzielle Zwecke verwendet werden d\u00fcrfen.<\/td><\/tr><tr><td><strong>ND<\/strong><\/td><td><strong>Keine Bearbeitung<\/strong> (No Derivatives): Diese Lizenz erfordert, dass das Werk nicht bearbeitet werden darf.<\/td><\/tr><tr><td><strong>SA<\/strong><\/td><td><strong>Weitergabe unter gleichen Bedingungen <\/strong>(Share Alike): Diese Lizenz erfordert, dass abgeleitete Werke unter derselben Lizenz wie das Original ver\u00f6ffentlicht werden.<\/td><\/tr><\/tbody><\/table><figcaption>Mehr dazu <a href=\"https:\/\/de.creativecommons.net\/was-ist-cc\/\" target=\"_blank\" rel=\"noreferrer noopener\">hier<\/a><\/figcaption><\/figure>\n\n\n\n<div class=\"wp-block-image\"><figure class=\"aligncenter size-large is-resized\"><img loading=\"lazy\" src=\"https:\/\/blogs.urz.uni-halle.de\/erklaervideos\/files\/2023\/12\/by-nc.eu_.png\" alt=\"\" class=\"wp-image-925\" width=\"343\" height=\"120\" srcset=\"https:\/\/blogs.urz.uni-halle.de\/erklaervideos\/files\/2023\/12\/by-nc.eu_.png 403w, https:\/\/blogs.urz.uni-halle.de\/erklaervideos\/files\/2023\/12\/by-nc.eu_-300x105.png 300w\" sizes=\"(max-width: 343px) 100vw, 343px\" \/><\/figure><\/div>\n\n\n\n<p>Es gibt verschiedene Arten von CC-Lizenzen, zum Beispiel \u201eCC BY NC\u201c.\u00a0<\/p>\n\n\n\n<div class=\"h5p-iframe-wrapper\"><iframe id=\"h5p-iframe-3\" class=\"h5p-iframe\" data-content-id=\"3\" style=\"height:1px\" src=\"about:blank\" frameBorder=\"0\" scrolling=\"no\" title=\"CC-Lizenzen\"><\/iframe><\/div>\n\n\n\n<p><strong>Datenschutz<\/strong><\/p>\n\n\n\n<p>Ob du eigens geknipste Foto oder selbst gedrehte Videos, in denen andere Personen zu sehen sind, im Erkl\u00e4rvideo verwenden darfst, ist eine datenschutzrechtliche Frage. In jedem Fall musst du dir hierbei n\u00e4mlich eine Erlaubnis der zeigten Personen einholen.  Auch die Verwendung der Stimme einer Person f\u00e4llt unter Vorgaben des Datenschutzes. Sind andere Personen in deinem Erkl\u00e4rvideo zu h\u00f6ren, musst du dir auch hier eine Erlaubnis einholen, dass die Audiospur verwendet werden darf. <\/p>\n","protected":false},"excerpt":{"rendered":"<p>Es ist entscheidend zu wissen, welche Inhalte du in Erkl\u00e4rvideos integrieren darfst und welche nicht. CC-Lizenzen bieten eine klare Anleitung, welche Rechte ein Werk hat und wie es genutzt werden kann. Dies erm\u00f6glicht, Materialien von anderen zu verwenden, ohne Urheberrechtsverletzungen zu riskieren. Eine CC-Lizenz (kurz f\u00fcr Creative Commons-Lizenz) erm\u00f6glicht die Verbreitung von urheberrechtlich gesch\u00fctzten Werken, &hellip; <\/p>\n<p><a class=\"more-link btn\" href=\"https:\/\/blogs.urz.uni-halle.de\/erklaervideos\/rechtliche-hinweise-datenschutz-cc-lizenzen\/\">Weiterlesen<\/a><\/p>\n","protected":false},"author":5272,"featured_media":0,"parent":0,"menu_order":0,"comment_status":"closed","ping_status":"closed","template":"","meta":[],"_links":{"self":[{"href":"https:\/\/blogs.urz.uni-halle.de\/erklaervideos\/wp-json\/wp\/v2\/pages\/876"}],"collection":[{"href":"https:\/\/blogs.urz.uni-halle.de\/erklaervideos\/wp-json\/wp\/v2\/pages"}],"about":[{"href":"https:\/\/blogs.urz.uni-halle.de\/erklaervideos\/wp-json\/wp\/v2\/types\/page"}],"author":[{"embeddable":true,"href":"https:\/\/blogs.urz.uni-halle.de\/erklaervideos\/wp-json\/wp\/v2\/users\/5272"}],"replies":[{"embeddable":true,"href":"https:\/\/blogs.urz.uni-halle.de\/erklaervideos\/wp-json\/wp\/v2\/comments?post=876"}],"version-history":[{"count":10,"href":"https:\/\/blogs.urz.uni-halle.de\/erklaervideos\/wp-json\/wp\/v2\/pages\/876\/revisions"}],"predecessor-version":[{"id":927,"href":"https:\/\/blogs.urz.uni-halle.de\/erklaervideos\/wp-json\/wp\/v2\/pages\/876\/revisions\/927"}],"wp:attachment":[{"href":"https:\/\/blogs.urz.uni-halle.de\/erklaervideos\/wp-json\/wp\/v2\/media?parent=876"}],"curies":[{"name":"wp","href":"https:\/\/api.w.org\/{rel}","templated":true}]}}