{"id":1514,"date":"2022-07-05T16:39:32","date_gmt":"2022-07-05T14:39:32","guid":{"rendered":"https:\/\/blogs.urz.uni-halle.de\/experimentellemusikaufyoutube\/?page_id=1514"},"modified":"2022-07-05T16:55:16","modified_gmt":"2022-07-05T14:55:16","slug":"interpretation-zu-vergleichen","status":"publish","type":"page","link":"https:\/\/blogs.urz.uni-halle.de\/experimentellemusikaufyoutube\/interpretation-zu-vergleichen\/","title":{"rendered":"Interpretation"},"content":{"rendered":"\t\t<div data-elementor-type=\"wp-page\" data-elementor-id=\"1514\" class=\"elementor elementor-1514\" data-elementor-settings=\"[]\">\n\t\t\t\t\t\t\t<div class=\"elementor-section-wrap\">\n\t\t\t\t\t\t\t<section class=\"elementor-section elementor-top-section elementor-element elementor-element-916d620 elementor-section-boxed elementor-section-height-default elementor-section-height-default\" data-id=\"916d620\" data-element_type=\"section\">\n\t\t\t\t\t\t<div class=\"elementor-container elementor-column-gap-default\">\n\t\t\t\t\t<div class=\"elementor-column elementor-col-100 elementor-top-column elementor-element elementor-element-886d76b\" data-id=\"886d76b\" data-element_type=\"column\">\n\t\t\t<div class=\"elementor-widget-wrap elementor-element-populated\">\n\t\t\t\t\t\t\t\t<div class=\"elementor-element elementor-element-95b0f71 elementor-widget elementor-widget-text-editor\" data-id=\"95b0f71\" data-element_type=\"widget\" data-widget_type=\"text-editor.default\">\n\t\t\t\t<div class=\"elementor-widget-container\">\n\t\t\t\t\t<div class=\"elementor-text-editor elementor-clearfix\"><p><span style=\"font-weight: 400\">Es gibt<strong> deutliche Unterschiede<\/strong> (das war zu erwarten), sodass sich die Mehrzahl der Kommentare nicht in die von der Literatur definierten Charakteristiken einordnen l\u00e4sst. <\/span><span style=\"font-weight: 400\"><br \/><\/span><span style=\"font-weight: 400\">Sicherlich hat das mit der unterschiedlichen Intensit\u00e4t der Erfahrung zu tun. F\u00fcr die Forschungsliteratur schreiben Menschen, die sich intensiv auseinandergesetzt haben und ggf. wissenschaftliche Methoden anwenden. Die Umfragen werden bei genau definierten Personengruppen durchgef\u00fchrt und ausgewertet. Dazu werden die Texte von Herausgeber*innen und Editor*innen nochmals gelesen, kritisiert und gegebenenfalls erg\u00e4nzt.<\/span><span style=\"font-weight: 400\"><br \/><\/span><span style=\"font-weight: 400\">Auf YouTube kann jede Person jederzeit etwas schreiben, was vielen Menschen die Stimme gibt. Es ist davon auszugehen, dass diese Menschen nicht den gleichen oder vergleichbaren Zugang zu der hier gespielten Musik haben, wie Autor*innen von Fachartikeln.<\/span><\/p><p>\u00a0<\/p><p><span style=\"font-weight: 400\">Die meisten Kommentare, welche sich f\u00fcr den Vergleich eigneten, handelte es sich um <strong>Beschreibungen der eigenen Wahrnehmung<\/strong>. Vermutlich, weil dies der einfachste Zugang war. Jede Person kann die eigene Meinung preis geben, und auch jede Vergleiche zu eigener H\u00f6rerfahrung bringen. Das l\u00e4sst sich auch an der Art der Vergleiche erkennen. Dort wo in einem wissenschaftlichen Artikel auf zeitgen\u00f6ssische Beispiele oder Vertreter*innen verwiesen wird, finden sich hier vor allem aktuellere Vergleiche, beispielsweise aus der Popkultur.<\/span><span style=\"font-weight: 400\"><br \/><\/span><span style=\"font-weight: 400\">Anders sieht es dort aus, wo auf spezifische musikalische, technische oder konzeptionelle Eigenschaften und Erkl\u00e4rungen angesprochen werden.Dort lassen sich nur wenige bis gar keine Kommentare einordnen.\u00a0 muss man vorhalten<\/span><\/p><p>\u00a0<\/p><p><span style=\"font-weight: 400\">Dieser nur sehr geringen Zahl, welche teilweise nur durch die hier in Kauf genommene Unsch\u00e4rfe m\u00f6glich war, muss man vorhalten, dass darunter viele informierte Kommentare zu finden sind. Diese werden durchaus mit Likes bei dem Publikum anerkannt und somit f\u00e4llt ihnen in <strong>gewisser Weise eine stellvertretende Rolle<\/strong> zu.<\/span><span style=\"font-weight: 400\"><br \/><\/span><span style=\"font-weight: 400\">Der Kommentar unter dem Steve Reich-Video beispielsweise, welcher die Phasenverschiebung genau benennt, hatte zum Zeitpunkt der Datenerhebung 218 Likes, was ziemlich genau einem drittel der gesamten Kommentare entspricht. Die hier zugegebenerma\u00dfen undifferenzierte \u00c4u\u00dferung k\u00f6nnte in weiteren Untersuchungen sicherlich noch genauer ausgewertet werden, beispielsweise mit der Gewichtungsfunktion des Programms MAXQDA, anstelle der hier analysierten absoluten H\u00e4ufigkeit.<\/span><\/p><\/div>\n\t\t\t\t<\/div>\n\t\t\t\t<\/div>\n\t\t\t\t\t<\/div>\n\t\t<\/div>\n\t\t\t\t\t\t\t<\/div>\n\t\t<\/section>\n\t\t\t\t\t\t<\/div>\n\t\t\t\t\t<\/div>\n\t\t","protected":false},"excerpt":{"rendered":"<p>Es gibt deutliche Unterschiede (das war zu erwarten), sodass sich die Mehrzahl der Kommentare nicht in die von der Literatur definierten Charakteristiken einordnen l\u00e4sst. Sicherlich hat das mit der unterschiedlichen Intensit\u00e4t der Erfahrung zu tun. F\u00fcr die Forschungsliteratur schreiben Menschen, die sich intensiv auseinandergesetzt haben und &hellip; <\/p>\n<p><a href=\"https:\/\/blogs.urz.uni-halle.de\/experimentellemusikaufyoutube\/interpretation-zu-vergleichen\/\" class=\"more-link\"><span class=\"morelink-icon\">Weiterlesen<\/span><\/a><\/p>\n","protected":false},"author":5006,"featured_media":0,"parent":0,"menu_order":0,"comment_status":"closed","ping_status":"closed","template":"","meta":[],"_links":{"self":[{"href":"https:\/\/blogs.urz.uni-halle.de\/experimentellemusikaufyoutube\/wp-json\/wp\/v2\/pages\/1514"}],"collection":[{"href":"https:\/\/blogs.urz.uni-halle.de\/experimentellemusikaufyoutube\/wp-json\/wp\/v2\/pages"}],"about":[{"href":"https:\/\/blogs.urz.uni-halle.de\/experimentellemusikaufyoutube\/wp-json\/wp\/v2\/types\/page"}],"author":[{"embeddable":true,"href":"https:\/\/blogs.urz.uni-halle.de\/experimentellemusikaufyoutube\/wp-json\/wp\/v2\/users\/5006"}],"replies":[{"embeddable":true,"href":"https:\/\/blogs.urz.uni-halle.de\/experimentellemusikaufyoutube\/wp-json\/wp\/v2\/comments?post=1514"}],"version-history":[{"count":8,"href":"https:\/\/blogs.urz.uni-halle.de\/experimentellemusikaufyoutube\/wp-json\/wp\/v2\/pages\/1514\/revisions"}],"predecessor-version":[{"id":1533,"href":"https:\/\/blogs.urz.uni-halle.de\/experimentellemusikaufyoutube\/wp-json\/wp\/v2\/pages\/1514\/revisions\/1533"}],"wp:attachment":[{"href":"https:\/\/blogs.urz.uni-halle.de\/experimentellemusikaufyoutube\/wp-json\/wp\/v2\/media?parent=1514"}],"curies":[{"name":"wp","href":"https:\/\/api.w.org\/{rel}","templated":true}]}}