
{"id":2,"date":"2015-12-03T16:51:50","date_gmt":"2015-12-03T15:51:50","guid":{"rendered":"https:\/\/blogs.urz.uni-halle.de\/forumdaz\/?page_id=2"},"modified":"2017-01-16T20:28:23","modified_gmt":"2017-01-16T19:28:23","slug":"was-ist-das-daz-forum","status":"publish","type":"page","link":"https:\/\/blogs.urz.uni-halle.de\/forumdaz\/","title":{"rendered":"Was ist und was soll das Forum &#8222;Deutsch als Zweitsprache&#8220;?"},"content":{"rendered":"<p>Vor dem Hintergrund des wachsenden Anteils von Migrantenkindern in den Schulen wurde eine neue Veranstaltungsreihe ins Leben gerufen. Neben der Vermittlung von Basisinformationen soll vor allem der informelle Austausch zum Thema \u201aDeutsch als Zweitsprache (DaZ)` erm\u00f6glicht werden.<\/p>\n<p><strong>Adressaten<\/strong><\/p>\n<p>Die Universit\u00e4t m\u00f6chte damit vor allem die Lehrkr\u00e4fte unterst\u00fctzen, die im Unterricht vor neuen sprach- und kulturbedingten p\u00e4dagogischen Herausforderungen stehen, und gleichzeitig das Gespr\u00e4ch zwischen Schule und Wissenschaft f\u00f6rdern.<\/p>\n<p>Angesprochen sind Personen, die sich aktuell im Umgang mit heterogenen Sprechergemeinschaften Unterst\u00fctzung erhoffen, um mit Sprachbarrieren unterschiedlichster Art konstruktiv umzugehen. Hierzu werden Experten verschiedene Materialien vorstellen sowie didaktische und methodische Anregungen bereithalten. Besonderen Raum wird der kollegiale Austausch von Praxiserfahrungen einnehmen.<\/p>\n<p>Alle interessierte Lehrkr\u00e4fte aus Schulen und Bildungseinrichtungen sind daher ebenso eingeladen wie ehrenamtliche Helfer und Studierende, die in verschiedenen Kontexten mit Sprechern unterschiedlicher Herkunft besch\u00e4ftigt sind.<\/p>\n<p><a href=\"https:\/\/blogs.urz.uni-halle.de\/forumdaz\/files\/2016\/01\/cropped-P1030923-2.jpg\"><img loading=\"lazy\" class=\"alignnone size-medium wp-image-266\" src=\"https:\/\/blogs.urz.uni-halle.de\/forumdaz\/files\/2016\/01\/cropped-P1030923-2-744x269.jpg\" alt=\"\" width=\"744\" height=\"269\" srcset=\"https:\/\/blogs.urz.uni-halle.de\/forumdaz\/files\/2016\/01\/cropped-P1030923-2-744x269.jpg 744w, https:\/\/blogs.urz.uni-halle.de\/forumdaz\/files\/2016\/01\/cropped-P1030923-2-420x152.jpg 420w, https:\/\/blogs.urz.uni-halle.de\/forumdaz\/files\/2016\/01\/cropped-P1030923-2-768x278.jpg 768w, https:\/\/blogs.urz.uni-halle.de\/forumdaz\/files\/2016\/01\/cropped-P1030923-2-600x217.jpg 600w, https:\/\/blogs.urz.uni-halle.de\/forumdaz\/files\/2016\/01\/cropped-P1030923-2.jpg 940w\" sizes=\"(max-width: 744px) 100vw, 744px\" \/><\/a><\/p>\n","protected":false},"excerpt":{"rendered":"<p>Vor dem Hintergrund des wachsenden Anteils von Migrantenkindern in den Schulen wurde eine neue Veranstaltungsreihe ins Leben gerufen. Neben der<\/p>\n<div class=\"read-button read_more_btn_text\"><a class=\"read_more\" href=\"https:\/\/blogs.urz.uni-halle.de\/forumdaz\/\">Read Now<span class=\"arrow_readm\"> &#x25BA;<\/span><\/a><\/div>\n","protected":false},"author":654,"featured_media":0,"parent":0,"menu_order":0,"comment_status":"closed","ping_status":"closed","template":"","meta":[],"_links":{"self":[{"href":"https:\/\/blogs.urz.uni-halle.de\/forumdaz\/wp-json\/wp\/v2\/pages\/2"}],"collection":[{"href":"https:\/\/blogs.urz.uni-halle.de\/forumdaz\/wp-json\/wp\/v2\/pages"}],"about":[{"href":"https:\/\/blogs.urz.uni-halle.de\/forumdaz\/wp-json\/wp\/v2\/types\/page"}],"author":[{"embeddable":true,"href":"https:\/\/blogs.urz.uni-halle.de\/forumdaz\/wp-json\/wp\/v2\/users\/654"}],"replies":[{"embeddable":true,"href":"https:\/\/blogs.urz.uni-halle.de\/forumdaz\/wp-json\/wp\/v2\/comments?post=2"}],"version-history":[{"count":7,"href":"https:\/\/blogs.urz.uni-halle.de\/forumdaz\/wp-json\/wp\/v2\/pages\/2\/revisions"}],"predecessor-version":[{"id":299,"href":"https:\/\/blogs.urz.uni-halle.de\/forumdaz\/wp-json\/wp\/v2\/pages\/2\/revisions\/299"}],"wp:attachment":[{"href":"https:\/\/blogs.urz.uni-halle.de\/forumdaz\/wp-json\/wp\/v2\/media?parent=2"}],"curies":[{"name":"wp","href":"https:\/\/api.w.org\/{rel}","templated":true}]}}