
{"id":5,"date":"2015-12-03T17:22:47","date_gmt":"2015-12-03T16:22:47","guid":{"rendered":"https:\/\/blogs.urz.uni-halle.de\/forumdaz\/?page_id=5"},"modified":"2017-01-16T19:59:30","modified_gmt":"2017-01-16T18:59:30","slug":"termine","status":"publish","type":"page","link":"https:\/\/blogs.urz.uni-halle.de\/forumdaz\/termine\/","title":{"rendered":"Termine und Ort"},"content":{"rendered":"<p>Liebe DaZ-Forum-Interessierten!<\/p>\n<p>Die regul\u00e4ren Veranstaltungen des Wintersemesters haben gerade begonnen und entsprechend m\u00f6chten wir Sie auch dar\u00fcber informieren, wie es mit dem DaZ-Forum weitergeht. Mit Blick auf die schwindenden Teilnehmerzahlen und die Gespr\u00e4chsrunden zum Ende des Sommersemsesters werden nunmehr keine w\u00f6chentlichen Veranstaltungen angeboten.<\/p>\n<p>Aufgrund der Bedarfslage an \u201aanerkennungsf\u00e4higen\u2018 Nachweisen freuen wir uns, Sie auf folgendes Angebot aufmerksam machen zu d\u00fcrfen:<\/p>\n<p>Ab Ende Oktober werden in Halle <strong>zertifizierte Fortbildungskurse f\u00fcr Ehrenamtliche, die Deutsch als Zweitsprache unterrichten (wollen) <\/strong>angeboten. In diesen werden in knapper und zugleich fundierter Form DaZ-Grundkenntnisse vermittelt. Das Programm wird vom Bundesministerium des Inneren gef\u00f6rdert.<\/p>\n<p>Diese Kurse umfassen zwei Samstage (jeweils 9.00 \u2013 17.00 Uhr) und finden im Institut f\u00fcr Sprache und Kultur e.V. statt. N\u00e4here Informationen entnehmen sie dem folgendem Flyer:<\/p>\n<p><a href=\"https:\/\/blogs.urz.uni-halle.de\/forumdaz\/files\/2015\/12\/Weiterbildung-Sprachvermittler.pdf\">Weiterbildung Sprachvermittler<\/a><\/p>\n<p>Da die Kurse unabh\u00e4ngig vom DaZ-Forum angeboten werden, melden Sie sich bitte <strong>NICHT<\/strong> bei uns, sondern direkt hier an:<\/p>\n<p><span style=\"color: #000000\">anmeldung@weiterbildung-sprachvermittler.de<\/span><\/p>\n<p>Sofern Sie zu den drei bereits terminierten Veranstaltungen nicht k\u00f6nnen, aber Interesse an diesen zertifizierten Kursen haben, wenden Sie sich ebenfalls an die o.a. Anmeldeadresse. Denn: <strong>Es sind zahlreiche weitere Kurse und Termine geplant!<\/strong> Melden Sie daher Ihren Bedarf an!<\/p>\n<p>Das Team des DaZ-Forums wird sich auf die Online-Arbeit, den<\/p>\n<p>Ausbau und die Professionalisierung des Blogs sowie die dort zur Verf\u00fcgung<\/p>\n<p>gestellten Materialien und Informationen konzentrieren, um dieses Informationsportal weiter auf- u. auszubauen.<\/p>\n<p>Wir bedanken uns f\u00fcr Ihr Interesse am Thema, am DaZ-Forum und Ihrem Engagement und w\u00fcnschen Ihnen eine weiterhin lehrreiche praktische und theoretische Besch\u00e4ftigung in diesem Feld.<\/p>\n<p>&nbsp;<\/p>\n<p>&nbsp;<\/p>\n<p>&nbsp;<\/p>\n<table style=\"height: 823px\" width=\"704\">\n<tbody>\n<tr>\n<td width=\"151\"><strong>Thema<\/strong><\/td>\n<td width=\"180\"><strong>Referent<\/strong><\/td>\n<td width=\"245\"><strong>Material \/ Verlinkungen<\/strong><\/td>\n<\/tr>\n<tr>\n<td width=\"151\">\n<p style=\"text-align: center\">Auftakt<\/p>\n<\/td>\n<td width=\"180\">Prof. Dr. Matthias Ballod<\/td>\n<td width=\"245\">\n<p style=\"text-align: left\"><a href=\"https:\/\/blogs.urz.uni-halle.de\/forumdaz\/files\/2015\/12\/DaZ-Forum-Auftakt.pdf\" target=\"_blank\" rel=\"\">Pr\u00e4sentation: DaZ-Forum-Auftakt<\/a><\/p>\n<\/td>\n<\/tr>\n<tr>\n<td width=\"151\">\n<p style=\"text-align: center\">Vernetzung<\/p>\n<\/td>\n<td width=\"180\">Prof. Dr. Matthias Ballod<\/td>\n<td width=\"245\">\n<p style=\"text-align: left\"><a href=\"https:\/\/blogs.urz.uni-halle.de\/forumdaz\/files\/2015\/12\/DaZ-Forum-Vernetzung.pdf\" target=\"_blank\" rel=\"\">Pr\u00e4sentation: DaZ-Forum-Vernetzung<\/a><\/p>\n<\/td>\n<\/tr>\n<tr>\n<td width=\"151\">\n<p style=\"text-align: center\">Materialien<\/p>\n<\/td>\n<td width=\"180\">Annette Mettin<\/td>\n<td width=\"245\"><a href=\"http:\/\/bibliothek.uni-halle.de\/\" target=\"_blank\">Universit\u00e4ts- und Landesbibliothek Sachsen-Anhalt (ULB)<\/a><\/p>\n<p><a href=\"https:\/\/blogs.urz.uni-halle.de\/forumdaz\/material\/links\/\">Links<\/a><\/td>\n<\/tr>\n<tr>\n<td width=\"151\">\n<p style=\"text-align: center\">Wortschatz (-arbeit)<\/p>\n<\/td>\n<td width=\"180\">Brigitte Schniggenfittig<\/p>\n<p>Ingrid Stude<\/td>\n<td width=\"245\"><a href=\"http:\/\/www.mediathek.uni-halle.de\/\" target=\"_blank\">Mediathek der Martin-Luther-Universit\u00e4t Halle-Wittenberg<\/a><\/td>\n<\/tr>\n<tr>\n<td width=\"151\">\n<p style=\"text-align: center\">Alphabetisierung<\/p>\n<\/td>\n<td width=\"180\">Dr. Alaa Moustafa<\/p>\n<p>Kathleen Werner<\/td>\n<td width=\"245\"><a href=\"https:\/\/blogs.urz.uni-halle.de\/forumdaz\/files\/2015\/12\/Moustafa-Einf\u00fchrung-ins-Arabische.pdf\" target=\"_blank\" rel=\"\">Kleine Einf\u00fchrung ins Arabische &#8211; Dr. Moustafa<\/a><\/td>\n<\/tr>\n<tr>\n<td width=\"151\">\n<p style=\"text-align: center\">Didaktik \/ Methodik<\/p>\n<\/td>\n<td width=\"180\">Prof. Dr. Michael Ritter<\/p>\n<p>Heike Link<\/td>\n<td width=\"245\"><a href=\"https:\/\/blogs.urz.uni-halle.de\/forumdaz\/files\/2015\/12\/Didaktik-Methodik-des-DaZ-Prof.-Ritter-Pr\u00e4sentation.pdf\" target=\"_blank\" rel=\"\">Didaktik &amp; Methodik des DaZ &#8211; Prof. Ritter (Pr\u00e4sentation)<\/a><br \/>\n<a href=\"https:\/\/blogs.urz.uni-halle.de\/forumdaz\/files\/2015\/12\/DaZ-im-Primarbereich-Basics-Prof.-Ritter-Handout.pdf\" target=\"_blank\" rel=\"\">DaZ im Primarbereich &#8211; Basics &#8211; Prof. Ritter (Handout)<\/a><\/td>\n<\/tr>\n<tr>\n<td width=\"151\">\n<p style=\"text-align: center\">Interkulturalit\u00e4t<\/p>\n<\/td>\n<td width=\"180\">Prof. Dr. Werner Nell<\/td>\n<td width=\"245\"><a href=\"http:\/\/www.neuemedienmacher.de\/wissen\/wording-glossar\/\" target=\"_blank\">Glossar der Neuen deutschen Medienmacher. Formulierungshilfen f\u00fcr die Berichterstattung im Einwanderungsland<\/a><\/td>\n<\/tr>\n<tr>\n<td width=\"151\">\n<p style=\"text-align: center\"><strong>19.04.\u00a0<\/strong><\/p>\n<p style=\"text-align: center\">Einf\u00fchrung in die <strong>Wortschatz-Arbeit<\/strong><\/p>\n<\/td>\n<td width=\"180\">Brigitte Schniggenfittig<\/td>\n<td width=\"245\"><\/td>\n<\/tr>\n<tr>\n<td width=\"151\">\n<p style=\"text-align: center\"><strong>26.04.<\/strong><\/p>\n<p style=\"text-align: center\"><strong>Materialien<\/strong>, u.a. mit F\u00fchrungen in der ULB (Steintor-Campus) und der Mediathek (Sprachenzentrum)<\/p>\n<\/td>\n<td width=\"180\">Miriam Heise<\/p>\n<p>Annette Mettin<\/p>\n<p>Ingrid Stude<\/td>\n<td width=\"245\"><a href=\"https:\/\/blogs.urz.uni-halle.de\/forumdaz\/files\/2016\/02\/Slider1.jpg\" rel=\"attachment wp-att-161\"><img loading=\"lazy\" class=\"alignnone wp-image-161\" src=\"https:\/\/blogs.urz.uni-halle.de\/forumdaz\/files\/2016\/02\/Slider1-744x536.jpg\" alt=\"Slider1\" width=\"281\" height=\"202\" srcset=\"https:\/\/blogs.urz.uni-halle.de\/forumdaz\/files\/2016\/02\/Slider1-744x536.jpg 744w, https:\/\/blogs.urz.uni-halle.de\/forumdaz\/files\/2016\/02\/Slider1-420x303.jpg 420w, https:\/\/blogs.urz.uni-halle.de\/forumdaz\/files\/2016\/02\/Slider1-768x554.jpg 768w, https:\/\/blogs.urz.uni-halle.de\/forumdaz\/files\/2016\/02\/Slider1-1200x865.jpg 1200w, https:\/\/blogs.urz.uni-halle.de\/forumdaz\/files\/2016\/02\/Slider1-600x433.jpg 600w\" sizes=\"(max-width: 281px) 100vw, 281px\" \/><\/a><\/td>\n<\/tr>\n<tr>\n<td width=\"151\">\n<p style=\"text-align: center\"><strong>03.05.<\/strong><\/p>\n<p style=\"text-align: center\">Eins, zwei, drei, Sprachspielerei.<\/p>\n<p style=\"text-align: center\"><strong>Sprachf\u00f6rderung <\/strong>mit Gedichten und Bilderb\u00fcchern<\/p>\n<\/td>\n<td width=\"180\">Prof. Dr. Michael Ritter<\/td>\n<td width=\"245\"><a href=\"https:\/\/blogs.urz.uni-halle.de\/forumdaz\/files\/2015\/12\/DaZ-Forum_WWW_komp.pdf\" target=\"_blank\">Sprachf\u00f6rderung DaZ_Sprachspielerei &#8211; Prof. Ritter (Pr\u00e4sentation)<\/a><\/td>\n<\/tr>\n<tr>\n<td width=\"151\">\n<p style=\"text-align: center\"><strong>10.05.<\/strong><\/p>\n<p style=\"text-align: center\">Hueber Verlag<\/p>\n<p style=\"text-align: center\"><strong>Materialvorstellung<\/strong><\/p>\n<\/td>\n<td width=\"180\">Jeanne Cordebard<\/td>\n<td width=\"245\"><\/td>\n<\/tr>\n<tr>\n<td width=\"151\">\n<p style=\"text-align: center\"><strong>17.05.<\/strong><\/p>\n<p style=\"text-align: center\"><strong>Interkulturelle Konfliktfelder<\/strong><\/p>\n<\/td>\n<td width=\"180\">Dr. S. Winkelmann-Witkowsky<\/td>\n<td width=\"245\"><a href=\"https:\/\/blogs.urz.uni-halle.de\/forumdaz\/files\/2015\/12\/Konfliktfelder-in-der-Integrationsarbeit-Winkelmann-Witkowsky_Handout.pdf\">Konfliktfelder in der Integrationsarbeit &#8211; Winkelmann-Witkowsky (Handout)<\/a><\/td>\n<\/tr>\n<tr>\n<td width=\"151\">\n<p style=\"text-align: center\"><strong>24.05.<\/strong><\/p>\n<p style=\"text-align: center\"><strong> M\u00fcndlicher Sprachgebrauch \u2013 <\/strong>implizite F\u00f6rderung in der Erst- und Zweitsprache<\/p>\n<\/td>\n<td width=\"180\">Nadine Naugk<\/td>\n<td width=\"245\">Pr\u00e4sentation auf Anfrage per E-Mail<\/td>\n<\/tr>\n<tr>\n<td width=\"151\">\n<p style=\"text-align: center\"><strong>31.05.<\/strong><\/p>\n<p style=\"text-align: center\">Grundlagen des<strong> Arabischen <\/strong><\/p>\n<\/td>\n<td width=\"180\">Dr. Alaa Moustafa<\/td>\n<td width=\"245\"><\/td>\n<\/tr>\n<tr>\n<td width=\"151\">\n<p style=\"text-align: center\"><strong>07.06.<\/strong><\/p>\n<p style=\"text-align: center\"><strong> Alphabetisierung <\/strong><\/p>\n<\/td>\n<td width=\"180\">Kathleen Werner<\/td>\n<td width=\"245\"><\/td>\n<\/tr>\n<tr>\n<td width=\"151\">\n<p style=\"text-align: center\"><span style=\"color: #ff0000\"><strong>14.06.<\/strong><\/span><\/p>\n<p style=\"text-align: center\"><span style=\"color: #ff0000\"><strong>Termin entf\u00e4llt!<\/strong><\/span><\/p>\n<\/td>\n<td width=\"180\"><\/td>\n<td width=\"245\"><\/td>\n<\/tr>\n<tr>\n<td width=\"151\">\n<p style=\"text-align: center\"><strong>21.06. <\/strong><\/p>\n<p style=\"text-align: center\">Klett-Verlag<\/p>\n<p style=\"text-align: center\"><strong>Materialvorstellung<\/strong><\/p>\n<\/td>\n<td width=\"180\">Friedhelm Lampe<\/td>\n<td width=\"245\"><a href=\"https:\/\/blogs.urz.uni-halle.de\/forumdaz\/files\/2015\/12\/Klett_DaZ_Halle.pptx\">Materialvorstellung Klett + Kontakt Hr. Lampe<\/a><\/p>\n<p><a href=\"https:\/\/blogs.urz.uni-halle.de\/forumdaz\/files\/2015\/12\/Ein-guter-Start-Ehrenamtlichen-Magazin-Klett-Verlag.pdf\">Ein guter Start &#8211; Ehrenamtlichen-Magazin (Klett-Verlag)<\/a><\/td>\n<\/tr>\n<tr>\n<td width=\"151\">\n<p style=\"text-align: center\"><strong>28. 06.<br \/>\n<\/strong><\/p>\n<p style=\"text-align: center\"><strong>Konfliktbearbeitung in multikulturellen \u00a0\u00a0\u00a0\u00a0\u00a0\u00a0 Kontexten<\/strong><\/p>\n<p>&nbsp;<\/td>\n<td width=\"180\">Prof. Dr. Werner Nell<\/td>\n<td width=\"245\"><\/td>\n<\/tr>\n<\/tbody>\n<\/table>\n<p>&nbsp;<\/p>\n<p><strong>\u00a0<\/strong><\/p>\n<p>&nbsp;<\/p>\n<p>&nbsp;<\/p>\n<p>&nbsp;<\/p>\n","protected":false},"excerpt":{"rendered":"<p>Liebe DaZ-Forum-Interessierten! Die regul\u00e4ren Veranstaltungen des Wintersemesters haben gerade begonnen und entsprechend m\u00f6chten wir Sie auch dar\u00fcber informieren, wie es<\/p>\n<div class=\"read-button read_more_btn_text\"><a class=\"read_more\" href=\"https:\/\/blogs.urz.uni-halle.de\/forumdaz\/termine\/\">Read Now<span class=\"arrow_readm\"> &#x25BA;<\/span><\/a><\/div>\n","protected":false},"author":654,"featured_media":0,"parent":0,"menu_order":1,"comment_status":"closed","ping_status":"closed","template":"","meta":[],"_links":{"self":[{"href":"https:\/\/blogs.urz.uni-halle.de\/forumdaz\/wp-json\/wp\/v2\/pages\/5"}],"collection":[{"href":"https:\/\/blogs.urz.uni-halle.de\/forumdaz\/wp-json\/wp\/v2\/pages"}],"about":[{"href":"https:\/\/blogs.urz.uni-halle.de\/forumdaz\/wp-json\/wp\/v2\/types\/page"}],"author":[{"embeddable":true,"href":"https:\/\/blogs.urz.uni-halle.de\/forumdaz\/wp-json\/wp\/v2\/users\/654"}],"replies":[{"embeddable":true,"href":"https:\/\/blogs.urz.uni-halle.de\/forumdaz\/wp-json\/wp\/v2\/comments?post=5"}],"version-history":[{"count":11,"href":"https:\/\/blogs.urz.uni-halle.de\/forumdaz\/wp-json\/wp\/v2\/pages\/5\/revisions"}],"predecessor-version":[{"id":245,"href":"https:\/\/blogs.urz.uni-halle.de\/forumdaz\/wp-json\/wp\/v2\/pages\/5\/revisions\/245"}],"wp:attachment":[{"href":"https:\/\/blogs.urz.uni-halle.de\/forumdaz\/wp-json\/wp\/v2\/media?parent=5"}],"curies":[{"name":"wp","href":"https:\/\/api.w.org\/{rel}","templated":true}]}}