{"id":2,"date":"2022-03-20T18:53:59","date_gmt":"2022-03-20T17:53:59","guid":{"rendered":"https:\/\/blogs.urz.uni-halle.de\/french4u\/?page_id=2"},"modified":"2022-04-01T00:50:08","modified_gmt":"2022-03-31T22:50:08","slug":"beispiel-seite","status":"publish","type":"page","link":"https:\/\/blogs.urz.uni-halle.de\/french4u\/beispiel-seite\/","title":{"rendered":"Home"},"content":{"rendered":"<p><strong>Apprendre une langue devrait \u00eatre un plaisir!<\/strong><\/p>\n<p>Mon nom est Karine Voigt. Je suis professeur de fran\u00e7ais et d&#8217;anglais dans un coll\u00e8ge et lyc\u00e9e \u00e0 Magdebourg, une ville d&#8217;Allemagne en Saxe-Anhalt.<\/p>\n<p>L&#8217;objet de ce site est de fournir aux \u00e9l\u00e8ves qui apprennent le fran\u00e7ais des sources suppl\u00e9mentaires pour s&#8217;exercer.<\/p>\n<p>Ch\u00e8re visiteuse, cher visiteur de ce site,<\/p>\n<p>Ce site te permettra de trouver des textes distrayants \u00e0 lire ou \u00e0 \u00e9couter, ainsi que des vid\u00e9os et des exercices qui conviendront \u00e0 ton niveau. Amuse-toi bien!<\/p>\n","protected":false},"excerpt":{"rendered":"<p>Apprendre une langue devrait \u00eatre un plaisir! Mon nom est Karine Voigt. Je suis professeur de fran\u00e7ais et d&#8217;anglais dans un coll\u00e8ge et lyc\u00e9e \u00e0 Magdebourg, une ville d&#8217;Allemagne en Saxe-Anhalt. L&#8217;objet de ce site est de fournir aux \u00e9l\u00e8ves qui apprennent le fran\u00e7ais des sources suppl\u00e9mentaires pour s&#8217;exercer. Ch\u00e8re visiteuse, cher visiteur de ce [&hellip;]<\/p>\n","protected":false},"author":5146,"featured_media":0,"parent":0,"menu_order":0,"comment_status":"closed","ping_status":"open","template":"","meta":{"ngg_post_thumbnail":0},"_links":{"self":[{"href":"https:\/\/blogs.urz.uni-halle.de\/french4u\/wp-json\/wp\/v2\/pages\/2"}],"collection":[{"href":"https:\/\/blogs.urz.uni-halle.de\/french4u\/wp-json\/wp\/v2\/pages"}],"about":[{"href":"https:\/\/blogs.urz.uni-halle.de\/french4u\/wp-json\/wp\/v2\/types\/page"}],"author":[{"embeddable":true,"href":"https:\/\/blogs.urz.uni-halle.de\/french4u\/wp-json\/wp\/v2\/users\/5146"}],"replies":[{"embeddable":true,"href":"https:\/\/blogs.urz.uni-halle.de\/french4u\/wp-json\/wp\/v2\/comments?post=2"}],"version-history":[{"count":3,"href":"https:\/\/blogs.urz.uni-halle.de\/french4u\/wp-json\/wp\/v2\/pages\/2\/revisions"}],"predecessor-version":[{"id":15,"href":"https:\/\/blogs.urz.uni-halle.de\/french4u\/wp-json\/wp\/v2\/pages\/2\/revisions\/15"}],"wp:attachment":[{"href":"https:\/\/blogs.urz.uni-halle.de\/french4u\/wp-json\/wp\/v2\/media?parent=2"}],"curies":[{"name":"wp","href":"https:\/\/api.w.org\/{rel}","templated":true}]}}