{"id":57,"date":"2023-05-12T21:57:27","date_gmt":"2023-05-12T19:57:27","guid":{"rendered":"https:\/\/blogs.urz.uni-halle.de\/geographiedidaktik\/?page_id=57"},"modified":"2026-01-14T13:31:41","modified_gmt":"2026-01-14T12:31:41","slug":"janna-enzmann","status":"publish","type":"page","link":"https:\/\/blogs.urz.uni-halle.de\/geographiedidaktik\/arbeitsgruppe\/janna-enzmann\/","title":{"rendered":"Janna Enzmann"},"content":{"rendered":"\n<div class=\"wp-block-media-text alignwide is-stacked-on-mobile\"><figure class=\"wp-block-media-text__media\"><img loading=\"lazy\" width=\"1024\" height=\"893\" src=\"https:\/\/blogs.urz.uni-halle.de\/geographiedidaktik\/files\/2024\/09\/IMG_9713_bearbeitet_Homepage_1-scaled-e1725281300433-1024x893.jpg\" alt=\"\" class=\"wp-image-729\" srcset=\"https:\/\/blogs.urz.uni-halle.de\/geographiedidaktik\/files\/2024\/09\/IMG_9713_bearbeitet_Homepage_1-scaled-e1725281300433-1024x893.jpg 1024w, https:\/\/blogs.urz.uni-halle.de\/geographiedidaktik\/files\/2024\/09\/IMG_9713_bearbeitet_Homepage_1-scaled-e1725281300433-300x262.jpg 300w, https:\/\/blogs.urz.uni-halle.de\/geographiedidaktik\/files\/2024\/09\/IMG_9713_bearbeitet_Homepage_1-scaled-e1725281300433-768x670.jpg 768w, https:\/\/blogs.urz.uni-halle.de\/geographiedidaktik\/files\/2024\/09\/IMG_9713_bearbeitet_Homepage_1-scaled-e1725281300433-1536x1339.jpg 1536w, https:\/\/blogs.urz.uni-halle.de\/geographiedidaktik\/files\/2024\/09\/IMG_9713_bearbeitet_Homepage_1-scaled-e1725281300433.jpg 1958w\" sizes=\"(max-width: 1024px) 100vw, 1024px\" \/><\/figure><div class=\"wp-block-media-text__content\">\n<h3>Janna Enzmann<br>Wissenschaftliche Mitarbeiterin<\/h3>\n\n\n\n<div class=\"wp-block-media-text alignwide is-stacked-on-mobile is-vertically-aligned-center\" style=\"grid-template-columns:15% auto\"><figure class=\"wp-block-media-text__media\"><img loading=\"lazy\" width=\"268\" height=\"268\" src=\"https:\/\/blogs.urz.uni-halle.de\/geographiedidaktik\/files\/2023\/05\/adress.png\" alt=\"\" class=\"wp-image-79\" srcset=\"https:\/\/blogs.urz.uni-halle.de\/geographiedidaktik\/files\/2023\/05\/adress.png 268w, https:\/\/blogs.urz.uni-halle.de\/geographiedidaktik\/files\/2023\/05\/adress-150x150.png 150w\" sizes=\"(max-width: 268px) 100vw, 268px\" \/><\/figure><div class=\"wp-block-media-text__content\">\n<p>Raum 3.\u200b26<br>Von-\u200bSeckendorff-\u200bPlatz 4<br>06120 Halle<\/p>\n<\/div><\/div>\n\n\n\n<div class=\"wp-block-media-text alignwide is-stacked-on-mobile\" style=\"grid-template-columns:15% auto\"><figure class=\"wp-block-media-text__media\"><img loading=\"lazy\" width=\"268\" height=\"268\" src=\"https:\/\/blogs.urz.uni-halle.de\/geographiedidaktik\/files\/2023\/05\/phone.png\" alt=\"\" class=\"wp-image-82\" srcset=\"https:\/\/blogs.urz.uni-halle.de\/geographiedidaktik\/files\/2023\/05\/phone.png 268w, https:\/\/blogs.urz.uni-halle.de\/geographiedidaktik\/files\/2023\/05\/phone-150x150.png 150w\" sizes=\"(max-width: 268px) 100vw, 268px\" \/><\/figure><div class=\"wp-block-media-text__content\">\n<p>+49 (0)345\/55 \u200b26021<\/p>\n<\/div><\/div>\n\n\n\n<div style=\"height:20px\" aria-hidden=\"true\" class=\"wp-block-spacer\"><\/div>\n\n\n\n<div class=\"wp-block-media-text alignwide is-stacked-on-mobile\" style=\"grid-template-columns:15% auto\"><figure class=\"wp-block-media-text__media\"><img loading=\"lazy\" width=\"268\" height=\"268\" src=\"https:\/\/blogs.urz.uni-halle.de\/geographiedidaktik\/files\/2023\/05\/Mail.png\" alt=\"\" class=\"wp-image-81\" srcset=\"https:\/\/blogs.urz.uni-halle.de\/geographiedidaktik\/files\/2023\/05\/Mail.png 268w, https:\/\/blogs.urz.uni-halle.de\/geographiedidaktik\/files\/2023\/05\/Mail-150x150.png 150w\" sizes=\"(max-width: 268px) 100vw, 268px\" \/><\/figure><div class=\"wp-block-media-text__content\">\n<p><a href=\"mailto:janna.enzmann@geo.uni-halle.de\">janna.enzmann@geo.uni-halle.de<\/a><\/p>\n<\/div><\/div>\n\n\n\n<div style=\"height:20px\" aria-hidden=\"true\" class=\"wp-block-spacer\"><\/div>\n\n\n\n<div class=\"wp-block-media-text alignwide is-stacked-on-mobile\" style=\"grid-template-columns:15% auto\"><figure class=\"wp-block-media-text__media\"><img loading=\"lazy\" width=\"268\" height=\"268\" src=\"https:\/\/blogs.urz.uni-halle.de\/geographiedidaktik\/files\/2023\/05\/conf.png\" alt=\"\" class=\"wp-image-80\" srcset=\"https:\/\/blogs.urz.uni-halle.de\/geographiedidaktik\/files\/2023\/05\/conf.png 268w, https:\/\/blogs.urz.uni-halle.de\/geographiedidaktik\/files\/2023\/05\/conf-150x150.png 150w\" sizes=\"(max-width: 268px) 100vw, 268px\" \/><\/figure><div class=\"wp-block-media-text__content\">\n<p>Sprechstunde: nach Vereinbarung<\/p>\n<\/div><\/div>\n\n\n\n<p><\/p>\n<\/div><\/div>\n\n\n\n<div class=\"wp-block-pb-accordion-item c-accordion__item js-accordion-item no-js\" data-initially-open=\"false\" data-click-to-close=\"true\" data-auto-close=\"false\" data-scroll=\"false\" data-scroll-offset=\"0\"><h3 id=\"at-570\" class=\"c-accordion__title js-accordion-controller\" role=\"button\">Wissenschaftlicher Werdegang<\/h3><div id=\"ac-570\" class=\"c-accordion__content\">\n<figure class=\"wp-block-table is-style-regular\"><table><tbody><tr><td class=\"has-text-align-left\" data-align=\"left\">seit 09\/2024<\/td><td class=\"has-text-align-left\" data-align=\"left\">Wissenschaftliche Mitarbeiterin in der Didaktik der Geographie im Institut f\u00fcr Geowissenschaften und Geographie an der Martin-\u200bLuther-\u200bUniversit\u00e4t Halle-\u200bWittenberg<\/td><\/tr><tr><td class=\"has-text-align-left\" data-align=\"left\">05\/2022- 08\/2022<\/td><td class=\"has-text-align-left\" data-align=\"left\">Wissenschaftliche Hilfskraft in der P\u00e4dagogischen Psychologie an der Martin-Luther-Universit\u00e4t Halle-Wittenberg<\/td><\/tr><tr><td class=\"has-text-align-left\" data-align=\"left\">04\/2021-\u200b 08\/2024<\/td><td class=\"has-text-align-left\" data-align=\"left\">Wissenschaftliche Hilfskraft in der Didaktik der Geographie an der Martin-Luther-Universit\u00e4t Halle-Wittenberg<\/td><\/tr><tr><td class=\"has-text-align-left\" data-align=\"left\">2019- \u200b2024<\/td><td class=\"has-text-align-left\" data-align=\"left\">Studium f\u00fcr das Lehramt an Gymnasien f\u00fcr die F\u00e4cher Geographie und Biologie an der Martin-Luther-Universit\u00e4t Halle-Wittenberg, Abschluss: Erstes Staatsexamen<\/td><\/tr><tr><td class=\"has-text-align-left\" data-align=\"left\">2010- \u200b2019<\/td><td class=\"has-text-align-left\" data-align=\"left\">Schulbesuch, Abschluss: Allgemeine Hochschulreife an der Integrierten Gesamtschule Franzsches Feld in Braunschweig<\/td><\/tr><\/tbody><\/table><\/figure>\n\n\n\n<p><\/p>\n<\/div><\/div>\n\n\n\n<div class=\"wp-block-pb-accordion-item c-accordion__item js-accordion-item no-js\" data-initially-open=\"false\" data-click-to-close=\"true\" data-auto-close=\"false\" data-scroll=\"false\" data-scroll-offset=\"0\"><h3 id=\"at-571\" class=\"c-accordion__title js-accordion-controller\" role=\"button\">Forschungsinteressen<\/h3><div id=\"ac-571\" class=\"c-accordion__content\">\n<ul><li>Kontroversit\u00e4t in der geographischen Bildung<\/li><li>Verh\u00e4ltnis von geographischer Bildung und Bildung f\u00fcr nachhaltige Entwicklung<\/li><\/ul>\n\n\n\n<p><\/p>\n<\/div><\/div>\n\n\n\n<div class=\"wp-block-pb-accordion-item c-accordion__item js-accordion-item no-js\" data-initially-open=\"false\" data-click-to-close=\"true\" data-auto-close=\"false\" data-scroll=\"false\" data-scroll-offset=\"0\"><h3 id=\"at-572\" class=\"c-accordion__title js-accordion-controller\" role=\"button\">Publikationen<\/h3><div id=\"ac-572\" class=\"c-accordion__content\">\n<p>Enzmann, J., &amp; Lindau, A.-K. (i. E.). Das Verh\u00e4ltnis von geographischer Bildung und Bildung f\u00fcr nachhaltige Entwicklung zwischen Fachlichkeit und Bildungspolitik \u2013 Ein systematisches Literaturreview. <em>Zeitschrift f\u00fcr Geographiedidaktik<\/em>. <\/p>\n\n\n\n<p>Lindau, A.-K., &amp; Enzmann, J. (2024). Zur Bedeutung der Geographie in deutschsprachigen Nachhaltigkeitsnetzwerken an Schulen und Hochschulen. <em>Geographischer Rundbrief, 307<\/em>(3), 20\u201325. <a href=\"https:\/\/vgdh.de\/aktuelles\/2024\/einleitung-und-konzeptionelle-grundlagen-zur-bedeutung-der-geographie-in-deutschsprachigen-nachhaltigkeitsnetzwerken-an-schulen-und-hochschulen\/\">https:\/\/vgdh.de\/aktuelles\/2024\/einleitung-und-konzeptionelle-grundlagen-zur-bedeutung-der-geographie-in-deutschsprachigen-nachhaltigkeitsnetzwerken-an-schulen-und-hochschulen\/<\/a><\/p>\n<\/div><\/div>\n\n\n\n<p><\/p>\n\n\n\n<div class=\"wp-block-pb-accordion-item c-accordion__item js-accordion-item no-js\" data-initially-open=\"false\" data-click-to-close=\"true\" data-auto-close=\"false\" data-scroll=\"false\" data-scroll-offset=\"0\"><h3 id=\"at-573\" class=\"c-accordion__title js-accordion-controller\" role=\"button\">Pr\u00e4sentationen<\/h3><div id=\"ac-573\" class=\"c-accordion__content\">\n<p>Enzmann, J. (2025). Kontroversit\u00e4t in der geographischen Bildung: Ein systematisches Literaturreview. Pr\u00e4sentiert auf der HGD-Nachwuchstagung 2025 &#8222;Zukunftsorientierte Wege in der Geographie: Didaktische Zug\u00e4nge f\u00fcr eine komplexe Welt&#8220; in Augsburg, Deutschland<\/p>\n\n\n\n<p>Enzmann, J. (2024). Bildung f\u00fcr nachhaltige Entwicklung im Geographieunterricht &#8211; Zwischen Normativit\u00e4t und Fachlichkeit. Pr\u00e4sentiert auf dem Symposium &#8222;Geographie unterrichten \u2013 Zusammenh\u00e4nge verstehen \u2013 Zukunft gestalten&#8220; des&nbsp;Hochschulverbands f\u00fcr Geographiedidaktik (HGD) in Karlsruhe, Deutschland<\/p>\n\n\n\n<h4>Workshops<\/h4>\n\n\n\n<p>24.09.2025 \u201e\u00dcber Grenzziehungen im Pluralismus \u2013 Lehrer:innenbildung vor der Herausforderung des Umgangs mit Kontroversit\u00e4t in BNE\u201c \u2013 Workshop auf der Jahrestagung der DGfE-Kommission Bildung f\u00fcr nachhaltige Entwicklung \u201eBildung, Demokratie &amp; Nachhaltigkeit: Beitr\u00e4ge zur Theorieentwicklung und empirischen Forschung\u201c an der Universit\u00e4t Dresden (gemeinsam mit&nbsp;<a href=\"https:\/\/blogs.urz.uni-halle.de\/geographiedidaktik\/arbeitsgruppe\/paula-jaeger\/\">Paula J\u00e4ger<\/a>)<\/p>\n\n\n\n<p>02.09.2025 \u201eIch muss doch neutral sein!? \u2013 Zum Umgang mit Kontroversit\u00e4t im Kontext von BNE\u201c \u2013 Workshop auf der Senatra-Abschlusstagung \u201eZukunft lernen, Wandel gestalten: Innovative Formate f\u00fcr Bildung f\u00fcr nachhaltige Entwicklung in der Hochschule\u201c an der Universit\u00e4t Vechta (gemeinsam mit&nbsp;<a href=\"https:\/\/blogs.urz.uni-halle.de\/geographiedidaktik\/arbeitsgruppe\/paula-jaeger\/\">Paula J\u00e4ger<\/a>)<\/p>\n\n\n\n<p>30.04.2025 \u201eZwischen Neutralit\u00e4t und Positionierung: Kontroversit\u00e4t in BNE gestalten\u201c \u2013 Workshop f\u00fcr Hochschuldozierende,&nbsp;Ausbilder*innen der zweiten Phase&nbsp;und&nbsp;Studierende im Rahmen des Studientags <em>\u201eBildung f\u00fcr Nachhaltige Entwicklung in der Lehrer*innenbildung\u201c<\/em> an der Martin-Luther-Universit\u00e4t Halle-Wittenberg (gemeinsam mit <a href=\"https:\/\/blogs.urz.uni-halle.de\/geographiedidaktik\/arbeitsgruppe\/paula-jaeger\/\">Paula J\u00e4ger<\/a>)<\/p>\n<\/div><\/div>\n\n\n\n<div class=\"wp-block-pb-accordion-item c-accordion__item js-accordion-item no-js\" data-initially-open=\"false\" data-click-to-close=\"true\" data-auto-close=\"false\" data-scroll=\"false\" data-scroll-offset=\"0\"><h3 id=\"at-574\" class=\"c-accordion__title js-accordion-controller\" role=\"button\">Lehre<\/h3><div id=\"ac-574\" class=\"c-accordion__content\">\n<p><strong>Wintersemester 2026\/26<\/strong><\/p>\n\n\n\n<ul><li>Fachdidaktik III &#8211; Medien im Geographieunterricht (<a href=\"https:\/\/studip.uni-halle.de\/dispatch.php\/course\/details?sem_id=077cc750475b01815cdc274115263c97&amp;again=yes\">Seminar<\/a> und <a href=\"https:\/\/studip.uni-halle.de\/dispatch.php\/course\/details?sem_id=9de9e382f14e6930f27a262e69fc9e74&amp;again=yes\">Projektseminar<\/a>)<\/li><\/ul>\n\n\n\n<p><strong>Sommersemester 2025<\/strong><\/p>\n\n\n\n<ul><li><a rel=\"noreferrer noopener\" href=\"https:\/\/studip.uni-halle.de\/dispatch.php\/course\/details?sem_id=21ad2a699e9945ca6ff1ab330de72d2e&amp;again=yes\" target=\"_blank\">Fachdidaktik IV \u2013 Outdoor Education (Seminar)<\/a><\/li><li><a rel=\"noreferrer noopener\" href=\"https:\/\/studip.uni-halle.de\/dispatch.php\/course\/details?sem_id=90257b37029b0d95b2bdc29e457f2c69&amp;again=yes\" target=\"_blank\">Fachdidaktik II \u2013 Geographieunterricht \u2013 Konzeption und Gestaltung (Schulpraktische \u00dcbungen (SP\u00dc))<\/a><\/li><li><a href=\"https:\/\/studip.uni-halle.de\/dispatch.php\/course\/details?sem_id=91db5e875186a7a965e9aa3d8ea01ffe&amp;again=yes\" target=\"_blank\" rel=\"noreferrer noopener\">Regionale Geographie (Fachdidaktik) Exkursion Berlin<\/a> <\/li><\/ul>\n\n\n\n<p><strong>Wintersemester 2024\/25<\/strong><\/p>\n\n\n\n<ul><li>Fachdidaktik III &#8211; Medien im Geographieunterricht (Seminar und Projektseminar)<\/li><\/ul>\n\n\n\n<p><\/p>\n<\/div><\/div>\n","protected":false},"excerpt":{"rendered":"","protected":false},"author":6162,"featured_media":0,"parent":25,"menu_order":0,"comment_status":"closed","ping_status":"closed","template":"","meta":[],"yoast_head":"<!-- This site is optimized with the Yoast SEO plugin v15.6.2 - https:\/\/yoast.com\/wordpress\/plugins\/seo\/ -->\n<title>Janna Enzmann - Didaktik der Geographie (MLU Halle-Wittenberg)<\/title>\n<meta name=\"description\" content=\"Homepage von Janna Enzmann mit Informationen zum wissenschaftlichen Werdegang, Forschungsinteressen, Publikationen und Pr\u00e4sentationen\" \/>\n<meta name=\"robots\" content=\"index, follow, max-snippet:-1, max-image-preview:large, max-video-preview:-1\" \/>\n<link rel=\"canonical\" href=\"https:\/\/blogs.urz.uni-halle.de\/geographiedidaktik\/arbeitsgruppe\/janna-enzmann\/\" \/>\n<meta property=\"og:locale\" content=\"de_DE\" \/>\n<meta property=\"og:type\" content=\"article\" \/>\n<meta property=\"og:title\" content=\"Janna Enzmann - Didaktik der Geographie (MLU Halle-Wittenberg)\" \/>\n<meta property=\"og:description\" content=\"Homepage von Janna Enzmann mit Informationen zum wissenschaftlichen Werdegang, Forschungsinteressen, Publikationen und Pr\u00e4sentationen\" \/>\n<meta property=\"og:url\" content=\"https:\/\/blogs.urz.uni-halle.de\/geographiedidaktik\/arbeitsgruppe\/janna-enzmann\/\" \/>\n<meta property=\"og:site_name\" content=\"Didaktik der Geographie (MLU Halle-Wittenberg)\" \/>\n<meta property=\"article:modified_time\" content=\"2026-01-14T12:31:41+00:00\" \/>\n<meta property=\"og:image\" content=\"https:\/\/blogs.urz.uni-halle.de\/geographiedidaktik\/files\/2024\/09\/IMG_9713_bearbeitet_Homepage_1-scaled-e1725281300433-1024x893.jpg\" \/>\n<meta name=\"twitter:card\" content=\"summary_large_image\" \/>\n<meta name=\"twitter:label1\" content=\"Gesch\u00e4tzte Lesezeit\">\n\t<meta name=\"twitter:data1\" content=\"3\u00a0Minuten\">\n<script type=\"application\/ld+json\" class=\"yoast-schema-graph\">{\"@context\":\"https:\/\/schema.org\",\"@graph\":[{\"@type\":\"Organization\",\"@id\":\"https:\/\/blogs.urz.uni-halle.de\/geographiedidaktik\/#organization\",\"name\":\"Didaktik der Geographie MLU\",\"url\":\"https:\/\/blogs.urz.uni-halle.de\/geographiedidaktik\/\",\"sameAs\":[],\"logo\":{\"@type\":\"ImageObject\",\"@id\":\"https:\/\/blogs.urz.uni-halle.de\/geographiedidaktik\/#logo\",\"inLanguage\":\"de\",\"url\":\"https:\/\/blogs.urz.uni-halle.de\/geographiedidaktik\/files\/2023\/06\/Logo_Didaktik-der-Geographie_MLU-1.png\",\"width\":1339,\"height\":404,\"caption\":\"Didaktik der Geographie MLU\"},\"image\":{\"@id\":\"https:\/\/blogs.urz.uni-halle.de\/geographiedidaktik\/#logo\"}},{\"@type\":\"WebSite\",\"@id\":\"https:\/\/blogs.urz.uni-halle.de\/geographiedidaktik\/#website\",\"url\":\"https:\/\/blogs.urz.uni-halle.de\/geographiedidaktik\/\",\"name\":\"Didaktik der Geographie (MLU Halle-Wittenberg)\",\"description\":\"\",\"publisher\":{\"@id\":\"https:\/\/blogs.urz.uni-halle.de\/geographiedidaktik\/#organization\"},\"potentialAction\":[{\"@type\":\"SearchAction\",\"target\":\"https:\/\/blogs.urz.uni-halle.de\/geographiedidaktik\/?s={search_term_string}\",\"query-input\":\"required name=search_term_string\"}],\"inLanguage\":\"de\"},{\"@type\":\"ImageObject\",\"@id\":\"https:\/\/blogs.urz.uni-halle.de\/geographiedidaktik\/arbeitsgruppe\/janna-enzmann\/#primaryimage\",\"inLanguage\":\"de\",\"url\":\"https:\/\/blogs.urz.uni-halle.de\/geographiedidaktik\/files\/2024\/09\/IMG_9713_bearbeitet_Homepage_1-scaled-e1725281300433.jpg\",\"width\":1958,\"height\":1707},{\"@type\":\"WebPage\",\"@id\":\"https:\/\/blogs.urz.uni-halle.de\/geographiedidaktik\/arbeitsgruppe\/janna-enzmann\/#webpage\",\"url\":\"https:\/\/blogs.urz.uni-halle.de\/geographiedidaktik\/arbeitsgruppe\/janna-enzmann\/\",\"name\":\"Janna Enzmann - Didaktik der Geographie (MLU Halle-Wittenberg)\",\"isPartOf\":{\"@id\":\"https:\/\/blogs.urz.uni-halle.de\/geographiedidaktik\/#website\"},\"primaryImageOfPage\":{\"@id\":\"https:\/\/blogs.urz.uni-halle.de\/geographiedidaktik\/arbeitsgruppe\/janna-enzmann\/#primaryimage\"},\"datePublished\":\"2023-05-12T19:57:27+00:00\",\"dateModified\":\"2026-01-14T12:31:41+00:00\",\"description\":\"Homepage von Janna Enzmann mit Informationen zum wissenschaftlichen Werdegang, Forschungsinteressen, Publikationen und Pr\\u00e4sentationen\",\"inLanguage\":\"de\",\"potentialAction\":[{\"@type\":\"ReadAction\",\"target\":[\"https:\/\/blogs.urz.uni-halle.de\/geographiedidaktik\/arbeitsgruppe\/janna-enzmann\/\"]}]}]}<\/script>\n<!-- \/ Yoast SEO plugin. -->","_links":{"self":[{"href":"https:\/\/blogs.urz.uni-halle.de\/geographiedidaktik\/wp-json\/wp\/v2\/pages\/57"}],"collection":[{"href":"https:\/\/blogs.urz.uni-halle.de\/geographiedidaktik\/wp-json\/wp\/v2\/pages"}],"about":[{"href":"https:\/\/blogs.urz.uni-halle.de\/geographiedidaktik\/wp-json\/wp\/v2\/types\/page"}],"author":[{"embeddable":true,"href":"https:\/\/blogs.urz.uni-halle.de\/geographiedidaktik\/wp-json\/wp\/v2\/users\/6162"}],"replies":[{"embeddable":true,"href":"https:\/\/blogs.urz.uni-halle.de\/geographiedidaktik\/wp-json\/wp\/v2\/comments?post=57"}],"version-history":[{"count":10,"href":"https:\/\/blogs.urz.uni-halle.de\/geographiedidaktik\/wp-json\/wp\/v2\/pages\/57\/revisions"}],"predecessor-version":[{"id":1998,"href":"https:\/\/blogs.urz.uni-halle.de\/geographiedidaktik\/wp-json\/wp\/v2\/pages\/57\/revisions\/1998"}],"up":[{"embeddable":true,"href":"https:\/\/blogs.urz.uni-halle.de\/geographiedidaktik\/wp-json\/wp\/v2\/pages\/25"}],"wp:attachment":[{"href":"https:\/\/blogs.urz.uni-halle.de\/geographiedidaktik\/wp-json\/wp\/v2\/media?parent=57"}],"curies":[{"name":"wp","href":"https:\/\/api.w.org\/{rel}","templated":true}]}}