{"id":14,"date":"2026-03-10T09:33:52","date_gmt":"2026-03-10T08:33:52","guid":{"rendered":"https:\/\/blogs.urz.uni-halle.de\/gewaesserlabor\/?page_id=14"},"modified":"2026-03-10T22:17:51","modified_gmt":"2026-03-10T21:17:51","slug":"start","status":"publish","type":"page","link":"https:\/\/blogs.urz.uni-halle.de\/gewaesserlabor\/","title":{"rendered":"Willkommen im Gew\u00e4sserlabor"},"content":{"rendered":"\n<blockquote class=\"wp-block-quote\"><p><strong>Wasser ist die treibende Kraft der gesamten Natur.<\/strong><\/p><p>Original: \u201e<em>L&#8217;acqua \u00e8 il vetturale della natura<\/em>.\u201c<\/p><cite>Leonardo da Vinci<\/cite><\/blockquote>\n\n\n\n<p><\/p>\n\n\n\n<p><\/p>\n\n\n\n<p>Rund 2-3 % der Fl\u00e4che Deutschlands sind von Gew\u00e4ssern bedeckt &#8211; darunter Fl\u00fcsse, B\u00e4che, Seen und andere Binnengew\u00e4sser, die wichtige Lebensr\u00e4ume und Bestandteile von \u00d6kosystemen darstellen. Im Rahmen des Biologieunterrichts im Themenbereich der \u00d6kologie steht dabei insbesondere die Beurteilung der Gew\u00e4sserg\u00fcte im Mittelpunkt.<\/p>\n\n\n\n<p>Diese Website bietet daf\u00fcr eine fachliche Grundlage und einen didaktisierten Zugang zur \u00f6kologischen Untersuchung von Gew\u00e4ssern. Dabei k\u00f6nnen unterschiedliche Aspekte eines stehenden oder flie\u00dfenden Gew\u00e4ssers betrachtet werden: Unter den biologischen Parametern werden typische Organismen wie <a href=\"https:\/\/blogs.urz.uni-halle.de\/gewaesserlabor\/einzeller\/\" data-type=\"page\" data-id=\"41\">Einzeller<\/a>, <a href=\"https:\/\/blogs.urz.uni-halle.de\/gewaesserlabor\/pflanzen\/\" data-type=\"page\" data-id=\"28\">Pflanzen<\/a> und <a href=\"https:\/\/blogs.urz.uni-halle.de\/gewaesserlabor\/tiere\/\" data-type=\"page\" data-id=\"30\">Tiere<\/a> untersucht, die als Bioindikatoren Hinweise auf die biotisch Situation eines Gew\u00e4ssers liefern. Erg\u00e4nzend dazu erm\u00f6glichen <a href=\"https:\/\/blogs.urz.uni-halle.de\/gewaesserlabor\/chemisch\/\" data-type=\"page\" data-id=\"26\">chemische<\/a> und <a href=\"https:\/\/blogs.urz.uni-halle.de\/gewaesserlabor\/physikalisch-chemisch\/\" data-type=\"page\" data-id=\"17\">physikalische Parameter<\/a>, wichtige abiotische Eigenschaften des Wassers zu messen und zu beschreiben.<\/p>\n\n\n\n<p>Dar\u00fcber hinaus werden auch <a href=\"https:\/\/blogs.urz.uni-halle.de\/gewaesserlabor\/anthropogen\/\" data-type=\"page\" data-id=\"23\">anthropogene Einfl\u00fcsse<\/a> ber\u00fccksichtigt, um Ver\u00e4nderungen von Gew\u00e4ssern im Spannungsfeld zwischen nat\u00fcrlichen Prozessen und menschlicher Nutzung einordnen zu k\u00f6nnen. <\/p>\n\n\n\n<p>Im Reiter <a href=\"https:\/\/blogs.urz.uni-halle.de\/gewaesserlabor\/material\/\" data-type=\"page\" data-id=\"22\">Material<\/a> stehen erg\u00e4nzend Protokolle und Bestimmungsschl\u00fcssel zur Verf\u00fcgung, die bei der praktischen Untersuchung von Organismen im Wasser und im Uferbereich helfen k\u00f6nnen.<\/p>\n\n\n\n<p>Bevor es ins Gel\u00e4nde geht, lohnt sich ein Blick in die folgenden Exkurse. Sie bieten einen \u00dcberblick \u00fcber die notwendigen theoretischen Grundlagen zu <a href=\"https:\/\/blogs.urz.uni-halle.de\/gewaesserlabor\/2026\/03\/exkurs-einzeller\/\" data-type=\"post\" data-id=\"5\">Einzellern<\/a>, zum <a href=\"https:\/\/blogs.urz.uni-halle.de\/gewaesserlabor\/2026\/03\/exkurs-aufbau-von-gewaessern\/\" data-type=\"post\" data-id=\"7\">Aufbau von Gew\u00e4ssern<\/a> sowie zu wichtigen <a href=\"https:\/\/blogs.urz.uni-halle.de\/gewaesserlabor\/2026\/03\/exkurs-chemische-physikalische-parameter\/\" data-type=\"post\" data-id=\"10\">chemischen und physikalischen Parametern<\/a> und biologischen Parametern, die f\u00fcr die Beschreibung und Bewertung eines Gew\u00e4ssers relevant sind. Vor der Erfassung der Einzeller lohnt sich ein Blick in die <a href=\"https:\/\/blogs.urz.uni-halle.de\/gewaesserlabor\/2026\/03\/exkurs-mikroskopie\/\" data-type=\"post\" data-id=\"3\">Mikroskopie<\/a>.<\/p>\n\n\n\n<p><\/p>\n\n\n\n<p><\/p>\n\n\n<div class=\"pt-cv-wrapper\"><div class=\"pt-cv-view pt-cv-grid pt-cv-colsys\" id=\"pt-cv-view-028a57cgj2\"><div data-id=\"pt-cv-page-1\" class=\"pt-cv-page\" data-cvc=\"1\"><div class=\"col-md-12 col-sm-3 col-xs-12 pt-cv-content-item pt-cv-1-col\" ><div class='pt-cv-ifield'><a href=\"https:\/\/blogs.urz.uni-halle.de\/gewaesserlabor\/2026\/03\/exkurs-aufbau-von-gewaessern\/\" class=\"_self pt-cv-href-thumbnail pt-cv-thumb-default\" target=\"_self\" ><\/a>\n<h4 class=\"pt-cv-title\"><a href=\"https:\/\/blogs.urz.uni-halle.de\/gewaesserlabor\/2026\/03\/exkurs-aufbau-von-gewaessern\/\" class=\"_self\" target=\"_self\" >Exkurs Aufbau von Gew\u00e4ssern<\/a><\/h4>\n<div class=\"pt-cv-content\">Der Aufbau von Gew\u00e4ssern Gew\u00e4sser sind nat\u00fcrliche oder k\u00fcnstliche Ansammlungen von Wasser auf der ...<br \/><a href=\"https:\/\/blogs.urz.uni-halle.de\/gewaesserlabor\/2026\/03\/exkurs-aufbau-von-gewaessern\/\" class=\"_self pt-cv-readmore btn btn-success\" target=\"_self\">Weiterlesen\u00a0\u2026<\/a><\/div><\/div><\/div>\n<div class=\"col-md-12 col-sm-3 col-xs-12 pt-cv-content-item pt-cv-1-col\" ><div class='pt-cv-ifield'><a href=\"https:\/\/blogs.urz.uni-halle.de\/gewaesserlabor\/2026\/03\/exkurs-chemische-physikalische-parameter\/\" class=\"_self pt-cv-href-thumbnail pt-cv-thumb-default\" target=\"_self\" ><\/a>\n<h4 class=\"pt-cv-title\"><a href=\"https:\/\/blogs.urz.uni-halle.de\/gewaesserlabor\/2026\/03\/exkurs-chemische-physikalische-parameter\/\" class=\"_self\" target=\"_self\" >Exkurs physikalische &amp; chemische Parameter<\/a><\/h4>\n<div class=\"pt-cv-content\">Physikalische Parameter Geruch Der Geruch eines Gew\u00e4ssers kann wichtige Hinweise auf seine Qualit\u00e4t geben, ...<br \/><a href=\"https:\/\/blogs.urz.uni-halle.de\/gewaesserlabor\/2026\/03\/exkurs-chemische-physikalische-parameter\/\" class=\"_self pt-cv-readmore btn btn-success\" target=\"_self\">Weiterlesen\u00a0\u2026<\/a><\/div><\/div><\/div>\n<div class=\"col-md-12 col-sm-3 col-xs-12 pt-cv-content-item pt-cv-1-col\" ><div class='pt-cv-ifield'><a href=\"https:\/\/blogs.urz.uni-halle.de\/gewaesserlabor\/2026\/03\/exkurs-mikroskopie\/\" class=\"_self pt-cv-href-thumbnail pt-cv-thumb-default\" target=\"_self\" ><\/a>\n<h4 class=\"pt-cv-title\"><a href=\"https:\/\/blogs.urz.uni-halle.de\/gewaesserlabor\/2026\/03\/exkurs-mikroskopie\/\" class=\"_self\" target=\"_self\" >Exkurs Mikroskopie<\/a><\/h4>\n<div class=\"pt-cv-content\">Mikroskopie am Gew\u00e4sser - warum wir genauer hinsehen m\u00fcssen Wenn wir ein Flie\u00dfgew\u00e4sser untersuchen, ...<br \/><a href=\"https:\/\/blogs.urz.uni-halle.de\/gewaesserlabor\/2026\/03\/exkurs-mikroskopie\/\" class=\"_self pt-cv-readmore btn btn-success\" target=\"_self\">Weiterlesen\u00a0\u2026<\/a><\/div><\/div><\/div>\n<div class=\"col-md-12 col-sm-3 col-xs-12 pt-cv-content-item pt-cv-1-col\" ><div class='pt-cv-ifield'><a href=\"https:\/\/blogs.urz.uni-halle.de\/gewaesserlabor\/2026\/03\/exkurs-einzeller\/\" class=\"_self pt-cv-href-thumbnail pt-cv-thumb-default\" target=\"_self\" ><\/a>\n<h4 class=\"pt-cv-title\"><a href=\"https:\/\/blogs.urz.uni-halle.de\/gewaesserlabor\/2026\/03\/exkurs-einzeller\/\" class=\"_self\" target=\"_self\" >Einzeller Wissen-to-go<\/a><\/h4>\n<div class=\"pt-cv-content\">Einzeller sind Organismen, die aus nur einer Zelle bestehen, welche alle Lebensfunktionen erf\u00fcllt: Stoff- ...<br \/><a href=\"https:\/\/blogs.urz.uni-halle.de\/gewaesserlabor\/2026\/03\/exkurs-einzeller\/\" class=\"_self pt-cv-readmore btn btn-success\" target=\"_self\">Weiterlesen\u00a0\u2026<\/a><\/div><\/div><\/div><\/div><\/div><\/div>\n\n\n\n<pre class=\"wp-block-verse\">Viel Freude beim St\u00f6bern durch die Inhalte &amp; viel Erfolg und Spa\u00df bei der Gew\u00e4sseruntersuchung im Gel\u00e4nde! \n<\/pre>\n","protected":false},"excerpt":{"rendered":"<div class=\"entry-summary\">\nWasser ist die treibende Kraft der gesamten Natur. Original: \u201eL&#8217;acqua \u00e8 il vetturale della natura.\u201c Leonardo da Vinci Rund 2-3&hellip;\n<\/div>\n<div class=\"link-more\"><a href=\"https:\/\/blogs.urz.uni-halle.de\/gewaesserlabor\/\" class=\"more-link\">Continue reading<span class=\"screen-reader-text\"> &ldquo;Willkommen im Gew\u00e4sserlabor&rdquo;<\/span>&hellip;<\/a><\/div>\n","protected":false},"author":6499,"featured_media":0,"parent":0,"menu_order":0,"comment_status":"closed","ping_status":"closed","template":"","meta":[],"_links":{"self":[{"href":"https:\/\/blogs.urz.uni-halle.de\/gewaesserlabor\/wp-json\/wp\/v2\/pages\/14"}],"collection":[{"href":"https:\/\/blogs.urz.uni-halle.de\/gewaesserlabor\/wp-json\/wp\/v2\/pages"}],"about":[{"href":"https:\/\/blogs.urz.uni-halle.de\/gewaesserlabor\/wp-json\/wp\/v2\/types\/page"}],"author":[{"embeddable":true,"href":"https:\/\/blogs.urz.uni-halle.de\/gewaesserlabor\/wp-json\/wp\/v2\/users\/6499"}],"replies":[{"embeddable":true,"href":"https:\/\/blogs.urz.uni-halle.de\/gewaesserlabor\/wp-json\/wp\/v2\/comments?post=14"}],"version-history":[{"count":10,"href":"https:\/\/blogs.urz.uni-halle.de\/gewaesserlabor\/wp-json\/wp\/v2\/pages\/14\/revisions"}],"predecessor-version":[{"id":225,"href":"https:\/\/blogs.urz.uni-halle.de\/gewaesserlabor\/wp-json\/wp\/v2\/pages\/14\/revisions\/225"}],"wp:attachment":[{"href":"https:\/\/blogs.urz.uni-halle.de\/gewaesserlabor\/wp-json\/wp\/v2\/media?parent=14"}],"curies":[{"name":"wp","href":"https:\/\/api.w.org\/{rel}","templated":true}]}}