{"id":50,"date":"2021-12-24T18:52:40","date_gmt":"2021-12-24T17:52:40","guid":{"rendered":"https:\/\/gfm2022.medienkomm.uni-halle.de\/?page_id=50"},"modified":"2021-12-25T15:55:25","modified_gmt":"2021-12-25T14:55:25","slug":"impressum","status":"publish","type":"page","link":"https:\/\/blogs.urz.uni-halle.de\/gfm2022\/impressum\/","title":{"rendered":"Impressum"},"content":{"rendered":"\n<h4>Angaben gem\u00e4\u00df \u00a7 5 TMG:<\/h4>\n\n\n\n<p>Mitteldeutsches Multimediazentrum (MMZ)<br>Mansfelder Stra\u00dfe 56<br>06108 Halle (Saale)<br>Telefon: (0345) 55 235 71<br>Telefax: (0345) 55 270 58<br><a href=\"mailto:sekretariat@medienkomm.uni-halle.de\" target=\"_blank\" rel=\"noreferrer noopener\">sekretariat@medienkomm.uni-halle.de<\/a><\/p>\n\n\n\n<h4>Institution<\/h4>\n\n\n\n<p>Die Martin-Luther-Universit\u00e4t Halle-Wittenberg ist eine K\u00f6rperschaft des \u00f6ffentlichen Rechts. <br>Sie wird durch den Rektor Prof. Dr. Christian Tietje gesetzlich vertreten:<br><a href=\"mailto:rektor@uni-halle.de\">rektor@uni-halle.de<\/a><br>Universit\u00e4tsplatz 10<br>06108 Halle<br>Deutschland<br>Telefon: (0345) 55 20<br>Telefax: (0345) 55 27 077<br>E-Mail: <a href=\"mailto:info@uni-halle.de\" target=\"_blank\" rel=\"noreferrer noopener\">info@uni-halle.de<\/a><br>Webseite:\u00a0<a href=\"https:\/\/www.uni-halle.de\" target=\"_blank\" rel=\"noreferrer noopener\">https:\/\/www.uni-halle.de<\/a><br>Umsatzsteuer-Identifikationsnummer: DE 811353703 gem\u00e4\u00df \u00a7 27a UStG<\/p>\n\n\n\n<h4>Kontaktangaben der Datenschutzbeauftragten<\/h4>\n\n\n\n<p>Die Datenschutzbeauftragte des Verantwortlichen ist zu erreichen unter:<br>Wera Kiesel<br>Universit\u00e4tsring 19\/20<br>06108 Halle (Saale)<br>Telefon: (0345) 55 210 18<br>Telefax: (0345) 55 270 87<br>E-Mail: <a href=\"mailto:wera.kiesel@verwaltung.uni-halle.de\" target=\"_blank\" rel=\"noreferrer noopener\">wera.kiesel@verwaltung.uni-halle.de<\/a><\/p>\n\n\n\n<h4>Verantwortlich im Sinne des Presserechts<\/h4>\n\n\n\n<p>Prof. Dr. Patrick Vonderau<br><strong>Anschrift:<\/strong><br>Martin-Luther-Universit\u00e4t Halle-Wittenberg<br>Philosophische Fakult\u00e4t II<br>Institut f\u00fcr Musik, Medien- und Sprechwissenschaften (IMMS)<br>Abt. Medien- und\u00a0<br>Kommunikationswissenschaft<br>Mitteldeutsches Multimediazentrum (MMZ)<br>Mansfelder Stra\u00dfe 56<br>06108 Halle (Saale)<br>Telefon: (0345) 55 235 70<br>E-Mail: <a href=\"mailto:patrick.vonderau@medienkomm.uni-halle.de\" target=\"_blank\" rel=\"noreferrer noopener\">patrick.vonderau@medienkomm.uni-halle.de<\/a><\/p>\n\n\n\n<h4>Bildnachweise<\/h4>\n\n\n\n<p>Instagram: Insofern nicht anders angegeben, ist die Quelle in den jeweiligen Beitr\u00e4gen aufgef\u00fchrt.<\/p>\n","protected":false},"excerpt":{"rendered":"<p>Angaben gem\u00e4\u00df \u00a7 5 TMG: Mitteldeutsches Multimediazentrum (MMZ)Mansfelder Stra\u00dfe 5606108 Halle (Saale)Telefon: (0345) 55 235 71Telefax: (0345) 55 270 58sekretariat@medienkomm.uni-halle.de Institution Die Martin-Luther-Universit\u00e4t Halle-Wittenberg ist eine K\u00f6rperschaft des \u00f6ffentlichen Rechts. Sie wird durch den Rektor Prof. Dr. Christian Tietje gesetzlich vertreten:rektor@uni-halle.deUniversit\u00e4tsplatz 1006108 HalleDeutschlandTelefon: (0345) 55 20Telefax: (0345) 55 27 077E-Mail: info@uni-halle.deWebseite:\u00a0https:\/\/www.uni-halle.deUmsatzsteuer-Identifikationsnummer: DE 811353703 gem\u00e4\u00df \u00a7 [&hellip;]<\/p>\n","protected":false},"author":5171,"featured_media":0,"parent":0,"menu_order":0,"comment_status":"closed","ping_status":"closed","template":"","meta":[],"_links":{"self":[{"href":"https:\/\/blogs.urz.uni-halle.de\/gfm2022\/wp-json\/wp\/v2\/pages\/50"}],"collection":[{"href":"https:\/\/blogs.urz.uni-halle.de\/gfm2022\/wp-json\/wp\/v2\/pages"}],"about":[{"href":"https:\/\/blogs.urz.uni-halle.de\/gfm2022\/wp-json\/wp\/v2\/types\/page"}],"author":[{"embeddable":true,"href":"https:\/\/blogs.urz.uni-halle.de\/gfm2022\/wp-json\/wp\/v2\/users\/5171"}],"replies":[{"embeddable":true,"href":"https:\/\/blogs.urz.uni-halle.de\/gfm2022\/wp-json\/wp\/v2\/comments?post=50"}],"version-history":[{"count":7,"href":"https:\/\/blogs.urz.uni-halle.de\/gfm2022\/wp-json\/wp\/v2\/pages\/50\/revisions"}],"predecessor-version":[{"id":76,"href":"https:\/\/blogs.urz.uni-halle.de\/gfm2022\/wp-json\/wp\/v2\/pages\/50\/revisions\/76"}],"wp:attachment":[{"href":"https:\/\/blogs.urz.uni-halle.de\/gfm2022\/wp-json\/wp\/v2\/media?parent=50"}],"curies":[{"name":"wp","href":"https:\/\/api.w.org\/{rel}","templated":true}]}}