{"id":51,"date":"2021-12-24T18:52:40","date_gmt":"2021-12-24T17:52:40","guid":{"rendered":"https:\/\/gfm2022.medienkomm.uni-halle.de\/?page_id=51"},"modified":"2021-12-25T15:49:32","modified_gmt":"2021-12-25T14:49:32","slug":"datenschutz","status":"publish","type":"page","link":"https:\/\/blogs.urz.uni-halle.de\/gfm2022\/datenschutz\/","title":{"rendered":"Datenschutz"},"content":{"rendered":"\n<p><br>Die Website verwendet Cookies. Diese Cookies werden verwendet, um Benutzersitzungen (An-\/Abmeldung der Benutzer) und Kommentare, die sie auf ihren Seiten und Beitr\u00e4gen abgeben, zu verfolgen. Weitere Informationen dazu findest du in unserer Datenschutzerkl\u00e4rung.<\/p>\n\n\n\n<h4>Aufsichtsbeh\u00f6rde<\/h4>\n\n\n\n<p>Die zust\u00e4ndige Aufsichtsbeh\u00f6rde ist das Ministerium f\u00fcr Wirtschaft, Wissenschaft und Digitalisierung des Landes Sachsen-Anhalt (MW), Hasselbachstra\u00dfe 4, 39104 Magdeburg.<\/p>\n\n\n\n<h4>Disclaimer<\/h4>\n\n\n\n<p>Die Martin-Luther-Universit\u00e4t Halle-Wittenberg (MLU) \u00fcbernimmt keinerlei Gew\u00e4hr f\u00fcr die Aktualit\u00e4t, Korrektheit, Vollst\u00e4ndigkeit oder Qualit\u00e4t der bereitgestellten Informationen. Haftungsanspr\u00fcche gegen die MLU, welche sich auf Sch\u00e4den materieller oder ideeller Art beziehen, die durch die Nutzung oder Nichtnutzung der dargebotenen Informationen bzw. durch die Nutzung fehlerhafter und unvollst\u00e4ndiger Informationen verursacht wurden sind grunds\u00e4tzlich ausgeschlossen, sofern seitens der MLU kein nachweislich vors\u00e4tzliches oder grob fahrl\u00e4ssiges Verschulden vorliegt.<br>Alle Angebote sind freibleibend und unverbindlich. Die MLU beh\u00e4lt es sich ausdr\u00fccklich vor, Teile der Seiten oder das gesamte Angebot ohne gesonderte Ank\u00fcndigung zu ver\u00e4ndern, zu erg\u00e4nzen, zu l\u00f6schen oder die Ver\u00f6ffentlichung zeitweise oder endg\u00fcltig einzustellen.<\/p>\n","protected":false},"excerpt":{"rendered":"<p>Die Website verwendet Cookies. Diese Cookies werden verwendet, um Benutzersitzungen (An-\/Abmeldung der Benutzer) und Kommentare, die sie auf ihren Seiten und Beitr\u00e4gen abgeben, zu verfolgen. Weitere Informationen dazu findest du in unserer Datenschutzerkl\u00e4rung. Aufsichtsbeh\u00f6rde Die zust\u00e4ndige Aufsichtsbeh\u00f6rde ist das Ministerium f\u00fcr Wirtschaft, Wissenschaft und Digitalisierung des Landes Sachsen-Anhalt (MW), Hasselbachstra\u00dfe 4, 39104 Magdeburg. Disclaimer Die [&hellip;]<\/p>\n","protected":false},"author":5171,"featured_media":0,"parent":0,"menu_order":0,"comment_status":"closed","ping_status":"closed","template":"","meta":[],"_links":{"self":[{"href":"https:\/\/blogs.urz.uni-halle.de\/gfm2022\/wp-json\/wp\/v2\/pages\/51"}],"collection":[{"href":"https:\/\/blogs.urz.uni-halle.de\/gfm2022\/wp-json\/wp\/v2\/pages"}],"about":[{"href":"https:\/\/blogs.urz.uni-halle.de\/gfm2022\/wp-json\/wp\/v2\/types\/page"}],"author":[{"embeddable":true,"href":"https:\/\/blogs.urz.uni-halle.de\/gfm2022\/wp-json\/wp\/v2\/users\/5171"}],"replies":[{"embeddable":true,"href":"https:\/\/blogs.urz.uni-halle.de\/gfm2022\/wp-json\/wp\/v2\/comments?post=51"}],"version-history":[{"count":3,"href":"https:\/\/blogs.urz.uni-halle.de\/gfm2022\/wp-json\/wp\/v2\/pages\/51\/revisions"}],"predecessor-version":[{"id":73,"href":"https:\/\/blogs.urz.uni-halle.de\/gfm2022\/wp-json\/wp\/v2\/pages\/51\/revisions\/73"}],"wp:attachment":[{"href":"https:\/\/blogs.urz.uni-halle.de\/gfm2022\/wp-json\/wp\/v2\/media?parent=51"}],"curies":[{"name":"wp","href":"https:\/\/api.w.org\/{rel}","templated":true}]}}