{"id":8,"date":"2021-12-24T16:40:56","date_gmt":"2021-12-24T15:40:56","guid":{"rendered":"https:\/\/gfm2022.medienkomm.uni-halle.de\/?page_id=8"},"modified":"2021-12-26T14:29:39","modified_gmt":"2021-12-26T13:29:39","slug":"jahrestagung-der-gesellschaft-fuer-medienwissenschaft-2022","status":"publish","type":"page","link":"https:\/\/blogs.urz.uni-halle.de\/gfm2022\/","title":{"rendered":"Jahrestagung"},"content":{"rendered":"\n<div class=\"wp-block-group alignwide\"><div class=\"wp-block-group__inner-container\">\n<figure class=\"wp-block-image size-large\"><img loading=\"lazy\" width=\"1024\" height=\"222\" src=\"https:\/\/gfm2022.medienkomm.uni-halle.de\/files\/2021\/12\/Schriftzug_Jahrestagung-1024x222.png\" alt=\"\" class=\"wp-image-27\" srcset=\"https:\/\/blogs.urz.uni-halle.de\/gfm2022\/files\/2021\/12\/Schriftzug_Jahrestagung-1024x222.png 1024w, https:\/\/blogs.urz.uni-halle.de\/gfm2022\/files\/2021\/12\/Schriftzug_Jahrestagung-300x65.png 300w, https:\/\/blogs.urz.uni-halle.de\/gfm2022\/files\/2021\/12\/Schriftzug_Jahrestagung-768x167.png 768w, https:\/\/blogs.urz.uni-halle.de\/gfm2022\/files\/2021\/12\/Schriftzug_Jahrestagung.png 1045w\" sizes=\"(max-width: 1024px) 100vw, 1024px\" \/><\/figure>\n\n\n\n<div class=\"wp-block-media-text alignwide has-media-on-the-right is-stacked-on-mobile is-vertically-aligned-top has-background\" style=\"background-color:#ece820;grid-template-columns:auto 43%\"><figure class=\"wp-block-media-text__media\"><img loading=\"lazy\" width=\"635\" height=\"655\" src=\"https:\/\/gfm2022.medienkomm.uni-halle.de\/files\/2021\/12\/Meme_Last_Exit3.png\" alt=\"\" class=\"wp-image-32\" srcset=\"https:\/\/blogs.urz.uni-halle.de\/gfm2022\/files\/2021\/12\/Meme_Last_Exit3.png 635w, https:\/\/blogs.urz.uni-halle.de\/gfm2022\/files\/2021\/12\/Meme_Last_Exit3-291x300.png 291w\" sizes=\"(max-width: 635px) 100vw, 635px\" \/><\/figure><div class=\"wp-block-media-text__content\">\n<p style=\"font-size:30px\"><strong>28.09.-01.10.2022<\/strong><\/p>\n\n\n\n<p style=\"font-size:30px\">Martin-Luther-Universit\u00e4t<br>Halle-Wittenberg<\/p>\n\n\n\n<p style=\"font-size:30px\">Halle\/Saale<\/p>\n<\/div><\/div>\n\n\n\n<div class=\"wp-block-columns\">\n<div class=\"wp-block-column\">\n<h2 class=\"has-text-align-center\">#gfm2022: Work To Do<\/h2>\n<\/div>\n<\/div>\n\n\n\n<p class=\"has-text-align-center has-normal-font-size\">Die<a href=\"https:\/\/gfmedienwissenschaft.de\/\" target=\"_blank\" rel=\"noreferrer noopener\"> Gesellschaft f\u00fcr Medienwissenschaft (GfM)<\/a> veranstaltet j\u00e4hrlich<br>ein Tagung zur Diskussion aktueller Themen des Fachgebiets und <br>theoretischer sowie methodischer Entwicklungen der<br>Medienwissenschaft. Neben der Pr\u00e4sentation von<br>Forschungsergebnissen bietet die Tagung M\u00f6glichkeiten zum<br>pers\u00f6nlichen Austausch und zur Auseinandersetzung mit<br>wissenschaftspolitischen Fragen. <\/p>\n<\/div><\/div>\n\n\n\n<p class=\"has-text-align-center\">Das Tagungsthema &#8222;Arbeit&#8220; fragt nach dem Verh\u00e4ltnis von Arbeit und<br>Medien in einer ganzen Bandbreite von theoretischen, historischen<br>und analytischen sowie medienpraktischen, sozialen und politischen<br>Problemstellungen: von den gegenw\u00e4rtigen M\u00f6glichkeiten und<br>medialen Bedingungen von Arbeit allgemein, \u00fcber medien-eigne<br>Arbeitsformen, bis hin zu den Arbeitsmodalit\u00e4ten der<br>Medienwissenschaft selbst.<\/p>\n\n\n\n<div class=\"wp-block-media-text alignwide has-media-on-the-right is-stacked-on-mobile is-vertically-aligned-center has-background\" style=\"background-color:#ece820;grid-template-columns:auto 43%\"><figure class=\"wp-block-media-text__media\"><img loading=\"lazy\" width=\"590\" height=\"610\" src=\"https:\/\/gfm2022.medienkomm.uni-halle.de\/files\/2021\/12\/Meme_Haendel3.png\" alt=\"\" class=\"wp-image-30\" srcset=\"https:\/\/blogs.urz.uni-halle.de\/gfm2022\/files\/2021\/12\/Meme_Haendel3.png 590w, https:\/\/blogs.urz.uni-halle.de\/gfm2022\/files\/2021\/12\/Meme_Haendel3-290x300.png 290w\" sizes=\"(max-width: 590px) 100vw, 590px\" \/><\/figure><div class=\"wp-block-media-text__content\">\n<p class=\"has-text-align-center\" style=\"font-size:40px\"><strong>Call for Paper<\/strong><\/p>\n\n\n\n<p class=\"has-text-align-center\" style=\"font-size:30px\">Ein Call folgt Anfang 2022.<\/p>\n<\/div><\/div>\n\n\n\n<div class=\"wp-block-group\"><div class=\"wp-block-group__inner-container\">\n<div class=\"wp-block-group\"><div class=\"wp-block-group__inner-container\">\n<h2 class=\"has-text-align-center has-background\" style=\"background-color:#7fead6\">Organisation<\/h2>\n\n\n\n<p class=\"has-text-align-center has-background has-normal-font-size\" style=\"background-color:#7fead6\">Die Jahrestagung 2022 wird ausgerichtet<br>vom <a href=\"https:\/\/www.medienkomm.uni-halle.de\/\" target=\"_blank\" rel=\"noreferrer noopener\">Institut f\u00fcr Musik-, Medien- und<br>Sprechwissenschaft der Martin-Luther-<br>Universit\u00e4t Halle-Wittenberg<\/a>, namentlich:<br>Golo F\u00f6llmer, Christopher Fust, Franziska<br>Heller, Lies van Roessel, Anna Sch\u00fcrmer,<br>Maren Schuster und Patrick Vonderau.<\/p>\n<\/div><\/div>\n<\/div><\/div>\n\n\n\n<div class=\"wp-block-group\"><div class=\"wp-block-group__inner-container\">\n<div class=\"wp-block-group\"><div class=\"wp-block-group__inner-container\">\n<h2 class=\"has-text-align-center has-background\" style=\"background-color:#e5e5e5\">Kontakt<\/h2>\n\n\n\n<p class=\"has-background\" style=\"background-color:#e5e5e5\">Martin-Luther-Universit\u00e4t Halle-Wittenberg<br>Abteilung Medien- und<br>Kommunikationswissenschaft<br>Mansfelder Stra\u00dfe 56 (MMZ)<br>06108 Halle (Saale)<br><br>Telefon: +49 (0)345-55 235 71<br>Telefax: +49 (0)345-55 270 58<br><a href=\"mailto:gfm2022@medienkomm.uni-halle.de\" target=\"_blank\" rel=\"noreferrer noopener\">gfm2022@medienkomm.uni-halle.de<\/a><\/p>\n\n\n\n<p><\/p>\n<\/div><\/div>\n<\/div><\/div>\n\n\n\n\t\t<style>\r\n\t#wps_accordion_pro_62{\r\n\t\toverflow:hidden;\r\n\t\tdisplay:block;\r\n\t\twidth:100%;\r\n\t\tmargin-bottom:30px;\r\n\t}\r\n\t#accordion_pro_62 .wpsm_panel-title {\r\n\t\tmargin-top: 0px !important;\r\n\t\tmargin-bottom: 0px !important;\r\n\t\tpadding-top: 0px !important;\r\n\t\tpadding-bottom: 0px !important;\r\n\t}\r\n\t\r\n\t#accordion_pro_62 .wpsm_panel-title > a{\r\n\t\t\r\n\t\tborder-bottom: 0px !important;\r\n\t\ttext-decoration:none !important;\r\n\t\toutline: none !important;\r\n\t\tbox-shadow:none !important;\r\n\t}\r\n\t#accordion_pro_62 .ac_title_icon{\r\n\t\tmargin-right:8px;\r\n\t\t\t\t\r\n\t}\r\n\t\r\n\t\r\n\t\/* css files *\/\r\n\t#accordion_pro_62{\r\n\tmargin-top:20px !important;\r\n\t\r\n}\r\n#accordion_pro_62 a:hover, #accordion_pro_62 a:focus{\r\n    outline: none !important;\r\n    text-decoration: none !important;\r\n}\r\n#accordion_pro_62 .wpsm_panel{\r\n   border: 0px !important;\r\n    border-radius: 0px !important;\r\n    box-shadow: none !important;\r\n    margin-bottom: 20px !important;\r\n\tbackground: transparent !important;\r\n}\r\n#accordion_pro_62 .wpsm_panel-heading{\r\n    padding: 0 !important;\r\n    border-radius: 0px !important;\r\n    border: 0px !important;\r\n}\r\n#accordion_pro_62 .wpsm_panel-title > a{\r\n    display: block !important;\r\n\t    padding: 15px 50px 15px 20px !important;\r\n\t    position: relative !important;\r\n\tborder: 1px solid #cccccc !important;\r\n\tcolor:#000000 !important;\r\n    background:#b4d1ff !important;\r\n\tfont-size: 30px !important;\r\n\tbox-shadow:none !important;\r\n\tline-height:1.5 !important;\r\n\tfont-weight:600 !important;\r\n\tz-index: 1;\r\n}\r\n#accordion_pro_62 .wpsm_panel-title > a > i{\r\n\tcolor:#000000 !important;\r\n}\r\n#accordion_pro_62 .wpsm_panel-title > a:before,\r\n#accordion_pro_62 .wpsm_panel-title > a.collapsed:before{\r\n    content: \"\\f077\" !important;\r\n    font-family: FontAwesome !important;\r\n    color: #ffffff !important;\r\n    font-size: 30px !important;\r\n    position: absolute !important;\r\n    top:calc(50% - 15px) !important;\r\n    right:10px !important;\r\n    line-height:16px !important;\r\n\ttransition: all 0.4s ease-in-out 0s;\r\n}\r\n#accordion_pro_62 .wpsm_panel-title > a.collapsed:before{\r\n    content: \"\\f078\" !important;\r\n    color:#000000 !important;\r\n\ttransition: all 0.4s ease-in-out 0s;\r\n}\r\n#accordion_pro_62 .wpsm_panel-title > a:after{\r\n    content: \"\";\r\n    border-top: 10px solid #cccccc ; \r\n    border-left: 10px solid transparent;\r\n    border-right: 10px solid transparent;\r\n    position: absolute;\r\n    bottom: -14px;\r\n    left: 50%;\r\n    margin-left: -10px;\r\n}\r\n#accordion_pro_62 .wpsm_panel-title > a.collapsed:after{\r\n    content: \"\";\r\n    border: none;\r\n    border-bottom: 10px solid #cccccc; \r\n    border-left: 10px solid transparent;\r\n    border-right: 10px solid transparent;\r\n    position: absolute;\r\n    bottom: 107.5%;\r\n    left: 50%;\r\n    transition: all 0.4s ease-in-out 0s;\r\n}\r\n#accordion_pro_62 .wpsm_panel-title > a > .ac_title_img_icon{\r\n    \twidth: 30px !important;\r\n\theight: 30px !important;\r\n\tvertical-align: middle !important;\r\n\tmargin-left: 0 !important;\r\n\tmargin-top: 0 !important;\r\n\tmargin-bottom: 0 !important;\r\n}\r\n\r\n#accordion_pro_62 .wpsm_panel-title > a.collapsed{\r\n    background: #ffffff !important;\r\n\tcolor: #000000 !important;\r\n}\r\n#accordion_pro_62 .wpsm_panel-title > a.collapsed > i{\r\n    color: #000000 !important;\r\n}\r\n\r\n#accordion_pro_62 .wpsm_panel-body{\r\n\tbackground:#ffffff !important;\r\n\tcolor:#000000 !important;\r\n\tfont-size:16px !important;\r\n\tline-height: 26px !important;\r\n\tmargin-top: 20px;\r\n\tborder: none ;\r\n\tborder-top: 0px solid #cccccc !important;\r\n\tborder-bottom: 0px solid #cccccc !important;\r\n}\r\n\r\n#accordion_pro_62 .wpsm_panel-body p{\r\n\tcolor:#000000 !important;\r\n\tfont-size:16px !important;\r\n\tline-height: 26px !important;\r\n}\r\n\r\n#accordion_pro_62 .wpsm_panel-title > a{\r\n\t padding: 15px 15px 15px 15px !important;\r\n}\r\n\r\n\r\n\t\t#accordion_pro_62 .wpsm_panel-title a, #accordion_pro_62 .wpsm_panel-title a:hover, #accordion_pro_62 .wpsm_panel-title a.collapsed, #accordion_pro_62 .wpsm_panel-title a.collapsed:hover {\r\n\t\t\tbackground-image: none !important;\r\n\t\t}\r\n\t\t\t\t#offset_62_1 .wpsm_panel-title > a,\r\n\t\t#offset_62_1 .wpsm_panel-title > a.collapsed{\r\n\t\t\tborder-color:#b4d1ff !important;\r\n\t\t}\r\n\t\t#offset_62_1 .wpsm_panel-title > a.collapsed{\r\n\t\t\tcolor: #000000 !important;\r\n\t\t\tbackground-color: #b4d1ff !important;\r\n\t\t}\r\n\t\t#offset_62_1 .wpsm_panel-title > a.collapsed > i{\r\n\t\t\tcolor: #000000 !important;\r\n\t\t}\r\n\t\t#offset_62_1 .wpsm_panel-body{\r\n\t\t\tbackground-color: #b4d1ff !important;\r\n\t\t\tcolor: #d3d3d3 !important;\r\n\t\t\tborder-color:#b4d1ff !important;\r\n\t\t}\r\n\t\t#offset_62_1 .wpsm_panel-title > a.collapsed:before{\r\n\t\t\tcolor:#000000 !important;\r\n\t\t}\r\n\t\t#offset_62_1 .wpsm_panel-title > a.collapsed:after{\r\n\t\t\tborder-bottom-color:#b4d1ff ;\r\n\t\t}\r\n\t\t#offset_62_1 .wpsm_panel-title > a:after{\r\n\t\t\tborder-top-color:#b4d1ff ;\r\n\t\t}\r\n\t\t\t\r\n\t\/* open close icon option *\/\r\n\t\t\t\t#accordion_pro_62 .wpsm_panel-title a:after,\r\n\t\t\t#accordion_pro_62 .wpsm_panel-title a.collapsed:after{\r\n\t\t\t\tdisplay:none;\r\n\t\t\t}\r\n\t\t\t\r\n\t#accordion_pro_62 .wpsm_panel {\r\n\t\tbackground-color:transparent !important;\r\n\t\ttemplates\r\n\t\t\tmargin-bottom:20px !important;\r\n\t\t\t\tmargin-top:0px !important;\r\n\t}\r\n\t#accordion_pro_62 .collapsing {\r\n\t\ttransition: height 0.6s;\r\n\t}\r\n\t#accordion_pro_62 .wpsm_panel-body_inner{\r\n\t\toverflow:hidden;\r\n\t\tdisplay:block;\r\n\t\t\r\n\t}\r\n\t\r\n\t\t#accordion_pro_62 .wpsm_panel-body{\r\n\t\tfont-family:Helvetica !important;\r\n\t}\r\n\t#accordion_pro_62 .wpsm_panel-title a{\r\n\t\tfont-family:Helvetica !important;\r\n\t}\r\n\t\t\t\r\n\t\t\r\n\t\t\r\n\t<\/style>\r\n\t<div id=\"wps_accordion_pro_62\"  >\r\n\t\t<div class=\"wpsm_panel-group\" id=\"accordion_pro_62\" role=\"tablist\" aria-multiselectable=\"true\">\r\n\t\t\t\t\t<div class=\"wpsm_panel panel wpsm_panel-default\" id=\"offset_62_1\">\r\n\t\t\t\t\t<div class=\"wpsm_panel-heading\" role=\"tab\" id=\"heading_62_1\">\r\n\t\t\t\t\t\t<h4 class=\"wpsm_panel-title\">\r\n\t\t\t\t\t\t\t<a  role=\"button\" class=collapsed data-toggle=\"collapse\" data-parent=\"#accordion_pro_62\" href=\"#collapse_62_1\" aria-expanded=\"true\" aria-controls=\"collapse_62_1\">\r\n\t\t\t\t\t\t\t\t\t\t\t\t\t\t\t\t\t\t\t\t\t\t\t\tFilmland Sachsen-Anhalt\t\t\t\t\t\t\t\t\r\n\t\t\t\t\t\t\t<\/a>\r\n\t\t\t\t\t\t<\/h4>\r\n\t\t\t\t\t<\/div>\r\n\t\t\t\t\t<div id=\"collapse_62_1\" class=\"wpsm_panel-collapse collapse \" role=\"tabwpsm_panel\" aria-labelledby=\"heading_62_1\">\r\n\t\t\t\t\t\t<div class=\"wpsm_panel-body\">\r\n\t\t\t\t\t\t\t<div id=\"#wpsm_acc_desc_62_1\" class=\"wpsm_panel-body_inner  animated fadeIn\"><p style=\"text-align: center;\"><img class=\"aligncenter wp-image-63 size-full\" src=\"https:\/\/gfm2022.medienkomm.uni-halle.de\/files\/2021\/12\/webacc.png\" alt=\"\" width=\"1200\" height=\"769\" \/><\/p>\t\t\t\t\t\t\t<\/div>\r\n\t\t\t\t\t\t\t   \r\n\t\t\t\t\t\t<\/div>\r\n\t\t\t\t\t<\/div>\r\n\t\t\t\t\t\t\t\t\t\t\t\r\n\t\t\t\t<\/div>\r\n\t\t\t\t\r\n<\/div>\r\n\t<\/div>\r\n\t\r\n\t\t\n\n\n\n<div class=\"wp-block-columns\">\n<div class=\"wp-block-column\"><\/div>\n\n\n\n<div class=\"wp-block-column\"><\/div>\n<\/div>\n\n\n\n<div class=\"wp-block-columns\">\n<div class=\"wp-block-column\">\n<figure class=\"wp-block-image size-large\"><img loading=\"lazy\" width=\"463\" height=\"185\" src=\"https:\/\/gfm2022.medienkomm.uni-halle.de\/files\/2021\/12\/Logo_Halle_Siegel-zentriert-schwarz-mit-Text.png\" alt=\"\" class=\"wp-image-21\" srcset=\"https:\/\/blogs.urz.uni-halle.de\/gfm2022\/files\/2021\/12\/Logo_Halle_Siegel-zentriert-schwarz-mit-Text.png 463w, https:\/\/blogs.urz.uni-halle.de\/gfm2022\/files\/2021\/12\/Logo_Halle_Siegel-zentriert-schwarz-mit-Text-300x120.png 300w\" sizes=\"(max-width: 463px) 100vw, 463px\" \/><\/figure>\n<\/div>\n\n\n\n<div class=\"wp-block-column\">\n<figure class=\"wp-block-image size-large\"><img loading=\"lazy\" width=\"597\" height=\"115\" src=\"https:\/\/gfm2022.medienkomm.uni-halle.de\/files\/2021\/12\/LSA_moderndenken_sw-01.png\" alt=\"\" class=\"wp-image-22\" srcset=\"https:\/\/blogs.urz.uni-halle.de\/gfm2022\/files\/2021\/12\/LSA_moderndenken_sw-01.png 597w, https:\/\/blogs.urz.uni-halle.de\/gfm2022\/files\/2021\/12\/LSA_moderndenken_sw-01-300x58.png 300w\" sizes=\"(max-width: 597px) 100vw, 597px\" \/><\/figure>\n<\/div>\n<\/div>\n","protected":false},"excerpt":{"rendered":"<p>Das Tagungsthema &#8222;Arbeit&#8220; fragt nach dem Verh\u00e4ltnis von Arbeit undMedien in einer ganzen Bandbreite von theoretischen, historischenund analytischen sowie medienpraktischen, sozialen und politischenProblemstellungen: von den gegenw\u00e4rtigen M\u00f6glichkeiten undmedialen Bedingungen von Arbeit allgemein, \u00fcber medien-eigneArbeitsformen, bis hin zu den Arbeitsmodalit\u00e4ten derMedienwissenschaft selbst. Call for Paper Ein Call folgt Anfang 2022.<\/p>\n","protected":false},"author":5171,"featured_media":0,"parent":0,"menu_order":0,"comment_status":"closed","ping_status":"closed","template":"templates\/template-full-width.php","meta":[],"_links":{"self":[{"href":"https:\/\/blogs.urz.uni-halle.de\/gfm2022\/wp-json\/wp\/v2\/pages\/8"}],"collection":[{"href":"https:\/\/blogs.urz.uni-halle.de\/gfm2022\/wp-json\/wp\/v2\/pages"}],"about":[{"href":"https:\/\/blogs.urz.uni-halle.de\/gfm2022\/wp-json\/wp\/v2\/types\/page"}],"author":[{"embeddable":true,"href":"https:\/\/blogs.urz.uni-halle.de\/gfm2022\/wp-json\/wp\/v2\/users\/5171"}],"replies":[{"embeddable":true,"href":"https:\/\/blogs.urz.uni-halle.de\/gfm2022\/wp-json\/wp\/v2\/comments?post=8"}],"version-history":[{"count":10,"href":"https:\/\/blogs.urz.uni-halle.de\/gfm2022\/wp-json\/wp\/v2\/pages\/8\/revisions"}],"predecessor-version":[{"id":77,"href":"https:\/\/blogs.urz.uni-halle.de\/gfm2022\/wp-json\/wp\/v2\/pages\/8\/revisions\/77"}],"wp:attachment":[{"href":"https:\/\/blogs.urz.uni-halle.de\/gfm2022\/wp-json\/wp\/v2\/media?parent=8"}],"curies":[{"name":"wp","href":"https:\/\/api.w.org\/{rel}","templated":true}]}}