{"id":93,"date":"2022-01-17T21:38:47","date_gmt":"2022-01-17T20:38:47","guid":{"rendered":"https:\/\/blogs.urz.uni-halle.de\/goethe\/?page_id=93"},"modified":"2022-03-31T12:37:24","modified_gmt":"2022-03-31T10:37:24","slug":"gedicht","status":"publish","type":"page","link":"https:\/\/blogs.urz.uni-halle.de\/goethe\/gedicht\/","title":{"rendered":"Station 3 &#8211; Gedicht"},"content":{"rendered":"\n<p><br><\/p>\n\n\n\n<p class=\"has-blue-background-color has-background\">Hinweis f\u00fcr die Lehrkraft: Mit dieser Station beginnen alle Sch\u00fcler*innen gleichzeitig.<\/p>\n\n\n\n<p><br><\/p>\n\n\n\n<figure class=\"wp-block-video\"><video controls src=\"https:\/\/blogs.urz.uni-halle.de\/goethe\/files\/2022\/01\/Gedicht-.mp4\"><\/video><\/figure>\n\n\n\n<p><br>Link zum Gedicht &#8222;Ilmenau&#8220;: <a href=\"https:\/\/www.textlog.de\/18826.html\">https:\/\/www.textlog.de\/18826.html<\/a><\/p>\n\n\n\n<p><br><\/p>\n\n\n\n<div class=\"wp-block-group\"><div class=\"wp-block-group__inner-container\">\n<p class=\"has-light-green-background-color has-background has-large-font-size\"><strong>Aufgabe: Jetzt seid ihr an der Reihe! Findet euch in 2er bis 3er Gruppen zusammen!<\/strong><\/p>\n\n\n\n<div class=\"wp-block-group\"><div class=\"wp-block-group__inner-container\">\n<figure class=\"wp-block-image is-resized\"><img loading=\"lazy\" src=\"https:\/\/www.friedenshort.de\/fileadmin\/_processed_\/c\/d\/csm_Symbolbild_Kinder-und-Jugendrat_AK_27be055de3.jpg\" alt=\"Aktuelles- Friedenshort\" width=\"361\" height=\"240\" \/><figcaption><strong><span class=\"has-inline-color has-black-color\">Gruppenarbeit<\/span><\/strong><\/figcaption><\/figure>\n\n\n\n<div class=\"wp-block-group has-light-green-background-color has-background\"><div class=\"wp-block-group__inner-container\">\n<p class=\"has-light-green-background-color has-background\"><strong>W\u00e4hlt Aufgabe 1 oder 2:<\/strong><\/p>\n\n\n\n<p class=\"has-light-green-background-color has-background\">1: Schreibt ein eigenes Gedicht! (Das Thema d\u00fcrft ihr frei w\u00e4hlen! Wenn ihr keine Idee habt, w\u00e4re ein Gedicht \u00fcber Ilmenau oder die Natur auch sehr passend.)<\/p>\n\n\n\n<p class=\"has-light-green-background-color has-background\">2: Ihr m\u00f6chtet euch kein eigenes Gedicht ausdenken und w\u00e4hlt das Hexeneinmaleins von Goethe (Link zum Hexeneinmaleins: <a href=\"https:\/\/www.medienwerkstatt-online.de\/lws_wissen\/vorlagen\/showcard.php?id=6106&amp;edit=0\">https:\/\/www.medienwerkstatt-online.de\/lws_wissen\/vorlagen\/showcard.php?id=6106&amp;edit=0<\/a>)<\/p>\n<\/div><\/div>\n\n\n\n<p><\/p>\n<\/div><\/div>\n<\/div><\/div>\n\n\n\n<p><br><\/p>\n\n\n\n<div class=\"wp-block-group has-light-green-background-color has-background\"><div class=\"wp-block-group__inner-container\">\n<p class=\"has-light-green-background-color has-background\"><strong>Habt ihr euch f\u00fcr 1 oder 2 entschieden? Dann w\u00e4hlt jetzt A oder B:<\/strong><\/p>\n\n\n\n<p class=\"has-light-green-background-color has-background\">A: Nehmt das Gedicht als Audio mit eurem digitalen Ger\u00e4t auf! Hier h\u00f6rt man sp\u00e4ter nur eure Stimme.<\/p>\n\n\n\n<p class=\"has-light-green-background-color has-background\">B: Dreht ein Video mit eurem digitalen Ger\u00e4t in dem ihr das Gedicht vortragt. Hier h\u00f6rt und sieht man euch, wie ihr das Gedicht vortragt.<\/p>\n<\/div><\/div>\n\n\n\n<p><br><\/p>\n\n\n\n<div class=\"wp-block-group\"><div class=\"wp-block-group__inner-container\">\n<div class=\"wp-block-group has-light-green-background-color has-background\"><div class=\"wp-block-group__inner-container\">\n<p class=\"has-light-green-background-color has-background\">Sendet die fertige Datei (Audio oder Video) mit der Funktion <strong>&#8222;AirDrop&#8220; <\/strong>an eure Lehrkraft. <\/p>\n\n\n\n<p class=\"has-light-green-background-color has-background\">Anleitung: siehe unten<\/p>\n<\/div><\/div>\n\n\n\n<p><\/p>\n<\/div><\/div>\n\n\n\n<p><br><\/p>\n\n\n\n<p class=\"has-text-align-center has-light-yellow-background-color has-background has-large-font-size\">Was ist eure Kombination? 1A oder 2A oder 1B oder 2B? Scrollt nach unten, wenn ihr Hilfe bei der Aufnahme des Audios bzw. des Videos und beim Versenden ben\u00f6tigt.<\/p>\n\n\n\n<p class=\"has-large-font-size\"><\/p>\n\n\n\n<div class=\"wp-block-group has-light-yellow-background-color has-background\"><div class=\"wp-block-group__inner-container\">\n<p class=\"has-text-align-center has-large-font-size\"><strong>1A oder 2A &#8211; Anleitung zur Aufnahme eines Audios mit der App &#8222;Sprachmemos&#8220; und versenden mit &#8222;AirDrop<\/strong>&#8222;<\/p>\n\n\n\n<figure class=\"wp-block-image size-large is-resized\"><img loading=\"lazy\" src=\"https:\/\/blogs.urz.uni-halle.de\/goethe\/files\/2022\/03\/0E451062-CFD7-4829-B0D1-0011FC496233_4_5005_c.jpeg\" alt=\"\" class=\"wp-image-217\" width=\"239\" height=\"224\" \/><figcaption><strong><span class=\"has-inline-color has-black-color\">1. Schritt <br><\/span><\/strong><span class=\"has-inline-color has-black-color\">\u00d6ffne die App &#8222;Sprachmemos&#8220;. Solltest du die App nicht finden, kannst du auch die Suchfunktion nutzen.<\/span><\/figcaption><\/figure>\n\n\n\n<figure class=\"wp-block-image size-large is-resized\"><img loading=\"lazy\" src=\"https:\/\/blogs.urz.uni-halle.de\/goethe\/files\/2022\/03\/Bildschirmfoto-2022-03-31-um-11.08.51-1-1024x640.png\" alt=\"\" class=\"wp-image-214\" width=\"227\" height=\"142\" srcset=\"https:\/\/blogs.urz.uni-halle.de\/goethe\/files\/2022\/03\/Bildschirmfoto-2022-03-31-um-11.08.51-1-1024x640.png 1024w, https:\/\/blogs.urz.uni-halle.de\/goethe\/files\/2022\/03\/Bildschirmfoto-2022-03-31-um-11.08.51-1-300x188.png 300w, https:\/\/blogs.urz.uni-halle.de\/goethe\/files\/2022\/03\/Bildschirmfoto-2022-03-31-um-11.08.51-1-768x480.png 768w, https:\/\/blogs.urz.uni-halle.de\/goethe\/files\/2022\/03\/Bildschirmfoto-2022-03-31-um-11.08.51-1-1536x960.png 1536w, https:\/\/blogs.urz.uni-halle.de\/goethe\/files\/2022\/03\/Bildschirmfoto-2022-03-31-um-11.08.51-1-2048x1280.png 2048w\" sizes=\"(max-width: 227px) 100vw, 227px\" \/><figcaption><span class=\"has-inline-color has-black-color\"><strong>2. Schritt<\/strong><br>Klicke auf den roten Punkt unten links, um die Aufnahme zu starten. Spreche das Gedicht.<\/span><\/figcaption><\/figure>\n\n\n\n<figure class=\"wp-block-image size-large is-resized\"><img loading=\"lazy\" src=\"https:\/\/blogs.urz.uni-halle.de\/goethe\/files\/2022\/03\/71DC8806-2D27-49B0-8B85-2B4BF015E933_1_201_a-1024x598.jpeg\" alt=\"\" class=\"wp-image-215\" width=\"230\" height=\"134\" srcset=\"https:\/\/blogs.urz.uni-halle.de\/goethe\/files\/2022\/03\/71DC8806-2D27-49B0-8B85-2B4BF015E933_1_201_a-1024x598.jpeg 1024w, https:\/\/blogs.urz.uni-halle.de\/goethe\/files\/2022\/03\/71DC8806-2D27-49B0-8B85-2B4BF015E933_1_201_a-300x175.jpeg 300w, https:\/\/blogs.urz.uni-halle.de\/goethe\/files\/2022\/03\/71DC8806-2D27-49B0-8B85-2B4BF015E933_1_201_a-768x449.jpeg 768w, https:\/\/blogs.urz.uni-halle.de\/goethe\/files\/2022\/03\/71DC8806-2D27-49B0-8B85-2B4BF015E933_1_201_a-1536x898.jpeg 1536w, https:\/\/blogs.urz.uni-halle.de\/goethe\/files\/2022\/03\/71DC8806-2D27-49B0-8B85-2B4BF015E933_1_201_a-2048x1197.jpeg 2048w\" sizes=\"(max-width: 230px) 100vw, 230px\" \/><figcaption><span class=\"has-inline-color has-black-color\"><strong>3. Schritt<\/strong><br>Beende die Aufnahme, indem du auf das Stopp-Symbol (2 rote parallele Striche) dr\u00fcckst.<\/span><\/figcaption><\/figure>\n\n\n\n<figure class=\"wp-block-image size-large is-resized\"><img loading=\"lazy\" src=\"https:\/\/blogs.urz.uni-halle.de\/goethe\/files\/2022\/03\/9F2D7FB5-888D-40B5-9BF3-C7C805B43A5F_1_201_a-1024x602.jpeg\" alt=\"\" class=\"wp-image-220\" width=\"227\" height=\"133\" srcset=\"https:\/\/blogs.urz.uni-halle.de\/goethe\/files\/2022\/03\/9F2D7FB5-888D-40B5-9BF3-C7C805B43A5F_1_201_a-1024x602.jpeg 1024w, https:\/\/blogs.urz.uni-halle.de\/goethe\/files\/2022\/03\/9F2D7FB5-888D-40B5-9BF3-C7C805B43A5F_1_201_a-300x176.jpeg 300w, https:\/\/blogs.urz.uni-halle.de\/goethe\/files\/2022\/03\/9F2D7FB5-888D-40B5-9BF3-C7C805B43A5F_1_201_a-768x451.jpeg 768w, https:\/\/blogs.urz.uni-halle.de\/goethe\/files\/2022\/03\/9F2D7FB5-888D-40B5-9BF3-C7C805B43A5F_1_201_a-1536x902.jpeg 1536w, https:\/\/blogs.urz.uni-halle.de\/goethe\/files\/2022\/03\/9F2D7FB5-888D-40B5-9BF3-C7C805B43A5F_1_201_a-2048x1203.jpeg 2048w\" sizes=\"(max-width: 227px) 100vw, 227px\" \/><figcaption><span class=\"has-inline-color has-black-color\"><strong>4. Schritt <\/strong><br>Klick auf &#8222;Fertig&#8220; (rechts unten).<\/span><\/figcaption><\/figure>\n\n\n\n<figure class=\"wp-block-image size-large is-resized\"><img loading=\"lazy\" src=\"https:\/\/blogs.urz.uni-halle.de\/goethe\/files\/2022\/03\/5C60CA35-DF3F-43A6-B94B-6CB0D45D124E_1_201_a-1024x607.jpeg\" alt=\"\" class=\"wp-image-221\" width=\"218\" height=\"129\" srcset=\"https:\/\/blogs.urz.uni-halle.de\/goethe\/files\/2022\/03\/5C60CA35-DF3F-43A6-B94B-6CB0D45D124E_1_201_a-1024x607.jpeg 1024w, https:\/\/blogs.urz.uni-halle.de\/goethe\/files\/2022\/03\/5C60CA35-DF3F-43A6-B94B-6CB0D45D124E_1_201_a-300x178.jpeg 300w, https:\/\/blogs.urz.uni-halle.de\/goethe\/files\/2022\/03\/5C60CA35-DF3F-43A6-B94B-6CB0D45D124E_1_201_a-768x455.jpeg 768w, https:\/\/blogs.urz.uni-halle.de\/goethe\/files\/2022\/03\/5C60CA35-DF3F-43A6-B94B-6CB0D45D124E_1_201_a-1536x911.jpeg 1536w, https:\/\/blogs.urz.uni-halle.de\/goethe\/files\/2022\/03\/5C60CA35-DF3F-43A6-B94B-6CB0D45D124E_1_201_a-2048x1215.jpeg 2048w\" sizes=\"(max-width: 218px) 100vw, 218px\" \/><figcaption><span class=\"has-inline-color has-black-color\"><strong>5. Schritt<\/strong><br>Gib deiner Datei einen Namen!<br>Klick auf die aufgenommene Datei in der linken Spalte. L\u00f6sche den Text im grauen oder wei\u00dfen K\u00e4stchen. F\u00fcge einen Dateinamen ein. W\u00e4hle eine Bezeichnung f\u00fcr deine Gruppe.<\/span><\/figcaption><\/figure>\n\n\n\n<figure class=\"wp-block-image size-large is-resized\"><img loading=\"lazy\" src=\"https:\/\/blogs.urz.uni-halle.de\/goethe\/files\/2022\/03\/2AD53D64-CBC1-439E-ADE0-69E4112F3C65_1_201_a-1024x606.jpeg\" alt=\"\" class=\"wp-image-233\" width=\"232\" height=\"137\" srcset=\"https:\/\/blogs.urz.uni-halle.de\/goethe\/files\/2022\/03\/2AD53D64-CBC1-439E-ADE0-69E4112F3C65_1_201_a-1024x606.jpeg 1024w, https:\/\/blogs.urz.uni-halle.de\/goethe\/files\/2022\/03\/2AD53D64-CBC1-439E-ADE0-69E4112F3C65_1_201_a-300x177.jpeg 300w, https:\/\/blogs.urz.uni-halle.de\/goethe\/files\/2022\/03\/2AD53D64-CBC1-439E-ADE0-69E4112F3C65_1_201_a-768x454.jpeg 768w, https:\/\/blogs.urz.uni-halle.de\/goethe\/files\/2022\/03\/2AD53D64-CBC1-439E-ADE0-69E4112F3C65_1_201_a-1536x908.jpeg 1536w, https:\/\/blogs.urz.uni-halle.de\/goethe\/files\/2022\/03\/2AD53D64-CBC1-439E-ADE0-69E4112F3C65_1_201_a-2048x1211.jpeg 2048w\" sizes=\"(max-width: 232px) 100vw, 232px\" \/><figcaption><span class=\"has-inline-color has-black-color\"><strong>6. Schritt <\/strong><br>Klick mit 2 Fingern gleichzeitig auf die Datei bzw. den Dateinamen in der linken Spalte. Klick auf &#8222;Teilen&#8220;. Klick auf &#8222;AirDrop&#8220;. W\u00e4hle den Ger\u00e4tenamen deiner Lehrkraft aus und klick darauf.<\/span><\/figcaption><\/figure>\n<\/div><\/div>\n\n\n\n<p><br><br><\/p>\n\n\n\n<div class=\"wp-block-group has-light-yellow-background-color has-background\"><div class=\"wp-block-group__inner-container\">\n<p class=\"has-text-align-center has-large-font-size\"><strong>1B oder 2B &#8211; Anleitung zur Aufnahme eines Videos mit der App &#8222;Kamera&#8220; und versenden mit &#8222;AirDrop<\/strong>&#8222;<\/p>\n\n\n\n<figure class=\"wp-block-image size-large is-resized\"><img loading=\"lazy\" src=\"https:\/\/blogs.urz.uni-halle.de\/goethe\/files\/2022\/03\/8B153C16-6AB6-483A-A361-B8238EABBA63_4_5005_c.jpeg\" alt=\"\" class=\"wp-image-224\" width=\"255\" height=\"217\" srcset=\"https:\/\/blogs.urz.uni-halle.de\/goethe\/files\/2022\/03\/8B153C16-6AB6-483A-A361-B8238EABBA63_4_5005_c.jpeg 360w, https:\/\/blogs.urz.uni-halle.de\/goethe\/files\/2022\/03\/8B153C16-6AB6-483A-A361-B8238EABBA63_4_5005_c-300x256.jpeg 300w\" sizes=\"(max-width: 255px) 100vw, 255px\" \/><figcaption><span class=\"has-inline-color has-black-color\"><strong>1. Schritt <\/strong><br>\u00d6ffne die App &#8222;Kamera&#8220;.<\/span><\/figcaption><\/figure>\n\n\n\n<figure class=\"wp-block-image size-large is-resized\"><img loading=\"lazy\" src=\"https:\/\/blogs.urz.uni-halle.de\/goethe\/files\/2022\/03\/6FBF616E-0FF7-4243-9434-2634840AF1C1-1024x768.png\" alt=\"\" class=\"wp-image-225\" width=\"254\" height=\"190\" srcset=\"https:\/\/blogs.urz.uni-halle.de\/goethe\/files\/2022\/03\/6FBF616E-0FF7-4243-9434-2634840AF1C1-1024x768.png 1024w, https:\/\/blogs.urz.uni-halle.de\/goethe\/files\/2022\/03\/6FBF616E-0FF7-4243-9434-2634840AF1C1-300x225.png 300w, https:\/\/blogs.urz.uni-halle.de\/goethe\/files\/2022\/03\/6FBF616E-0FF7-4243-9434-2634840AF1C1-768x576.png 768w, https:\/\/blogs.urz.uni-halle.de\/goethe\/files\/2022\/03\/6FBF616E-0FF7-4243-9434-2634840AF1C1-1536x1152.png 1536w, https:\/\/blogs.urz.uni-halle.de\/goethe\/files\/2022\/03\/6FBF616E-0FF7-4243-9434-2634840AF1C1-2048x1536.png 2048w\" sizes=\"(max-width: 254px) 100vw, 254px\" \/><figcaption><span class=\"has-inline-color has-black-color\"><strong>2. Schritt <\/strong><br>W\u00e4hle den &#8222;Video-Modus&#8220; am rechten Rand aus. Klicke auf den roten Punkt, um die Videoaufnahme zu starten. <br>Hinweis: Achte auf Bildstabilit\u00e4t und gute<\/span> <span class=\"has-inline-color has-black-color\">Tonqualit\u00e4t.<\/span><\/figcaption><\/figure>\n\n\n\n<figure class=\"wp-block-image size-large is-resized\"><img loading=\"lazy\" src=\"https:\/\/blogs.urz.uni-halle.de\/goethe\/files\/2022\/03\/880C30C2-719C-4EB0-BB75-074B4E31D766-1024x768.png\" alt=\"\" class=\"wp-image-226\" width=\"264\" height=\"198\" srcset=\"https:\/\/blogs.urz.uni-halle.de\/goethe\/files\/2022\/03\/880C30C2-719C-4EB0-BB75-074B4E31D766-1024x768.png 1024w, https:\/\/blogs.urz.uni-halle.de\/goethe\/files\/2022\/03\/880C30C2-719C-4EB0-BB75-074B4E31D766-300x225.png 300w, https:\/\/blogs.urz.uni-halle.de\/goethe\/files\/2022\/03\/880C30C2-719C-4EB0-BB75-074B4E31D766-768x576.png 768w, https:\/\/blogs.urz.uni-halle.de\/goethe\/files\/2022\/03\/880C30C2-719C-4EB0-BB75-074B4E31D766-1536x1152.png 1536w, https:\/\/blogs.urz.uni-halle.de\/goethe\/files\/2022\/03\/880C30C2-719C-4EB0-BB75-074B4E31D766-2048x1536.png 2048w\" sizes=\"(max-width: 264px) 100vw, 264px\" \/><figcaption><span class=\"has-inline-color has-black-color\"><strong>3. Schritt <\/strong><br>Beende die Videoaufnahme, indem du auf das rote Quadrat im wei\u00dfen Kreis tippst.<\/span><\/figcaption><\/figure>\n\n\n\n<figure class=\"wp-block-image size-large is-resized\"><img loading=\"lazy\" src=\"https:\/\/blogs.urz.uni-halle.de\/goethe\/files\/2022\/03\/521C5E2E-EEB3-49C3-95F4-CF9B68A6938E_4_5005_c.jpeg\" alt=\"\" class=\"wp-image-227\" width=\"272\" height=\"242\" \/><figcaption><span class=\"has-inline-color has-black-color\"><strong>4. Schritt <\/strong><br>\u00d6ffne die App &#8222;Fotos&#8220;.<\/span><\/figcaption><\/figure>\n\n\n\n<figure class=\"wp-block-image size-large is-resized\"><img loading=\"lazy\" src=\"https:\/\/blogs.urz.uni-halle.de\/goethe\/files\/2022\/03\/52DFE94A-FC10-4302-B897-623509701DA1-1024x749.jpeg\" alt=\"\" class=\"wp-image-229\" width=\"270\" height=\"197\" srcset=\"https:\/\/blogs.urz.uni-halle.de\/goethe\/files\/2022\/03\/52DFE94A-FC10-4302-B897-623509701DA1-1024x749.jpeg 1024w, https:\/\/blogs.urz.uni-halle.de\/goethe\/files\/2022\/03\/52DFE94A-FC10-4302-B897-623509701DA1-300x219.jpeg 300w, https:\/\/blogs.urz.uni-halle.de\/goethe\/files\/2022\/03\/52DFE94A-FC10-4302-B897-623509701DA1-768x561.jpeg 768w, https:\/\/blogs.urz.uni-halle.de\/goethe\/files\/2022\/03\/52DFE94A-FC10-4302-B897-623509701DA1-1536x1123.jpeg 1536w, https:\/\/blogs.urz.uni-halle.de\/goethe\/files\/2022\/03\/52DFE94A-FC10-4302-B897-623509701DA1-2048x1497.jpeg 2048w\" sizes=\"(max-width: 270px) 100vw, 270px\" \/><figcaption><span class=\"has-inline-color has-black-color\"><strong>5. Schritt <\/strong><br>W\u00e4hle das finale Video aus. Klicke auf das blaue Symbol mit Pfeil in der oberen Leiste.<\/span><\/figcaption><\/figure>\n\n\n\n<figure class=\"wp-block-image size-large is-resized\"><img loading=\"lazy\" src=\"https:\/\/blogs.urz.uni-halle.de\/goethe\/files\/2022\/03\/F12BA4CA-0F24-4B50-8CA8-A0D74A89855E-1024x747.jpeg\" alt=\"\" class=\"wp-image-231\" width=\"268\" height=\"195\" srcset=\"https:\/\/blogs.urz.uni-halle.de\/goethe\/files\/2022\/03\/F12BA4CA-0F24-4B50-8CA8-A0D74A89855E-1024x747.jpeg 1024w, https:\/\/blogs.urz.uni-halle.de\/goethe\/files\/2022\/03\/F12BA4CA-0F24-4B50-8CA8-A0D74A89855E-300x219.jpeg 300w, https:\/\/blogs.urz.uni-halle.de\/goethe\/files\/2022\/03\/F12BA4CA-0F24-4B50-8CA8-A0D74A89855E-768x560.jpeg 768w, https:\/\/blogs.urz.uni-halle.de\/goethe\/files\/2022\/03\/F12BA4CA-0F24-4B50-8CA8-A0D74A89855E-1536x1120.jpeg 1536w, https:\/\/blogs.urz.uni-halle.de\/goethe\/files\/2022\/03\/F12BA4CA-0F24-4B50-8CA8-A0D74A89855E-2048x1494.jpeg 2048w\" sizes=\"(max-width: 268px) 100vw, 268px\" \/><figcaption><span class=\"has-inline-color has-black-color\"><strong>6. Schritt <\/strong><br>Klick auf das Symbol mit blauen Kreisen &#8222;AirDrop&#8220;. W\u00e4hle den Ger\u00e4tenamen deiner Lehrkraft aus und klick darauf.<\/span><\/figcaption><\/figure>\n<\/div><\/div>\n\n\n\n<p><\/p>\n\n\n\n<p><br><\/p>\n\n\n\n<p class=\"has-light-red-background-color has-background has-regular-font-size\">Achtung! Absenden nicht vergessen!<\/p>\n\n\n\n<p><br><\/p>\n\n\n\n<p class=\"has-light-green-background-color has-background\">Ihr seid schon fertig und eure Mitsch\u00fcler*innen arbeiten noch? Dann bearbeitet die Zusatzaufgabe! Klicke auf den Reiter \u201eZusatz\u201c.<\/p>\n","protected":false},"excerpt":{"rendered":"<p>Hinweis f\u00fcr die Lehrkraft: Mit dieser Station beginnen alle Sch\u00fcler*innen gleichzeitig. Link zum Gedicht &#8222;Ilmenau&#8220;: https:\/\/www.textlog.de\/18826.html Was ist eure Kombination? 1A oder 2A oder 1B oder 2B? Scrollt nach unten, wenn ihr Hilfe bei der Aufnahme des Audios bzw. des Videos und beim Versenden ben\u00f6tigt. Achtung! &hellip; <\/p>\n<p><a href=\"https:\/\/blogs.urz.uni-halle.de\/goethe\/gedicht\/\" class=\"more-link\"><span class=\"morelink-icon\">Weiterlesen<\/span><\/a><\/p>\n","protected":false},"author":5232,"featured_media":0,"parent":0,"menu_order":0,"comment_status":"closed","ping_status":"closed","template":"","meta":[],"_links":{"self":[{"href":"https:\/\/blogs.urz.uni-halle.de\/goethe\/wp-json\/wp\/v2\/pages\/93"}],"collection":[{"href":"https:\/\/blogs.urz.uni-halle.de\/goethe\/wp-json\/wp\/v2\/pages"}],"about":[{"href":"https:\/\/blogs.urz.uni-halle.de\/goethe\/wp-json\/wp\/v2\/types\/page"}],"author":[{"embeddable":true,"href":"https:\/\/blogs.urz.uni-halle.de\/goethe\/wp-json\/wp\/v2\/users\/5232"}],"replies":[{"embeddable":true,"href":"https:\/\/blogs.urz.uni-halle.de\/goethe\/wp-json\/wp\/v2\/comments?post=93"}],"version-history":[{"count":10,"href":"https:\/\/blogs.urz.uni-halle.de\/goethe\/wp-json\/wp\/v2\/pages\/93\/revisions"}],"predecessor-version":[{"id":243,"href":"https:\/\/blogs.urz.uni-halle.de\/goethe\/wp-json\/wp\/v2\/pages\/93\/revisions\/243"}],"wp:attachment":[{"href":"https:\/\/blogs.urz.uni-halle.de\/goethe\/wp-json\/wp\/v2\/media?parent=93"}],"curies":[{"name":"wp","href":"https:\/\/api.w.org\/{rel}","templated":true}]}}