{"id":2,"date":"2017-01-25T21:02:46","date_gmt":"2017-01-25T20:02:46","guid":{"rendered":"https:\/\/blogs.urz.uni-halle.de\/gradumeeting\/?page_id=2"},"modified":"2018-03-08T18:36:23","modified_gmt":"2018-03-08T17:36:23","slug":"beispiel-seite","status":"publish","type":"page","link":"https:\/\/blogs.urz.uni-halle.de\/gradumeeting\/beispiel-seite\/","title":{"rendered":"Call for Papers 2018"},"content":{"rendered":"<p>Das <strong>GraduMeeting 2018<\/strong> bietet Absolvent*innen und Student*innen nun zum f\u00fcnften Mal in Folge die M\u00f6glichkeit, ihre Forschungsprojekte und -ergebnisse aus den Geisteswissenschaften vorzustellen \u2013 egal ob Germanistik, Anglistik, Amerikanistik, Romanistik oder Slavistik.<\/p>\n<p><strong>Kurz und gut \u2013 unsere Idee<\/strong>: In einer Abschlussarbeit stecken viel Zeit, Energie und Zucker \u2013 die Arbeit selbst liegt jedoch meist nur den Pr\u00fcfer*innen (und hilfreichen Korrekturleser*innen) vor. Durch die Vortr\u00e4ge geben wir Studierenden nun eine Plattform, einen Schritt in den akademischen Betrieb zu wagen: Du sammelst erste Erfahrungen im Vorstellen Deiner eigenen wissenschaftlichen Arbeit und erh\u00e4ltst von Kommiliton*innen und Dozent*innen wertvolles Feedback zu Deiner Forschung. Wenn Du noch an Deiner Abschlussarbeit schreibst, k\u00f6nnen Dir neue, frische Ideen aus der Diskussion bei Schreibblockaden sicherlich weiterhelfen. Aufgrund einer anschlie\u00dfenden Diskussions- und Fragerunde besteht die M\u00f6glichkeit, dass kritische Standpunkte und so weitere Forschungsfragen entstehen. Zuh\u00f6rer*innen, die das Schreiben der Abschlussarbeit noch vor sich haben, k\u00f6nnen sich w\u00e4hrend der Veranstaltung wertvolle Tipps und Anregungen \u2013 beispielhalber bei Kontakt zu Dozierenden, Schreibblockaden oder Motivierungsstrategien \u2013 einholen, vielleicht sogar f\u00fcr f\u00fcr die eigene Themenfindung. Das alles passiert in ganz lockerer, entspannter Atmosph\u00e4re \u2013 von Studierenden f\u00fcr Studierende eben.<\/p>\n<p><strong>Dein Publikum<\/strong>: Die Veranstaltung ist grunds\u00e4tzlich f\u00fcr alle Student*innen der Martin-Luther-Universit\u00e4t ge\u00f6ffnet; Deine Pr\u00e4sentation wirst Du im Wesentlichen vor einem interessierten Publikum aus Kommiliton*innen unterschiedlichster geisteswissenschaftlicher Studieng\u00e4nge sowie einige Dozent*innen sein.<\/p>\n<p><strong>Zum Ablauf<\/strong>: Zur studentischen Tagung bekommt jede*r Vortragende*r einen 30-Minuten-Slot, in dem Du sowohl Deine Abschlussarbeit pr\u00e4sentierst als auch den Schreib- (Krampf-?) Prozess reflektierst. Die n\u00e4heren Informationen zum inhaltlichen Ablauf erf\u00e4hrst Du mit Deiner Bewerbung (siehe unten). Das GraduMeeting wird neben den Vortr\u00e4gen ebenfalls von Workshops, Informationsveranstaltungen sowie einem kulturellen Rahmenprogramm begleitet. F\u00fcr alle Sprecher*innen gibt es zudem ein <strong>Zertifikat f\u00fcr einen Konferenzbeitrag<\/strong> am Institut f\u00fcr Anglistik\/Amerikanistik der Martin-Luther-Universit\u00e4t Halle\/Wittenberg, das im Lebenslauf und bei zuk\u00fcnftigen Bewerbungen hilfreich ist.<\/p>\n<p><strong>Zur Bewerbung<\/strong>: F\u00fcr das diesj\u00e4hrige GraduMeeting suchen wir <strong>Referent*innen aus der Philosophischen Fakult\u00e4t II<\/strong>. Mit der Bewerbung erh\u00e4ltst Du von uns noch n\u00e4here Informationen zum weiteren Ablauf der Tagung sowie die M\u00f6glichkeit, Dich f\u00fcr die Workshops (kostenfrei) anzumelden. Gegen Ende M\u00e4rz\/ Anfang April senden wir Dir Deine Zusage zur Pr\u00e4sentation und mit einem Terminvorschlag. Die Vortr\u00e4ge werden generell nach Bereichen gestaffelt: Literatur, Kultur\/Medi\u00e4vistik, Sprache, Fachdidaktik und Deutsch als Fremdsprache.<\/p>\n<p><strong>Ready, steady, go! Wir freuen uns auf Deine Bewerbung.<\/strong><\/p>\n<p>&nbsp;<\/p>\n<hr \/>\n<p><strong><span style=\"color: #008000\">Das GraduMeeting 2018 findet vom 22. (Freitag) bis 23. Juni 2018 (Samstag) ganzt\u00e4gig am Steintor-Campus des Geisteswissenschaftlichen Zentrums der MLU Halle statt.<\/span><\/strong><\/p>\n<hr \/>\n<p>&nbsp;<\/p>\n<p><strong>Call for Papers <\/strong><\/p>\n<ul>\n<li><strong><em>Kurzvorstellung<\/em> <\/strong>(Name, Studiengang, Thema der Abschlussarbeit, Qualifikation (BA, MA, Staatsexamen), Fachbereiche)<\/li>\n<li><strong><em>Abstract<\/em> <\/strong>(Schriftliche Darstellung des Themas mit Problemaufriss: Was ist Deine These? Was m\u00f6chtest Du untersuchen? Was ist an Deinem Thema spannend? Ca. 200 W\u00f6rter, PDF-Dokument).<\/li>\n<li><strong><em>Deadline<\/em><\/strong>: <span style=\"color: #000000\"><del>31.03.2018<\/del><\/span> <span style=\"color: #008000\"><strong>VERL\u00c4NGERT ZUM 16. April 2018<\/strong><\/span>; an <strong>gradumeeting@anglistik.uni-halle.de <\/strong><\/li>\n<li>Ansprechpartner: Laura Heitz und Christoph Richter<\/li>\n<\/ul>\n","protected":false},"excerpt":{"rendered":"<p>Das GraduMeeting 2018 bietet Absolvent*innen und Student*innen nun zum f\u00fcnften Mal in Folge die M\u00f6glichkeit, ihre Forschungsprojekte und -ergebnisse aus den Geisteswissenschaften vorzustellen \u2013 egal ob Germanistik, Anglistik, Amerikanistik, Romanistik oder Slavistik. Kurz und gut \u2013 unsere Idee: In einer Abschlussarbeit stecken viel Zeit, Energie und Zucker \u2013 die Arbeit selbst liegt jedoch meist nur [&hellip;]<\/p>\n","protected":false},"author":731,"featured_media":30,"parent":0,"menu_order":0,"comment_status":"closed","ping_status":"open","template":"","meta":[],"_links":{"self":[{"href":"https:\/\/blogs.urz.uni-halle.de\/gradumeeting\/wp-json\/wp\/v2\/pages\/2"}],"collection":[{"href":"https:\/\/blogs.urz.uni-halle.de\/gradumeeting\/wp-json\/wp\/v2\/pages"}],"about":[{"href":"https:\/\/blogs.urz.uni-halle.de\/gradumeeting\/wp-json\/wp\/v2\/types\/page"}],"author":[{"embeddable":true,"href":"https:\/\/blogs.urz.uni-halle.de\/gradumeeting\/wp-json\/wp\/v2\/users\/731"}],"replies":[{"embeddable":true,"href":"https:\/\/blogs.urz.uni-halle.de\/gradumeeting\/wp-json\/wp\/v2\/comments?post=2"}],"version-history":[{"count":10,"href":"https:\/\/blogs.urz.uni-halle.de\/gradumeeting\/wp-json\/wp\/v2\/pages\/2\/revisions"}],"predecessor-version":[{"id":435,"href":"https:\/\/blogs.urz.uni-halle.de\/gradumeeting\/wp-json\/wp\/v2\/pages\/2\/revisions\/435"}],"wp:featuredmedia":[{"embeddable":true,"href":"https:\/\/blogs.urz.uni-halle.de\/gradumeeting\/wp-json\/wp\/v2\/media\/30"}],"wp:attachment":[{"href":"https:\/\/blogs.urz.uni-halle.de\/gradumeeting\/wp-json\/wp\/v2\/media?parent=2"}],"curies":[{"name":"wp","href":"https:\/\/api.w.org\/{rel}","templated":true}]}}