{"id":6,"date":"2017-11-21T17:55:29","date_gmt":"2017-11-21T16:55:29","guid":{"rendered":"https:\/\/blogs.urz.uni-halle.de\/griechisch\/?page_id=6"},"modified":"2025-03-02T13:37:02","modified_gmt":"2025-03-02T12:37:02","slug":"prof-dr-michael-hillgruber","status":"publish","type":"page","link":"https:\/\/blogs.urz.uni-halle.de\/griechisch\/mitarbeiter\/prof-dr-michael-hillgruber\/","title":{"rendered":"Prof. Dr. Michael Hillgruber"},"content":{"rendered":"\t\t<div data-elementor-type=\"wp-post\" data-elementor-id=\"6\" class=\"elementor elementor-6\" data-elementor-settings=\"[]\">\n\t\t\t\t\t\t<div class=\"elementor-inner\">\n\t\t\t\t\t\t\t<div class=\"elementor-section-wrap\">\n\t\t\t\t\t\t\t<section class=\"elementor-section elementor-top-section elementor-element elementor-element-68687bf7 elementor-section-boxed elementor-section-height-default elementor-section-height-default\" data-id=\"68687bf7\" data-element_type=\"section\">\n\t\t\t\t\t\t<div class=\"elementor-container elementor-column-gap-default\">\n\t\t\t\t\t\t\t<div class=\"elementor-row\">\n\t\t\t\t\t<div class=\"elementor-column elementor-col-100 elementor-top-column elementor-element elementor-element-2809922a\" data-id=\"2809922a\" data-element_type=\"column\">\n\t\t\t<div class=\"elementor-column-wrap elementor-element-populated\">\n\t\t\t\t\t\t\t<div class=\"elementor-widget-wrap\">\n\t\t\t\t\t\t<div class=\"elementor-element elementor-element-514fea9d elementor-widget elementor-widget-heading\" data-id=\"514fea9d\" data-element_type=\"widget\" data-widget_type=\"heading.default\">\n\t\t\t\t<div class=\"elementor-widget-container\">\n\t\t\t<h2 class=\"elementor-heading-title elementor-size-default\">Curriculum Vitae<\/h2>\t\t<\/div>\n\t\t\t\t<\/div>\n\t\t\t\t<div class=\"elementor-element elementor-element-75bf1bd3 elementor-widget elementor-widget-text-editor\" data-id=\"75bf1bd3\" data-element_type=\"widget\" data-widget_type=\"text-editor.default\">\n\t\t\t\t<div class=\"elementor-widget-container\">\n\t\t\t\t\t<div class=\"elementor-text-editor elementor-clearfix\"><p><i>1961<\/i><br \/>geb. in Darmstadt (Hessen)<\/p><p><i>1980 <\/i><br \/>Abitur am Apostelgymnasium in K\u00f6ln<\/p><p><i>1981-85 <\/i><br \/>Studium der F\u00e4cher Griechische Philologie, Lateinische Philologie und Alte Geschichte an der Universit\u00e4t zu K\u00f6ln (abgeschlossen durch Magisterexamen 1985)<\/p><p><i>1986-89 <\/i><br \/>Wissenschaftlicher Mitarbeiter am Institut f\u00fcr Altertumskunde der Westf\u00e4lischen Wilhelms-Universit\u00e4t M\u00fcnster (Lehrstuhl Prof. H. Wankel)<\/p><p><i>1986 <\/i><br \/>Promotion in K\u00f6ln bei Prof. R. Kassel<\/p><p><i>1990 <\/i><br \/>Habilitandenstipendium der DFG<\/p><p><i>1991-1992 <\/i><br \/>Wissenschaftlicher Assistent am Institut f\u00fcr Klassische Philologie der Westf\u00e4lischen Wilhelms-Universit\u00e4t M\u00fcnster (Lehrstuhl Prof. W. H\u00fcbner)<\/p><p><i>1992-1995 <\/i><br \/>Wissenschaftlicher Assistent am Institut f\u00fcr Klassische Philologie der Universit\u00e4t Bern (Lehrstuhl Prof. H.-G. Nesselrath)<\/p><p><i>1993 <\/i><br \/>Habilitation in Bern<\/p><p><i>seit 1.10.1995 <\/i><br \/>Professor f\u00fcr Klassische Philologie (Gr\u00e4zistik) an der Martin-Luther-Universit\u00e4t Halle-Wittenberg<\/p><\/div>\n\t\t\t\t<\/div>\n\t\t\t\t<\/div>\n\t\t\t\t\t\t<\/div>\n\t\t\t\t\t<\/div>\n\t\t<\/div>\n\t\t\t\t\t\t\t\t<\/div>\n\t\t\t\t\t<\/div>\n\t\t<\/section>\n\t\t\t\t<section class=\"elementor-section elementor-top-section elementor-element elementor-element-6192041f elementor-section-boxed elementor-section-height-default elementor-section-height-default\" data-id=\"6192041f\" data-element_type=\"section\">\n\t\t\t\t\t\t<div class=\"elementor-container elementor-column-gap-default\">\n\t\t\t\t\t\t\t<div class=\"elementor-row\">\n\t\t\t\t\t<div class=\"elementor-column elementor-col-100 elementor-top-column elementor-element elementor-element-aede156\" data-id=\"aede156\" data-element_type=\"column\">\n\t\t\t<div class=\"elementor-column-wrap elementor-element-populated\">\n\t\t\t\t\t\t\t<div class=\"elementor-widget-wrap\">\n\t\t\t\t\t\t<div class=\"elementor-element elementor-element-4fe4e612 elementor-widget elementor-widget-heading\" data-id=\"4fe4e612\" data-element_type=\"widget\" data-widget_type=\"heading.default\">\n\t\t\t\t<div class=\"elementor-widget-container\">\n\t\t\t<h2 class=\"elementor-heading-title elementor-size-default\">Forschungsinteressen<\/h2>\t\t<\/div>\n\t\t\t\t<\/div>\n\t\t\t\t<div class=\"elementor-element elementor-element-410ad6ae elementor-widget elementor-widget-text-editor\" data-id=\"410ad6ae\" data-element_type=\"widget\" data-widget_type=\"text-editor.default\">\n\t\t\t\t<div class=\"elementor-widget-container\">\n\t\t\t\t\t<div class=\"elementor-text-editor elementor-clearfix\"><ul><li>Attische Redekunst<\/li><li>Antike Literaturkritik<\/li><li>Antikenrezeption in der Moderne<\/li><li>Wissenschaftsgeschichte<\/li><\/ul><\/div>\n\t\t\t\t<\/div>\n\t\t\t\t<\/div>\n\t\t\t\t\t\t<\/div>\n\t\t\t\t\t<\/div>\n\t\t<\/div>\n\t\t\t\t\t\t\t\t<\/div>\n\t\t\t\t\t<\/div>\n\t\t<\/section>\n\t\t\t\t<section class=\"elementor-section elementor-top-section elementor-element elementor-element-50fe0da0 elementor-section-boxed elementor-section-height-default elementor-section-height-default\" data-id=\"50fe0da0\" data-element_type=\"section\">\n\t\t\t\t\t\t<div class=\"elementor-container elementor-column-gap-default\">\n\t\t\t\t\t\t\t<div class=\"elementor-row\">\n\t\t\t\t\t<div class=\"elementor-column elementor-col-100 elementor-top-column elementor-element elementor-element-870fa10\" data-id=\"870fa10\" data-element_type=\"column\">\n\t\t\t<div class=\"elementor-column-wrap elementor-element-populated\">\n\t\t\t\t\t\t\t<div class=\"elementor-widget-wrap\">\n\t\t\t\t\t\t<div class=\"elementor-element elementor-element-e798fa9 elementor-widget elementor-widget-heading\" data-id=\"e798fa9\" data-element_type=\"widget\" data-widget_type=\"heading.default\">\n\t\t\t\t<div class=\"elementor-widget-container\">\n\t\t\t<h2 class=\"elementor-heading-title elementor-size-default\">Publikationen<\/h2>\t\t<\/div>\n\t\t\t\t<\/div>\n\t\t\t\t<div class=\"elementor-element elementor-element-4b35fb4a elementor-widget elementor-widget-text-editor\" data-id=\"4b35fb4a\" data-element_type=\"widget\" data-widget_type=\"text-editor.default\">\n\t\t\t\t<div class=\"elementor-widget-container\">\n\t\t\t\t\t<div class=\"elementor-text-editor elementor-clearfix\"><p><i>Dissertation<\/i><\/p>\n<p>Die zehnte Rede des Lysias. Einleitung, Text und Kommentar mit einem Anhang \u00fcber die Gesetzesinterpretationen bei den attischen Rednern (UaLG 29), Berlin\/New York 1988 (Rezensionen: D.M. MacDowell, Class. Rev. n.s. 39, 1989, 193f.; S. Usher, JHS 80, 1990, 223)<\/p>\n<p><i>Habilitationsschrift<\/i><\/p>\n<p>Die pseudoplutarchische Schrift De Homero<br>Teil 1: Einleitung und Kommentar zu den Kapiteln 1-73 (BzA 57), Stuttgart 1994 (Rezensionen: O. Poltera, Mus. Helv. 52, 1995, 237; R. Lamberton, Rel. Stud. Rev. 24, 1998)<br>Teil 2: Kommentar zu den Kapiteln 74-218 (BzA 58), Stuttgart 1999 (Rezensionen: G. Esposito Vulgo Gigante, Atene e Roma 45, 2000, 174-176; M. Heath, Class. Rev. n.s. 51, 2001, 164; D.M. Schenkeveld, Bryn Mawr Class. Rev. 4, 2001; ders., Mnemosyne IV 55, 2002, 367-370; R. Lamberton, JHS 122, 2002, 173f.)<\/p>\n<p><em>Weitere selbst\u00e4ndig erschienene Schriften<\/em><\/p>\n<ul style=\"margin-bottom: 1.62em\">\n<li>&#8222;Nulla est enim societas nobis cum tyrannis&#8220;. Die antiken Bem\u00fchungen um eine Rechtfertigung des Tyrannenmordes mit einem Ausblick auf ihre Nachwirkung in Mittelalter und fr\u00fcher Neuzeit (Xenia Toruniensia 8), Torun 2004<\/li>\n<li>\n<p>\u201eNicht ein Gef\u00e4\u00df f\u00fcllen, sondern ein Feuer entfachen!\u201c Streifz\u00fcge durch die Geschichte eines p\u00e4dagogischen Mottos (Hallesche Universit\u00e4tsreden 20), Halle 2021<\/p><\/li><li><p>Der Philologe und der Dichter. Friedrich August Wolf und Johann Wolfgang von Goethe (Hallesche Universit\u00e4tsreden 26), Halle 2025<\/p><\/li><\/ul><div><\/div>\n<p><i>Herausgebert\u00e4tigkeit<br><\/i><\/p>\n<ul>\n<li>Joachim Ebert, Agonismata. Kleine Schriften zur Literatur, Geschichte und Kultur der Antike. Herausgegeben von Michael Hillgruber, Rainer Jakobi und Wolfgang Luppe unter Mitarbeit von Marcus Beck und Rainer Lenk, Stuttgart und Leipzig 1997<\/li>\n<li>Otto Kern, Meine Lehrer &#8222;Erinnerungen&#8220; Herausgegeben und kommentiert von Michael Hillgruber, Hildesheim 2008 (Rezension: W.M. Calder III, Gnomon 82, 2010, 380f.)<\/li>\n<li>HYPOTHESEIS. Festschrift f\u00fcr Wolfgang Luppe zum 80. Geburtstag = Archiv f\u00fcr Papyrusforschung und verwandte Gebiete, Bd. 57\/2 (2011)<\/li>\n<\/ul>\n<p><em>Aufs\u00e4tze und Rezensionen in Auswahl<\/em><\/p>\n<ul>\n<li>Dion Chrysostomos 36(53),4-5 und die Homerauslegung Zenons, MH 46 (1989), 15-24.<\/li>\n<li>Zur Zeitbestimmung der Chrestomathie des Proklos, RhM 133 (1990), 397-404.<\/li>\n<li>Scriptum und voluntas in der Rechtswissenschaft der r\u00f6mischen Republik, MH 52 (1995), 170-180.<\/li>\n<li>Der Phaethonmythos als Gegenstand kosmologischer Spekulationen, Gymnasium 102 (1995), 481-496.<\/li>\n<li>Die Erz\u00e4hlung des Menenius Agrippa. Eine griechische Fabel in der r\u00f6mischen Geschichtsschreibung, A&amp;A 42 (1996), 42-56.<\/li>\n<li>Die Kunst der verstellten Rede. Ein vernachl\u00e4ssigtes Kapitel der antiken Rhetorik, Philologus 144 (2000), 3-21.<\/li>\n<li>Homer im Dienste des Mimus. Zur k\u00fcnstlerischen Eigenart der Homeristen, ZPE 132 (2000), 63-72. (Corrigendum und Addendum: ZPE 134, 2001, 42)<\/li>\n<li>Allzu gro\u00dfer Schmerz macht stumm, in: Alvarium. Festschrift f\u00fcr Christian Gnilka JAC Erg.-Bd. 33), M\u00fcnster 2002, 187-196.<\/li>\n<li>Ein politisch motivierter Fall \u201epolarer Ausdrucksweise\u201c in Lysias\u2019 zw\u00f6lfter Rede, Hermes 133 (2005), 237-239.<\/li>\n<li>Medea, Jason und Thetis. Zur Gr\u00fcndungslegende des Aphroditetempels von Korinth, MH 62 (2005), 65-69.<\/li>\n<li>Ho Nebros ton Leonta, MH 62 (2005), 2, S. 65-69.<\/li>\n<li>Der Drang des Mannes nach Bew\u00e4hrung. Inge Merkels Roman &#8222;Eine ganz gew\u00f6hnliche Ehe. Odysseus und Penelope&#8220;, Gymnasium 113 (2006), 151-167.<\/li>\n<li>Nochmals zu Lys. 12,47, Hermes 136 (2008), 123f.<\/li>\n<li>Liebe, Weisheit und Verzicht. Zu Herkunft und Entwicklung der Geschichte von Antiochos und Stratonike, in: Th. Br\u00fcggemann u.a. (Hgg.), Studia Hellenistica et Historiographica. Festschrift f\u00fcr Andreas Mehl, Gutenberg 2010, 73-102.<\/li>\n<li>Ps.-Plutarch De Homero, in Margalit Finkelberg (Hg.), The Homer Encyclopedia, Malden (Mass.)\/Oxford 2011, 697f.<\/li>\n<li>&#8222;Ohne das Hinterteil kann der Pudel nicht laufen.&#8220; Zur Auff\u00fchrung der Sp\u00fcrhunde des Sophokles unter der Regie Carl Roberts im Goethe-Theater Bad Lauchst\u00e4dt, in: ders.\/R. Lenk\/St. Weise (Hgg.), HYPOTHESEIS. Festschrift f\u00fcr Wolfgang Luppe zum 80. Geburtstag = Archiv f\u00fcr Papyrusforschung und verwandte Gebiete, Bd. 57\/2 (2011), 241-260.<\/li>\n<li>Paul Friedl\u00e4nder, in: F. Stengel (Hg.), Ausgeschlossen. Zum Gedenken an die 1933-1945 entlassenen Hochschullehrer der Martin-Luther-Universit\u00e4t Halle-Wittenberg, Halle (Saale) 2013, 101-109 (\u00fcberarbeitete Fassung in: F. Stengel (Hg.), Ausgeschlossen&#8230; . Zweite Auflage, Halle (Saale) 2016 (= Schriften 1933-1945 vertriebener Wissenschaftler der Universit\u00e4t Halle-Wittenberg, Bd.1).<\/li>\n<li>Walther Kranz, in: F. Stengel (Hg.), Ausgeschlossen. Zum Gedenken an die 1933-1945 entlassenen Hochschullehrer der Martin-Luther-Universit\u00e4t Halle-Wittenberg, Halle (Saale) 2013, 253-258 (\u00fcberarbeitete Fassung in: F. Stengel (Hg.), Ausgeschlossen&#8230; . Zweite Auflage, Halle (Saale) 2016 (= Schriften 1933-1945 vertriebener Wissenschaftler der Universit\u00e4t Halle-Wittenberg, Bd.1).<\/li>\n<li>Eine Anspielung auf die Lehre vom Recht des St\u00e4rkeren in der plutarchischen Theseusvita, in: Ch. Kugelmeier (Hg.), Translatio humanitatis. Festschrift zum 60. Geburtstag von Peter Riemer, St. Ingbert 2015, 515-528.<\/li>\n<li>Das Wissen der Sirenen, in: M. Tziatzi u.a. (Hgg.), Lemmata. Beitr\u00e4ge zum Gedenken an Christos Theodoridis, Berlin 2015, 188-202.<\/li>\n<li>Arch\u00e4ologie als Opferdienst. Das Hyperboreer-Gedicht Eduard Gerhards, in: St. Weise (Hg.), Hellenisti! Altgriechisch als Literatursprache im neuzeitlichen Europa. Internationales Symposion an der Bergischen Universit\u00e4t Wuppertal vom 20. bis 21. November 2015 (= Palingenesia 107), Stuttgart 2017, 221-251.<\/li>\n<li>&#8222;Wer kein Griechisch kann, kann gar nichts&#8220;, Forum Classicum 1\/2017, 4-10.<\/li>\n<li>&#8222;Wer kein Griechisch kann&#8230;&#8220; &#8211; Nachtrag, Forum Classicum 3\/2017, 156-158.<\/li>\n<li>\n<p>Rez. zu: Strabons Geographika. Mit \u00dcbersetzung und Kommentar herausgegeben von Stefan Radt, 10 Bde., G\u00f6ttingen 2002-2011, in: Gnomon 91 (2019), 108-125.<\/p>\n<\/li>\n<li>\n<p>\u201eWie das Gesetz es befahl\u201c: Das Thermopylen-Epigramm im h\u00f6heren Schulwesen des Dritten Reiches und in der deutschen Nachkriegsliteratur, in: St. Tilg \/ A. Novokhatko (Hgg.), Antikes Heldentum in der Moderne: Konzepte, Praktiken, Medien. Pontes Bd. IX (Paradeigmata 55), Freiburg 2020, 121-145.<\/p>\n<\/li>\n<\/ul><\/div>\n\t\t\t\t<\/div>\n\t\t\t\t<\/div>\n\t\t\t\t\t\t<\/div>\n\t\t\t\t\t<\/div>\n\t\t<\/div>\n\t\t\t\t\t\t\t\t<\/div>\n\t\t\t\t\t<\/div>\n\t\t<\/section>\n\t\t\t\t\t\t<\/div>\n\t\t\t\t\t\t<\/div>\n\t\t\t\t\t<\/div>\n\t\t","protected":false},"excerpt":{"rendered":"<div class=\"entry-summary\">\nCurriculum Vitae 1961geb. in Darmstadt (Hessen) 1980 Abitur am Apostelgymnasium in K\u00f6ln 1981-85 Studium der F\u00e4cher Griechische Philologie, Lateinische Philologie&hellip;\n<\/div>\n<div class=\"link-more\"><a href=\"https:\/\/blogs.urz.uni-halle.de\/griechisch\/mitarbeiter\/prof-dr-michael-hillgruber\/\" class=\"more-link\">Continue reading<span class=\"screen-reader-text\"> &ldquo;Prof. Dr. Michael Hillgruber&rdquo;<\/span>&hellip;<\/a><\/div>\n","protected":false},"author":2998,"featured_media":0,"parent":4,"menu_order":0,"comment_status":"closed","ping_status":"closed","template":"","meta":[],"_links":{"self":[{"href":"https:\/\/blogs.urz.uni-halle.de\/griechisch\/wp-json\/wp\/v2\/pages\/6"}],"collection":[{"href":"https:\/\/blogs.urz.uni-halle.de\/griechisch\/wp-json\/wp\/v2\/pages"}],"about":[{"href":"https:\/\/blogs.urz.uni-halle.de\/griechisch\/wp-json\/wp\/v2\/types\/page"}],"author":[{"embeddable":true,"href":"https:\/\/blogs.urz.uni-halle.de\/griechisch\/wp-json\/wp\/v2\/users\/2998"}],"replies":[{"embeddable":true,"href":"https:\/\/blogs.urz.uni-halle.de\/griechisch\/wp-json\/wp\/v2\/comments?post=6"}],"version-history":[{"count":10,"href":"https:\/\/blogs.urz.uni-halle.de\/griechisch\/wp-json\/wp\/v2\/pages\/6\/revisions"}],"predecessor-version":[{"id":1020,"href":"https:\/\/blogs.urz.uni-halle.de\/griechisch\/wp-json\/wp\/v2\/pages\/6\/revisions\/1020"}],"up":[{"embeddable":true,"href":"https:\/\/blogs.urz.uni-halle.de\/griechisch\/wp-json\/wp\/v2\/pages\/4"}],"wp:attachment":[{"href":"https:\/\/blogs.urz.uni-halle.de\/griechisch\/wp-json\/wp\/v2\/media?parent=6"}],"curies":[{"name":"wp","href":"https:\/\/api.w.org\/{rel}","templated":true}]}}