{"id":391,"date":"2025-05-06T15:35:37","date_gmt":"2025-05-06T13:35:37","guid":{"rendered":"https:\/\/blogs.urz.uni-halle.de\/gruenderservice\/?page_id=391"},"modified":"2025-08-19T13:38:21","modified_gmt":"2025-08-19T11:38:21","slug":"startseite","status":"publish","type":"page","link":"https:\/\/blogs.urz.uni-halle.de\/gruenderservice\/","title":{"rendered":"Unser Angebot"},"content":{"rendered":"<p>Der Transfer- und Gr\u00fcndungsservice st\u00e4rkt unternehmerisches Denken und Handeln an der MLU und verankert Entrepreneurship-Themen in der Lehre, der Forschung und im Unialltag. Wir \u00f6ffnen wirkungszentrierte R\u00e4ume f\u00fcr Menschen, die mit ihren Forschungsergebnissen und innovativen Ans\u00e4tzen wirtschaftlichen Erfolg und gesellschaftlichen Impact erzielen wollen.<\/p>\n<p>Wir unterst\u00fctzen Studierende, Wissenschaftler:innen, Absolvent:innen und Alumni bei der Entwicklung von Gesch\u00e4ftsmodellen, bei der Unternehmensgr\u00fcndung, der Sicherung und Verwertung von Forschungsergebnissen und dem Forschungstransfer mit au\u00dferakademischen Akteur:innen. Unternehmen erm\u00f6glichen wir den Zugang zum anwendungsorientierten Wissens- und Erfahrungsschatz der MLU und moderieren Wirtschaftskooperationen.<\/p>\n","protected":false},"excerpt":{"rendered":"<p>Der Transfer- und Gr\u00fcndungsservice st\u00e4rkt unternehmerisches Denken und Handeln an der MLU und verankert Entrepreneurship-Themen in der Lehre, der Forschung und im Unialltag. Wir \u00f6ffnen wirkungszentrierte R\u00e4ume f\u00fcr Menschen, die mit ihren Forschungsergebnissen und innovativen Ans\u00e4tzen wirtschaftlichen Erfolg und gesellschaftlichen Impact erzielen wollen. Wir unterst\u00fctzen Studierende, Wissenschaftler:innen, Absolvent:innen und Alumni bei der Entwicklung von Gesch\u00e4ftsmodellen, [&hellip;]<\/p>\n","protected":false},"author":6288,"featured_media":1143,"parent":0,"menu_order":0,"comment_status":"closed","ping_status":"closed","template":"","meta":[],"_links":{"self":[{"href":"https:\/\/blogs.urz.uni-halle.de\/gruenderservice\/wp-json\/wp\/v2\/pages\/391"}],"collection":[{"href":"https:\/\/blogs.urz.uni-halle.de\/gruenderservice\/wp-json\/wp\/v2\/pages"}],"about":[{"href":"https:\/\/blogs.urz.uni-halle.de\/gruenderservice\/wp-json\/wp\/v2\/types\/page"}],"author":[{"embeddable":true,"href":"https:\/\/blogs.urz.uni-halle.de\/gruenderservice\/wp-json\/wp\/v2\/users\/6288"}],"replies":[{"embeddable":true,"href":"https:\/\/blogs.urz.uni-halle.de\/gruenderservice\/wp-json\/wp\/v2\/comments?post=391"}],"version-history":[{"count":10,"href":"https:\/\/blogs.urz.uni-halle.de\/gruenderservice\/wp-json\/wp\/v2\/pages\/391\/revisions"}],"predecessor-version":[{"id":1304,"href":"https:\/\/blogs.urz.uni-halle.de\/gruenderservice\/wp-json\/wp\/v2\/pages\/391\/revisions\/1304"}],"wp:featuredmedia":[{"embeddable":true,"href":"https:\/\/blogs.urz.uni-halle.de\/gruenderservice\/wp-json\/wp\/v2\/media\/1143"}],"wp:attachment":[{"href":"https:\/\/blogs.urz.uni-halle.de\/gruenderservice\/wp-json\/wp\/v2\/media?parent=391"}],"curies":[{"name":"wp","href":"https:\/\/api.w.org\/{rel}","templated":true}]}}