{"id":227,"date":"2019-08-28T16:09:34","date_gmt":"2019-08-28T14:09:34","guid":{"rendered":"https:\/\/blogs.urz.uni-halle.de\/gszgebaeudemanagement\/?page_id=227"},"modified":"2020-03-16T09:44:20","modified_gmt":"2020-03-16T08:44:20","slug":"lageplan","status":"publish","type":"page","link":"https:\/\/blogs.urz.uni-halle.de\/gszgebaeudemanagement\/lageplan\/","title":{"rendered":"Wegeleitsystem"},"content":{"rendered":"<p><strong>Der Steintor-Campus grenzt an 3 verschiedene Stra\u00dfen:<\/strong><\/p>\n<p>&#8211; Ludwig-Wucherer-Str. 2\u00a0\u00a0\u00a0\u00a0\u00a0\u00a0\u00a0\u00a0\u00a0\u00a0\u00a0\u00a0\u00a0\u00a0\u00a0\u00a0\u00a0\u00a0\u00a0\u00a0\u00a0\u00a0\u00a0\u00a0\u00a0 \u00a0 \u00a0 \u00a0 \u00a0 \u00a0 (LuWu 2)<br \/>\n&#8211; Emil-Abderhalden-Str. 25 &#8211; 28\u00a0\u00a0\u00a0\u00a0\u00a0\u00a0\u00a0\u00a0\u00a0\u00a0\u00a0\u00a0\u00a0\u00a0\u00a0\u00a0\u00a0\u00a0\u00a0\u00a0\u00a0\u00a0\u00a0\u00a0\u00a0 (EA 25 &#8211; 28)<br \/>\n&#8211; Adam-Kuckhoff-Str. 34 &#8211; 35a\u00a0\u00a0\u00a0\u00a0\u00a0\u00a0\u00a0\u00a0\u00a0\u00a0\u00a0\u00a0\u00a0\u00a0\u00a0\u00a0\u00a0\u00a0\u00a0\u00a0\u00a0\u00a0\u00a0\u00a0\u00a0\u00a0\u00a0\u00a0 (AK 34 &#8211; 35a)<\/p>\n<p>Daraus ergeben sich die Adressen der verschiedenen Geb\u00e4ude-Eing\u00e4nge A &#8211; J und der zugeh\u00f6rigen Seminarr\u00e4ume\/H\u00f6rs\u00e4le.<\/p>\n<p><strong>Geb\u00e4ude-Eing\u00e4nge mit Adresse:<br \/>\n<\/strong><\/p>\n<p>LuWu 2: A1, A2, A3, A4<\/p>\n<p>EA 25: B1, B2\u00a0\u00a0\u00a0\u00a0\u00a0\u00a0\u00a0\u00a0\u00a0\u00a0\u00a0\u00a0\u00a0\u00a0\u00a0\u00a0\u00a0\u00a0\u00a0\u00a0\u00a0\u00a0\u00a0\u00a0\u00a0\u00a0\u00a0\u00a0\u00a0\u00a0\u00a0\u00a0\u00a0\u00a0 AK 34: Eingang E<br \/>\nEA 26: Eingang C1, C2\u00a0\u00a0\u00a0\u00a0\u00a0\u00a0\u00a0\u00a0\u00a0\u00a0\u00a0\u00a0\u00a0\u00a0\u00a0\u00a0\u00a0\u00a0 AK 34a: Eingang G<br \/>\nEA 26a: Eingang C3\u00a0\u00a0\u00a0\u00a0\u00a0\u00a0\u00a0\u00a0\u00a0\u00a0\u00a0\u00a0\u00a0\u00a0\u00a0\u00a0\u00a0\u00a0\u00a0\u00a0\u00a0\u00a0 AK 34b: Eingang H<br \/>\nEA 27: Eingang C4\u00a0\u00a0\u00a0\u00a0\u00a0\u00a0\u00a0\u00a0\u00a0\u00a0\u00a0\u00a0\u00a0\u00a0\u00a0\u00a0\u00a0\u00a0\u00a0\u00a0\u00a0\u00a0\u00a0\u00a0 AK 35: Eingang F1, F2<br \/>\nEA 28: Eingang D1, D2\u00a0\u00a0\u00a0\u00a0\u00a0\u00a0\u00a0\u00a0\u00a0\u00a0\u00a0\u00a0\u00a0\u00a0\u00a0\u00a0 AK 35a: Eingang J<\/p>\n<p><strong>Lageplan<\/strong><\/p>\n<p><img loading=\"lazy\" class=\"alignnone wp-image-97 size-full\" src=\"https:\/\/blogs.urz.uni-halle.de\/gszgebaeudemanagement\/files\/2019\/08\/Lageplan.png\" alt=\"\" width=\"800\" height=\"1067\" srcset=\"https:\/\/blogs.urz.uni-halle.de\/gszgebaeudemanagement\/files\/2019\/08\/Lageplan.png 800w, https:\/\/blogs.urz.uni-halle.de\/gszgebaeudemanagement\/files\/2019\/08\/Lageplan-225x300.png 225w, https:\/\/blogs.urz.uni-halle.de\/gszgebaeudemanagement\/files\/2019\/08\/Lageplan-768x1024.png 768w\" sizes=\"(max-width: 800px) 100vw, 800px\" \/><\/p>\n","protected":false},"excerpt":{"rendered":"<p>Der Steintor-Campus grenzt an 3 verschiedene Stra\u00dfen: &#8211; Ludwig-Wucherer-Str. 2\u00a0\u00a0\u00a0\u00a0\u00a0\u00a0\u00a0\u00a0\u00a0\u00a0\u00a0\u00a0\u00a0\u00a0\u00a0\u00a0\u00a0\u00a0\u00a0\u00a0\u00a0\u00a0\u00a0\u00a0\u00a0 \u00a0 \u00a0 \u00a0 \u00a0 \u00a0 (LuWu 2) &#8211; Emil-Abderhalden-Str. 25 &#8211; 28\u00a0\u00a0\u00a0\u00a0\u00a0\u00a0\u00a0\u00a0\u00a0\u00a0\u00a0\u00a0\u00a0\u00a0\u00a0\u00a0\u00a0\u00a0\u00a0\u00a0\u00a0\u00a0\u00a0\u00a0\u00a0 (EA 25 &#8211; 28) &#8211; Adam-Kuckhoff-Str. 34 &#8211; 35a\u00a0\u00a0\u00a0\u00a0\u00a0\u00a0\u00a0\u00a0\u00a0\u00a0\u00a0\u00a0\u00a0\u00a0\u00a0\u00a0\u00a0\u00a0\u00a0\u00a0\u00a0\u00a0\u00a0\u00a0\u00a0\u00a0\u00a0\u00a0 (AK 34 &#8211; 35a) Daraus ergeben sich die Adressen der verschiedenen Geb\u00e4ude-Eing\u00e4nge A &#8211; J und der zugeh\u00f6rigen Seminarr\u00e4ume\/H\u00f6rs\u00e4le. Geb\u00e4ude-Eing\u00e4nge mit Adresse: LuWu 2: &hellip; <a href=\"https:\/\/blogs.urz.uni-halle.de\/gszgebaeudemanagement\/lageplan\/\" class=\"more-link\"><span class=\"screen-reader-text\">Wegeleitsystem<\/span> weiterlesen<\/a><\/p>\n","protected":false},"author":3063,"featured_media":117,"parent":0,"menu_order":0,"comment_status":"closed","ping_status":"closed","template":"","meta":[],"_links":{"self":[{"href":"https:\/\/blogs.urz.uni-halle.de\/gszgebaeudemanagement\/wp-json\/wp\/v2\/pages\/227"}],"collection":[{"href":"https:\/\/blogs.urz.uni-halle.de\/gszgebaeudemanagement\/wp-json\/wp\/v2\/pages"}],"about":[{"href":"https:\/\/blogs.urz.uni-halle.de\/gszgebaeudemanagement\/wp-json\/wp\/v2\/types\/page"}],"author":[{"embeddable":true,"href":"https:\/\/blogs.urz.uni-halle.de\/gszgebaeudemanagement\/wp-json\/wp\/v2\/users\/3063"}],"replies":[{"embeddable":true,"href":"https:\/\/blogs.urz.uni-halle.de\/gszgebaeudemanagement\/wp-json\/wp\/v2\/comments?post=227"}],"version-history":[{"count":7,"href":"https:\/\/blogs.urz.uni-halle.de\/gszgebaeudemanagement\/wp-json\/wp\/v2\/pages\/227\/revisions"}],"predecessor-version":[{"id":277,"href":"https:\/\/blogs.urz.uni-halle.de\/gszgebaeudemanagement\/wp-json\/wp\/v2\/pages\/227\/revisions\/277"}],"wp:featuredmedia":[{"embeddable":true,"href":"https:\/\/blogs.urz.uni-halle.de\/gszgebaeudemanagement\/wp-json\/wp\/v2\/media\/117"}],"wp:attachment":[{"href":"https:\/\/blogs.urz.uni-halle.de\/gszgebaeudemanagement\/wp-json\/wp\/v2\/media?parent=227"}],"curies":[{"name":"wp","href":"https:\/\/api.w.org\/{rel}","templated":true}]}}