{"id":46,"date":"2023-06-04T11:11:07","date_gmt":"2023-06-04T09:11:07","guid":{"rendered":"https:\/\/blogs.urz.uni-halle.de\/halliteratur\/?page_id=46"},"modified":"2023-06-26T09:11:08","modified_gmt":"2023-06-26T07:11:08","slug":"stadt-gottesacker","status":"publish","type":"page","link":"https:\/\/blogs.urz.uni-halle.de\/halliteratur\/stadt-gottesacker\/","title":{"rendered":"Tote Bestseller auf dem Stadtgottesacker"},"content":{"rendered":"\n<blockquote class=\"wp-block-quote has-text-align-right\"><p>Der Stadtgottesacker mit tr\u00e4umerisch-brutalem Namen war ein aufgelassener Friedhof und wie ein italj\u00e4nischer Campo Santo beschaffen. Die h\u00e4user\u00e4hnlichen Erbbegr\u00e4bnisse aus dem sechzehnten Jahrhundert waren ber\u00fchmt in den Kunstgeschichten wo sie zum Exempel der Schwibb\u00f6gen dienten.<\/p><cite>\u2013 Sarah Kirsch, Schwingrasen \u2013 St\u00fcck &#8218;Pfeffer und Salz&#8216; (1991)<\/cite><\/blockquote>\n\n\n\n<figure class=\"wp-block-gallery aligncenter columns-1 is-cropped\"><ul class=\"blocks-gallery-grid\"><li class=\"blocks-gallery-item\"><figure><a href=\"https:\/\/blogs.urz.uni-halle.de\/halliteratur\/files\/2023\/06\/Station_Stadtgottesacker_Orientierungsbild.jpg\"><img loading=\"lazy\" width=\"1024\" height=\"805\" src=\"https:\/\/blogs.urz.uni-halle.de\/halliteratur\/files\/2023\/06\/Station_Stadtgottesacker_Orientierungsbild-1024x805.jpg\" alt=\"\" data-id=\"529\" data-full-url=\"https:\/\/blogs.urz.uni-halle.de\/halliteratur\/files\/2023\/06\/Station_Stadtgottesacker_Orientierungsbild.jpg\" data-link=\"https:\/\/blogs.urz.uni-halle.de\/halliteratur\/stadt-gottesacker\/station_stadtgottesacker_orientierungsbild\/\" class=\"wp-image-529\" srcset=\"https:\/\/blogs.urz.uni-halle.de\/halliteratur\/files\/2023\/06\/Station_Stadtgottesacker_Orientierungsbild-1024x805.jpg 1024w, https:\/\/blogs.urz.uni-halle.de\/halliteratur\/files\/2023\/06\/Station_Stadtgottesacker_Orientierungsbild-300x236.jpg 300w, https:\/\/blogs.urz.uni-halle.de\/halliteratur\/files\/2023\/06\/Station_Stadtgottesacker_Orientierungsbild-290x228.jpg 290w, https:\/\/blogs.urz.uni-halle.de\/halliteratur\/files\/2023\/06\/Station_Stadtgottesacker_Orientierungsbild-768x604.jpg 768w, https:\/\/blogs.urz.uni-halle.de\/halliteratur\/files\/2023\/06\/Station_Stadtgottesacker_Orientierungsbild-1536x1208.jpg 1536w, https:\/\/blogs.urz.uni-halle.de\/halliteratur\/files\/2023\/06\/Station_Stadtgottesacker_Orientierungsbild-2048x1611.jpg 2048w\" sizes=\"(max-width: 1024px) 100vw, 1024px\" \/><\/a><\/figure><\/li><\/ul><figcaption class=\"blocks-gallery-caption\"><sup>Eingang vom Stadtgottesacker | Foto: Anna Maria Franke<\/sup><\/figcaption><\/figure>\n\n\n\n<p class=\"has-text-align-center has-white-color has-text-color has-background\" style=\"background-color:#acbaa1\">Inspiriert von italienischen Camposanto-Anlagen, finden auf dem Stadtgottesacker seit dem 16. Jahrhundert Begr\u00e4bnisse statt. Besonders fallen die ringsum liegenden, verzierten und mit Inschriften versehenen B\u00f6gen auf, die bekannten Pers\u00f6nlichkeiten als Gr\u00e4ber dienen. Zu diesen geh\u00f6ren auch zwei Autor:innen, deren Werke allerdings in Vergessenheit geraten sind.<\/p>\n\n\n\n<p class=\"has-text-align-center has-white-color has-text-color has-background\" style=\"background-color:#acbaa1\">Machen Sie doch einen Spaziergang entgegen dem Uhrzeigersinn entlang der B\u00f6gen. Bevor Sie losgehen, werfen Sie gerne noch einen Blick auf den Lageplan des Stadtgottesackers im Eingangsbereich. Hier k\u00f6nnen Sie sich bereits orientieren, auf welchen Innenfeldern sich die Gr\u00e4ber von Anselma Heine und Richard von Volkmann befinden. Wenn Sie wollen, k\u00f6nnen Sie sich auf ihrem Weg bereits einen Ausschnitt aus dem Werk Anselma Heines anh\u00f6ren. Oder Sie lesen oder h\u00f6ren ihn an ihrem Grab. Das bleibt ganz Ihnen \u00fcberlassen.<\/p>\n\n\n<div id=\"lmm_0dddc1e4\" style=\"width:640px;\" class=\"mapsmarker markermap marker-6\">\n<div id=\"lmm_panel_0dddc1e4\" class=\"lmm-panel\" style=\"background:#efefef;\">\n<div id=\"lmm_panel_api_0dddc1e4\" class=\"lmm-panel-api\"><a href=\"https:\/\/maps.google.com\/maps?daddr=51.482338,11.977471&amp;t=m&amp;layer=1&amp;doflg=ptk&amp;om=0\" target=\"_blank\" title=\"Wegbeschreibung berechnen\"><img alt=\"icon-car.png\" src=\"https:\/\/blogs.urz.uni-halle.de\/halliteratur\/wp-content\/plugins\/leaflet-maps-marker\/inc\/img\/icon-car.png\" width=\"14\" height=\"14\" class=\"lmm-panel-api-images\" \/><\/a><a href=\"https:\/\/blogs.urz.uni-halle.de\/halliteratur\/wp-content\/plugins\/leaflet-maps-marker\/leaflet-fullscreen.php?marker=6\" style=\"text-decoration:none;\" title=\"Standalone-Karte im Vollbild-Modus \u00f6ffnen\" target=\"_blank\"><img src=\"https:\/\/blogs.urz.uni-halle.de\/halliteratur\/wp-content\/plugins\/leaflet-maps-marker\/inc\/img\/icon-fullscreen.png\" width=\"14\" height=\"14\" alt=\"Fullscreen-Logo\" class=\"lmm-panel-api-images\" \/><\/a><\/div><div id=\"lmm_panel_text_0dddc1e4\" class=\"lmm-panel-text\" style=\"font-weight:bold;color:#373737;\">Stadtgottesacker<\/div><\/div>\n<div id=\"lmm_map_0dddc1e4\" class=\"lmm-map\" style=\"background:#f6f6f6;border:1px solid #ccc;height:480px; overflow:hidden;padding:0;\"><p style=\"font-size:80%;color:#9f9e9e;margin-left:5px;\">Karte wird geladen - bitte warten...<noscript><br\/><strong>Karte konnte nicht geladen werden - bitte aktivieren Sie Javascript!<\/strong><br\/><a style=\"text-decoration:none;\" href=\"https:\/\/www.mapsmarker.com\/js-disabled\" target=\"_blank\">&rarr; mehr Informationen<\/a><\/noscript><\/p><\/div>\n<div id=\"lmm_geo_tags_0dddc1e4\" class=\"lmm-geo-tags geo\">\n<span class=\"paneltext\">Stadtgottesacker<\/span>\n<span class=\"latitude\">51.482338<\/span>, <span class=\"longitude\">11.977471<\/span>\n<span class=\"popuptext\">Stadtgottesacker<\/span>\n<\/div>\n<\/div>\n\n\n\n<div style=\"height:70px\" aria-hidden=\"true\" class=\"wp-block-spacer\"><\/div>\n\n\n\n<p class=\"has-text-align-center has-white-color has-text-color has-background\" style=\"background-color:#acbaa1\">Nachdem Sie die H\u00e4lfte des Rundgangs erreicht und an Innenfeld IV und III vorbeigekommen sind, gehen Sie einfach nach links auf den Hauptweg. Gleich die erste Treppe zu Ihrer linken Seite f\u00fchrt Sie ins Innenfeld III und zu Anselma Heines Grab \u2013 eine S\u00e4ule mit einem Gef\u00e4\u00df darauf.<\/p>\n\n\n\n<div class=\"wp-block-pb-accordion-item c-accordion__item js-accordion-item no-js\" data-initially-open=\"false\" data-click-to-close=\"true\" data-auto-close=\"true\" data-scroll=\"false\" data-scroll-offset=\"0\"><h6 id=\"at-460\" class=\"c-accordion__title js-accordion-controller\" role=\"button\">\u00a0\u25bd &#8222;Die Erscheinung&#8220; von Anselma Heine (1927)<\/h6><div id=\"ac-460\" class=\"c-accordion__content\">\n<figure class=\"wp-block-audio\"><audio controls src=\"https:\/\/blogs.urz.uni-halle.de\/halliteratur\/files\/2023\/06\/Anselma_Heine.mp3\"><\/audio><\/figure>\n\n\n\n<div style=\"height:30px\" aria-hidden=\"true\" class=\"wp-block-spacer\"><\/div>\n\n\n\n<p class=\"has-drop-cap\">Riedhammer bat ihn um ein Wachsstreichholz, um sich in sein Zimmer hinauf zu leuchten, wie er sagte. Am Treppengel\u00e4nder blieb er stehen und horchte. Dann, als alles ruhig geworden war, tappte er sich, Johnes\u2019 Namen still vor sich hindenkend, im Dunkeln wieder hinunter nach Nr. 117, z\u00fcndete sein Wachsh\u00f6lzchen an, konstatierte die Nummer und \u00f6ffnete die unverschlossene Au\u00dfent\u00fcr. Dann vorsichtig die andere, die sie gleichfalls offen gelassen hatte. Pl\u00f6tzlich, von einem kalten Luftzug getroffen, verlosch seine kleine Leuchte. Unangenehm kahl hatte der Raum geschienen bei ihrem letzten aufflackern.<\/p>\n\n\n\n<p>Riedhammer, unruhig geworden, machte ein paar Schritte ins Zimmer hinein. Warum war wohl der Teppich weggenommen?<\/p>\n\n\n\n<p>Behutsam rief er. Keine Antwort. Er blieb wie angewurzelt. Alles war so sonderbar. Das Fenster mu\u00dfte aufstehen; es war kalt und eigent\u00fcmlich feucht im Zimmer. Mehr als am Tage machte sich auch ein fataler Geruch bemerkbar. Nach Karbol kam es ihm vor.<\/p>\n\n\n\n<p>Um keinen L\u00e4rm zu machen, erregt und zitternd, streckt er die H\u00e4nde vor, sich am Toilettentisch vorbeizutasten. Er greift ins Leere. Verzweifelt macht er ein paar Schritte. Nichts. Er fa\u00dft hier und da ins Dunkel \u2013 alles leer. Er ruft noch einmal, lauter, nach Johne \u2013 tiefe Stille. Auf einmal sieht er im Dunkeln den Kaminspiegel gl\u00e4nzen, geht darauf zu, fa\u00dft danach, es ist die Fensterscheibe. Das Fenster steht weit auf, keine Vorh\u00e4nge mehr, keine Gardinen. Da fa\u00dft ihn etwas an. In wahnsinnigem Schrecken schreit er laut auf und greift danach. Er f\u00fchlt ein St\u00fcck halbabgerissene Tapete, die sich im Luftzug bewegt. Die Wand, an die er r\u00fchrt, ist feucht und kahl. Er ist in ein g\u00e4nzlich fremdes, unheimliches Zimmer hineingeraten.<\/p>\n\n\n\n<p>Nun will er hinaus. Er findet die T\u00fcr nicht mehr. Ganz sinnlos dreht er sich ein paarmal im Kreise und st\u00fcrzt endlich atemlos und schwei\u00dfbedeckt hinaus.<\/p>\n\n\n\n<p>[&#8230;]<br \/>Entschlossen ging Riedhammer die Treppen hinunter zum Portier. \u00bbWelche Zimmernummer hat Madame Stevens?\u00ab<\/p>\n\n\n\n<p>\u00bbMadame Stevens?\u00ab Der Mann sah lange in die Luft. Dann wandte er sich an einen der Herren, die hinter dem langen Bureautische die B\u00fccher f\u00fchrten. Er r\u00e4usperte sich: \u00bbExistiert eine Madame Stevens hier bei uns im Hotel?\u00ab<\/p>\n\n\n\n<p>\u00bbEine Holl\u00e4nderin,\u00ab sagte Arnold zitternd vor Ungeduld. Die Herren schlugen nach. \u00bbIn den letzten Wochen ist hier keine Dame dieses Namens eingetroffen.\u00ab<\/p>\n<\/div><\/div>\n\n\n\n<div style=\"height:30px\" aria-hidden=\"true\" class=\"wp-block-spacer\"><\/div>\n\n\n\n<figure class=\"wp-block-gallery aligncenter columns-2 is-cropped\"><ul class=\"blocks-gallery-grid\"><li class=\"blocks-gallery-item\"><figure><a href=\"https:\/\/blogs.urz.uni-halle.de\/halliteratur\/files\/2023\/06\/Stadt-Gottesacker-01.jpg\"><img loading=\"lazy\" width=\"792\" height=\"1024\" src=\"https:\/\/blogs.urz.uni-halle.de\/halliteratur\/files\/2023\/06\/Stadt-Gottesacker-01-792x1024.jpg\" alt=\"\" data-id=\"377\" data-full-url=\"https:\/\/blogs.urz.uni-halle.de\/halliteratur\/files\/2023\/06\/Stadt-Gottesacker-01.jpg\" data-link=\"https:\/\/blogs.urz.uni-halle.de\/halliteratur\/stadt-gottesacker-01\/\" class=\"wp-image-377\" srcset=\"https:\/\/blogs.urz.uni-halle.de\/halliteratur\/files\/2023\/06\/Stadt-Gottesacker-01-792x1024.jpg 792w, https:\/\/blogs.urz.uni-halle.de\/halliteratur\/files\/2023\/06\/Stadt-Gottesacker-01-232x300.jpg 232w, https:\/\/blogs.urz.uni-halle.de\/halliteratur\/files\/2023\/06\/Stadt-Gottesacker-01-224x290.jpg 224w, https:\/\/blogs.urz.uni-halle.de\/halliteratur\/files\/2023\/06\/Stadt-Gottesacker-01-768x993.jpg 768w, https:\/\/blogs.urz.uni-halle.de\/halliteratur\/files\/2023\/06\/Stadt-Gottesacker-01.jpg 798w\" sizes=\"(max-width: 792px) 100vw, 792px\" \/><\/a><\/figure><\/li><li class=\"blocks-gallery-item\"><figure><a href=\"https:\/\/blogs.urz.uni-halle.de\/halliteratur\/files\/2023\/06\/Foto_Heine.jpg\"><img loading=\"lazy\" width=\"361\" height=\"525\" src=\"https:\/\/blogs.urz.uni-halle.de\/halliteratur\/files\/2023\/06\/Foto_Heine.jpg\" alt=\"\" data-id=\"394\" data-full-url=\"https:\/\/blogs.urz.uni-halle.de\/halliteratur\/files\/2023\/06\/Foto_Heine.jpg\" data-link=\"https:\/\/blogs.urz.uni-halle.de\/halliteratur\/stadt-gottesacker\/foto_heine\/\" class=\"wp-image-394\" srcset=\"https:\/\/blogs.urz.uni-halle.de\/halliteratur\/files\/2023\/06\/Foto_Heine.jpg 361w, https:\/\/blogs.urz.uni-halle.de\/halliteratur\/files\/2023\/06\/Foto_Heine-206x300.jpg 206w, https:\/\/blogs.urz.uni-halle.de\/halliteratur\/files\/2023\/06\/Foto_Heine-199x290.jpg 199w\" sizes=\"(max-width: 361px) 100vw, 361px\" \/><\/a><\/figure><\/li><\/ul><figcaption class=\"blocks-gallery-caption\"><sup>Grab Stadtgottesacker | Foto: Anna Maria Franke \u2013 Anselma Heine, 1908 |&nbsp;<a rel=\"noreferrer noopener\" href=\"https:\/\/de.wikipedia.org\/wiki\/Anselma_Heine#\/media\/Datei:Anselma_Heine_(BerlLeben_1908-01_EFrankl).jpg\" target=\"_blank\">Foto: Eduard Frankl<\/a>.<\/sup><\/figcaption><\/figure>\n\n\n\n<div class=\"wp-block-pb-accordion-item c-accordion__item js-accordion-item no-js\" data-initially-open=\"false\" data-click-to-close=\"true\" data-auto-close=\"true\" data-scroll=\"false\" data-scroll-offset=\"0\"><h6 id=\"at-461\" class=\"c-accordion__title js-accordion-controller\" role=\"button\"><strong>\u25bdANSELMA HEINE: LEBEN UND WERK<\/strong><\/h6><div id=\"ac-461\" class=\"c-accordion__content\">\n<p>Die Werke der Schriftstellerin Anselma Heine (1854-1930) sind \u00fcberwiegend in Vergessenheit geraten. Bereits fr\u00fch ist sie eine leidenschaftliche Leserin und versucht sich am Schreiben von Versen sowie Prosa. So legt sie den Grundstein f\u00fcr viele Erz\u00e4hlungen, Gedichte, Rezensionen, Romane und Theaterst\u00fccke, die sie im Laufe ihres Lebens zun\u00e4chst unter den m\u00e4nnlichen Pseudonymen Anselm Heine und Feodor Helm ver\u00f6ffentlicht. Ihr Leben widmet sie dem Schriftstellertum, statt sich Heirat und Familiengr\u00fcndung zu verschreiben. Ihre Bef\u00fcrwortung der Selbstst\u00e4ndigkeit von Frauen zeigt sich auch in ihren Werken, welche oft von Frauenschicksalen erz\u00e4hlen. So handelt ihre Novelle \u201eDie Erscheinung\u201c von dem Schicksal der Frau Johne Stevens, die dem Protagonisten Arnold Riedhammer begegnet, sich verliebt, mit ihm zusammen nach Paris reist und schlie\u00dflich wie vom Erdboden verschluckt ist.<\/p>\n<\/div><\/div>\n\n\n\n<p class=\"has-text-align-center has-white-color has-text-color has-background\" style=\"background-color:#acbaa1\">Setzen Sie nun Ihren Rundgang entlang der B\u00f6gen fort. Dabei k\u00f6nnen Sie sich, wenn Sie wollen, wieder bereits das Werk des n\u00e4chsten Autors anh\u00f6ren.<br \/>Nachdem Sie Innenfeld I hinter sich gelassen haben, gehen Sie einfach noch ein St\u00fcck weiter und betreten Innenfeld II relativ mittig. Nur ein paar Schritte weiter ist Richard von Volkmanns Grab \u2013 eine gr\u00f6\u00dfere schwarze Platte.<\/p>\n\n\n\n<div class=\"wp-block-pb-accordion-item c-accordion__item js-accordion-item no-js\" data-initially-open=\"false\" data-click-to-close=\"true\" data-auto-close=\"true\" data-scroll=\"false\" data-scroll-offset=\"0\"><h6 id=\"at-462\" class=\"c-accordion__title js-accordion-controller\" role=\"button\">\u00a0\u25bd &#8222;<strong>Wie der Teufel ins Weihwasser fiel<\/strong>&#8220; von Richard von Volkmann (1871)<\/h6><div id=\"ac-462\" class=\"c-accordion__content\">\n<figure class=\"wp-block-audio\"><audio controls src=\"https:\/\/blogs.urz.uni-halle.de\/halliteratur\/files\/2023\/06\/Richard_von_Volkmann.mp3\"><\/audio><\/figure>\n\n\n\n<div style=\"height:31px\" aria-hidden=\"true\" class=\"wp-block-spacer\"><\/div>\n\n\n\n<p class=\"has-drop-cap\">Da\u00df der Teufel \u00f6fters Ungl\u00fcck hat, wei\u00df jedermann. Ja, es kommt so h\u00e4ufig vor, da\u00df man einen Menschen, der Zahnschmerzen hat, oder im Winter mit zerrissenen Stiefeln auf der Chaussee Steine klopfen mu\u00df, oder dem sein Schatz an seinem Geburtstage einen Brief schickt, in dem kein Gl\u00fcckwunsch steht, wohl aber eine Absage auf immer \u2013 da\u00df man sie alle drei arme Teufel nennt.<\/p>\n\n\n\n<p>Eines Tages schnupperte der Teufel im K\u00f6lner Dome umher, in der Hoffnung, vielleicht ein fettes M\u00f6nchlein oder eine alte Betschwester zu erhaschen, da stolperte er und \u2013 plantsch! \u2013 fiel er mitten in das Becken mit dem Weihwasser hinein. Da h\u00e4ttet ihr sehen sollen, was er f\u00fcr Gesichter schnitt, wie er sprudelte und prustete und wie flink er machte, da\u00df er wieder herauskam! Und wie er sich nachher sch\u00fcttelte und wie ein begossener Pudel davonschlich! Dabei war es noch um die Weihnachtszeit, so da\u00df er vor Frost klapperte, als er vor dem Dome stand, aus dem er schleunigst retiriert war, weil er f\u00fcrchtete, da\u00df die Frommen es bemerkt haben und ihn auslachen k\u00f6nnten.<\/p>\n\n\n\n<p>\u00bbWas fang&#8216; ich nun an?\u00ab sagte er und besah sich von oben bis unten. \u00bbZu Haus, in die H\u00f6lle, getraue ich mich in dem Aufzuge nicht. Meine Gro\u00dfmutter w\u00fcrde mir gut den Text lesen. Ich werde auf ein paar Stunden ins Mohrenland gehen, da ist es warm, und ich kann meine Kleider trocknen. Au\u00dferdem werden heute dort Gefangene geschlachtet. Hab&#8216; ich meinen Operngucker mit?\u00ab<\/p>\n\n\n\n<p>Er ging also nach Mohrenland, sah beim Schlachten zu, klatschte t\u00fcchtig Bravo, wenn es ihm gefiel, und als sein Rock v\u00f6llig trocken war, trollte er sich vergn\u00fcgt nach Hause, in die H\u00f6lle.<\/p>\n\n\n\n<p>Als er aber kaum in die Stube eingetreten war und die Gro\u00dfmutter seiner ansichtig wurde, ward sie abwechselnd veilchenblau und schwefelgelb im Gesicht und rief: \u00bbWonach riechst du wieder einmal, und wie siehst du aus, du Lump?! Hast du dich schon wieder in den Kirchen umhergetrieben?\u00ab \u2013 Da erz\u00e4hlte der Teufel stotternd, was ihm passiert war<\/p>\n\n\n\n<p>\u00bbZieh den Rock aus,\u00ab herrschte die Gro\u00dfmutter ihn an, \u00bbund leg dich einstweilen ins Bett.\u00ab Und der Teufel tat, wie ihm befohlen war, und zog sich das blau und rot karierte Federbett so weit \u00fcber die Ohren, da\u00df unten die schwarzen Fu\u00dfspitzen herausguckten; denn er sch\u00e4mte sich gewaltig. Die Gro\u00dfmutter aber fa\u00dfte den Rock mit zwei Fingern an seinem \u00e4u\u00dfersten Zipfel wie die K\u00f6chin eine tote Maus am Schwanz. \u00bbBrr!\u00ab sagte sie und sch\u00fcttelte sich vor Ekel. \u00bbWie der Rock aussieht!\u00ab Dann trug sie ihn in die Gosse, wo der ganze dicke H\u00f6llenschlamm und das ganze Sp\u00fclwasser aus der H\u00f6lle abl\u00e4uft, zog ihn ein paarmal durch, weichte ihn t\u00fcchtig ein und wusch ihn in der Gosse. Darauf hing sie ihn \u00fcber einen Stuhl ans Feuer und lie\u00df ihn trocknen.<\/p>\n\n\n\n<p>Als er ganz trocken war und der Teufel eben schon ein Bein aus dem Bett heraussteckte, um aufzustehen und den Rock anzuziehen, nahm sie den Rock noch einmal und beroch ihn: \u00bbPfui!\u00ab sagte sie und nieste, \u00bbwas doch so ein Kirchengeruch schwer wegzubringen ist!\u00ab, holte ein Kohlenbecken, streute ein paar H\u00e4nde voll klein gehackter Hundehaare und geraspelter Pferdehufe darauf, und wie es so recht brenzlig zu riechen begann, hielt sie den Rock dr\u00fcber. \u00bbSo,\u00ab sagte sie zum Teufel, \u00bbnun ist der Rock rein, nun kannst du dich doch wieder in anst\u00e4ndiger Gesellschaft sehen lassen! Aber ich verbitte mir, da\u00df so etwas wieder vorkommt! Verstehst du mich?\u00ab \u2013<\/p>\n<\/div><\/div>\n\n\n\n<div style=\"height:30px\" aria-hidden=\"true\" class=\"wp-block-spacer\"><\/div>\n\n\n\n<figure class=\"wp-block-gallery aligncenter columns-2 is-cropped\"><ul class=\"blocks-gallery-grid\"><li class=\"blocks-gallery-item\"><figure><a href=\"https:\/\/blogs.urz.uni-halle.de\/halliteratur\/files\/2023\/06\/Foto_Volkmann.jpg\"><img loading=\"lazy\" width=\"328\" height=\"422\" src=\"https:\/\/blogs.urz.uni-halle.de\/halliteratur\/files\/2023\/06\/Foto_Volkmann.jpg\" alt=\"\" data-id=\"395\" data-full-url=\"https:\/\/blogs.urz.uni-halle.de\/halliteratur\/files\/2023\/06\/Foto_Volkmann.jpg\" data-link=\"https:\/\/blogs.urz.uni-halle.de\/halliteratur\/stadt-gottesacker\/foto_volkmann\/\" class=\"wp-image-395\" srcset=\"https:\/\/blogs.urz.uni-halle.de\/halliteratur\/files\/2023\/06\/Foto_Volkmann.jpg 328w, https:\/\/blogs.urz.uni-halle.de\/halliteratur\/files\/2023\/06\/Foto_Volkmann-233x300.jpg 233w, https:\/\/blogs.urz.uni-halle.de\/halliteratur\/files\/2023\/06\/Foto_Volkmann-225x290.jpg 225w\" sizes=\"(max-width: 328px) 100vw, 328px\" \/><\/a><\/figure><\/li><li class=\"blocks-gallery-item\"><figure><a href=\"https:\/\/blogs.urz.uni-halle.de\/halliteratur\/files\/2023\/06\/Stadt-Gottesacker-02.jpg\"><img loading=\"lazy\" width=\"792\" height=\"1024\" src=\"https:\/\/blogs.urz.uni-halle.de\/halliteratur\/files\/2023\/06\/Stadt-Gottesacker-02-792x1024.jpg\" alt=\"\" data-id=\"378\" data-full-url=\"https:\/\/blogs.urz.uni-halle.de\/halliteratur\/files\/2023\/06\/Stadt-Gottesacker-02.jpg\" data-link=\"https:\/\/blogs.urz.uni-halle.de\/halliteratur\/stadt-gottesacker-02\/\" class=\"wp-image-378\" srcset=\"https:\/\/blogs.urz.uni-halle.de\/halliteratur\/files\/2023\/06\/Stadt-Gottesacker-02-792x1024.jpg 792w, https:\/\/blogs.urz.uni-halle.de\/halliteratur\/files\/2023\/06\/Stadt-Gottesacker-02-232x300.jpg 232w, https:\/\/blogs.urz.uni-halle.de\/halliteratur\/files\/2023\/06\/Stadt-Gottesacker-02-224x290.jpg 224w, https:\/\/blogs.urz.uni-halle.de\/halliteratur\/files\/2023\/06\/Stadt-Gottesacker-02-768x993.jpg 768w, https:\/\/blogs.urz.uni-halle.de\/halliteratur\/files\/2023\/06\/Stadt-Gottesacker-02.jpg 798w\" sizes=\"(max-width: 792px) 100vw, 792px\" \/><\/a><\/figure><\/li><\/ul><figcaption class=\"blocks-gallery-caption\"><sup> Richard von Volkmann um 1880 (<a href=\"https:\/\/de.wikipedia.org\/wiki\/Richard_von_Volkmann#\/media\/Datei:Richard_von_Volkmann2.jpg\" target=\"_blank\" rel=\"noreferrer noopener\">wiki<\/a>) \u2013 Grab Stadtgottesacker | Foto: Anna Maria Franke<\/sup><\/figcaption><\/figure>\n\n\n\n<div class=\"wp-block-pb-accordion-item c-accordion__item js-accordion-item no-js\" data-initially-open=\"false\" data-click-to-close=\"true\" data-auto-close=\"true\" data-scroll=\"false\" data-scroll-offset=\"0\"><h6 id=\"at-463\" class=\"c-accordion__title js-accordion-controller\" role=\"button\"><strong>\u25bd RICHARD VON VOLKMANN: LEBEN UND WERK<\/strong><\/h6><div id=\"ac-463\" class=\"c-accordion__content\">\n<p>Richard von Volkmann (1830-1889) ist vor allem bekannt f\u00fcr seine Leistungen im chirurgischen Bereich. Der studierte Mediziner schreibt allerdings auch literarische Werke, wenn auch nur selten, welche er unter dem Namen Richard Leander ver\u00f6ffentlicht. Seine Werke sind in Vergessenheit geraten, was \u00fcberraschend ist angesichts des Erfolgs seiner M\u00e4rchensammlung \u201eTr\u00e4umereien an franz\u00f6sischen Kaminen\u201c. Darin sind 22 M\u00e4rchen enthalten, die er w\u00e4hrend seiner T\u00e4tigkeit als Generalarzt der preu\u00dfischen Armee in der Belagerung von Paris 1870\/71 f\u00fcr seine Frau und Kinder zu Hause schreibt. Mit dem poetischen, fantasievollen aber auch leicht ironischen Stil der Kunst- und Volksm\u00e4rchen erreicht das Werk \u00fcber 300 Auflagen sowie \u00fcber 1 Million gedruckte Exemplare.<\/p>\n<\/div><\/div>\n\n\n\n<div class=\"wp-block-pb-accordion-item c-accordion__item js-accordion-item no-js\" data-initially-open=\"false\" data-click-to-close=\"true\" data-auto-close=\"true\" data-scroll=\"false\" data-scroll-offset=\"0\"><h6 id=\"at-464\" class=\"c-accordion__title js-accordion-controller\" role=\"button\"><strong>\u25bd<\/strong> Literaturtipps<\/h6><div id=\"ac-464\" class=\"c-accordion__content\">\n<p><em>Heine, Anselma: Der Zwergenring. Erz\u00e4hlung aus Goethes Jugendland. Berlin, 1925.<\/em><\/p>\n\n\n\n<p><em>Heine, Anselma: Die Erscheinung. Berlin, 1927.<\/em><\/p>\n\n\n\n<p><em>Heine, Anselma: Die verborgene Schrift. Ein Roman aus dem Elsa\u00df. Berlin [u. a.], 1918.<\/em><\/p>\n\n\n\n<p><em>Heine, Anselma. Mein Rundgang. Stuttgart, 1926.<\/em><\/p>\n\n\n\n<p><em>von Volkmann, Richard (alias Richard Leander): Alte und neue Troubadour-Lieder. Breitkopf und H\u00e4rtel, Leipzig, 1889.<\/em><\/p>\n\n\n\n<p><em>von Volkmann, Richard (alias Richard Leander): Tr\u00e4umereien an franz\u00f6sischen Kaminen. Hesse &amp; Becker Verlag, Leipzig 1871.<\/em><\/p>\n<\/div><\/div>\n\n\n\n<p class=\"has-text-align-center has-white-color has-text-color has-background\" style=\"background-color:#acbaa1\">Vom Stadtgottesacker nehmen Sie den Ausgang zum Hansering und laufen den Hansering nach rechts runter. Biegen Sie dann links in die Rathausstra\u00dfe hinein.<\/p>\n\n\n\n<div class=\"wp-block-buttons aligncenter\">\n<div class=\"wp-block-button is-style-outline\"><a class=\"wp-block-button__link has-dark-gray-color has-text-color has-background\" href=\"https:\/\/blogs.urz.uni-halle.de\/halliteratur\/\" style=\"border-radius:20px;background-color:#b4b9a2\">Zur\u00fcck zur Startseite<\/a><\/div>\n\n\n\n<div class=\"wp-block-button is-style-outline\"><a class=\"wp-block-button__link has-dark-gray-color has-text-color has-background\" href=\"https:\/\/blogs.urz.uni-halle.de\/halliteratur\/rathausstrasse\/\" style=\"border-radius:20px;background-color:#b4b9a2\">Weiter in der Route<\/a><\/div>\n<\/div>\n","protected":false},"excerpt":{"rendered":"<p>Der Stadtgottesacker mit tr\u00e4umerisch-brutalem Namen war ein aufgelassener Friedhof und wie ein italj\u00e4nischer Campo Santo beschaffen. Die h\u00e4user\u00e4hnlichen Erbbegr\u00e4bnisse aus dem sechzehnten Jahrhundert waren ber\u00fchmt in den Kunstgeschichten wo sie zum Exempel der Schwibb\u00f6gen dienten. \u2013 Sarah Kirsch, Schwingrasen \u2013 St\u00fcck &#8218;Pfeffer und Salz&#8216; (1991) Inspiriert von italienischen Camposanto-Anlagen, finden auf dem Stadtgottesacker seit dem &hellip; <a href=\"https:\/\/blogs.urz.uni-halle.de\/halliteratur\/stadt-gottesacker\/\" class=\"more-link\"><span class=\"screen-reader-text\">Tote Bestseller auf dem Stadtgottesacker<\/span> weiterlesen<\/a><\/p>\n","protected":false},"author":5829,"featured_media":0,"parent":0,"menu_order":0,"comment_status":"closed","ping_status":"closed","template":"","meta":[],"_links":{"self":[{"href":"https:\/\/blogs.urz.uni-halle.de\/halliteratur\/wp-json\/wp\/v2\/pages\/46"}],"collection":[{"href":"https:\/\/blogs.urz.uni-halle.de\/halliteratur\/wp-json\/wp\/v2\/pages"}],"about":[{"href":"https:\/\/blogs.urz.uni-halle.de\/halliteratur\/wp-json\/wp\/v2\/types\/page"}],"author":[{"embeddable":true,"href":"https:\/\/blogs.urz.uni-halle.de\/halliteratur\/wp-json\/wp\/v2\/users\/5829"}],"replies":[{"embeddable":true,"href":"https:\/\/blogs.urz.uni-halle.de\/halliteratur\/wp-json\/wp\/v2\/comments?post=46"}],"version-history":[{"count":10,"href":"https:\/\/blogs.urz.uni-halle.de\/halliteratur\/wp-json\/wp\/v2\/pages\/46\/revisions"}],"predecessor-version":[{"id":1025,"href":"https:\/\/blogs.urz.uni-halle.de\/halliteratur\/wp-json\/wp\/v2\/pages\/46\/revisions\/1025"}],"wp:attachment":[{"href":"https:\/\/blogs.urz.uni-halle.de\/halliteratur\/wp-json\/wp\/v2\/media?parent=46"}],"curies":[{"name":"wp","href":"https:\/\/api.w.org\/{rel}","templated":true}]}}