{"id":974,"date":"2023-06-24T18:01:27","date_gmt":"2023-06-24T16:01:27","guid":{"rendered":"https:\/\/blogs.urz.uni-halle.de\/halliteratur\/?page_id=974"},"modified":"2023-06-26T09:40:01","modified_gmt":"2023-06-26T07:40:01","slug":"reichardts-garten","status":"publish","type":"page","link":"https:\/\/blogs.urz.uni-halle.de\/halliteratur\/reichardts-garten\/","title":{"rendered":"Das \u201eDichterparadies\u201c in Reichardts Garten"},"content":{"rendered":"\n<blockquote class=\"wp-block-quote has-text-align-right\"><p>\u201eDie N\u00e4he von Giebichenstein lockte zu Besuchen bei dem gastfreien Reichardt [&#8230;] in einem romantisch-l\u00e4ndlichen Aufenthalte einen h\u00f6chst gef\u00e4lligen Familienkreis, in welchem sich bedeutende M\u00e4nner aus der N\u00e4he und Ferne k\u00fcrzere oder l\u00e4ngere Zeit gar wohl gefielen und gl\u00fcckliche Verbindungen f\u00fcr das Leben ankn\u00fcpften\u201c <\/p><cite><em>\u2013 Johann Wolfgang v. Goethe, Tag- und Jahreshefte (1802)<\/em><\/cite><\/blockquote>\n\n\n\n<figure class=\"wp-block-gallery columns-1 is-cropped\"><ul class=\"blocks-gallery-grid\"><li class=\"blocks-gallery-item\"><figure><a href=\"https:\/\/blogs.urz.uni-halle.de\/halliteratur\/files\/2023\/06\/reichardt-1-scaled.jpg\"><img loading=\"lazy\" width=\"1024\" height=\"768\" src=\"https:\/\/blogs.urz.uni-halle.de\/halliteratur\/files\/2023\/06\/reichardt-1-1024x768.jpg\" alt=\"\" data-id=\"967\" data-full-url=\"https:\/\/blogs.urz.uni-halle.de\/halliteratur\/files\/2023\/06\/reichardt-1-scaled.jpg\" data-link=\"https:\/\/blogs.urz.uni-halle.de\/halliteratur\/reichardt-1\/\" class=\"wp-image-967\" srcset=\"https:\/\/blogs.urz.uni-halle.de\/halliteratur\/files\/2023\/06\/reichardt-1-1024x768.jpg 1024w, https:\/\/blogs.urz.uni-halle.de\/halliteratur\/files\/2023\/06\/reichardt-1-300x225.jpg 300w, https:\/\/blogs.urz.uni-halle.de\/halliteratur\/files\/2023\/06\/reichardt-1-290x218.jpg 290w, https:\/\/blogs.urz.uni-halle.de\/halliteratur\/files\/2023\/06\/reichardt-1-768x576.jpg 768w, https:\/\/blogs.urz.uni-halle.de\/halliteratur\/files\/2023\/06\/reichardt-1-1536x1152.jpg 1536w, https:\/\/blogs.urz.uni-halle.de\/halliteratur\/files\/2023\/06\/reichardt-1-2048x1536.jpg 2048w\" sizes=\"(max-width: 1024px) 100vw, 1024px\" \/><\/a><\/figure><\/li><\/ul><figcaption class=\"blocks-gallery-caption\"><sup>Eingang Reichardts Garten | Foto: Yannick Sch\u00f6n<\/sup><\/figcaption><\/figure>\n\n\n\n<p class=\"has-text-align-center has-white-color has-text-color has-background\" style=\"background-color:#acbaa1\">In der Seebener Stra\u00dfe, direkt an der Burg Giebichenstein und der Bartholom\u00e4uskirche, liegt der gro\u00df angelegte \u201eReichardts Garten\u201c, der Besuchern der Stadt zum Besuch frei zur Verf\u00fcgung steht. Gleich die Karte am Eingang verr\u00e4t mit Namen wie der \u201eGoethebank\u201c oder den \u201eSpruchsteinen\u201c, dass es sich hier um einen Ort f\u00fcr Literatur handelt. Neben Goethe gibt es aber noch viele weitere Autoren, die den Komponisten Reichardt, dem der Garten einst geh\u00f6rte, besuchten und durch seinen Garten gingen \u2013 und neben der Goethebank auch zahlreiche weitere Pl\u00e4tze die zum Verweilen und Lesen einladen. Es w\u00fcrde dem Ort also \u00fcberhaupt nicht gerecht werden, nur einen Text dazu zur Verf\u00fcgung zu stellen. Lesen Sie also hier, was Reichardt selbst \u00fcber diesen Ort sagte, und was f\u00fcr literarische Leistungen die hohen Besucher des Gartens erreichten.<\/p>\n\n\n<div id=\"lmm_9b17bcf3\" style=\"width:640px;\" class=\"mapsmarker markermap marker-18\">\n<div id=\"lmm_panel_9b17bcf3\" class=\"lmm-panel\" style=\"background:#efefef;\">\n<div id=\"lmm_panel_api_9b17bcf3\" class=\"lmm-panel-api\"><a href=\"https:\/\/maps.google.com\/maps?daddr=51.503240,11.959906&amp;t=m&amp;layer=1&amp;doflg=ptk&amp;om=0\" target=\"_blank\" title=\"Wegbeschreibung berechnen\"><img alt=\"icon-car.png\" src=\"https:\/\/blogs.urz.uni-halle.de\/halliteratur\/wp-content\/plugins\/leaflet-maps-marker\/inc\/img\/icon-car.png\" width=\"14\" height=\"14\" class=\"lmm-panel-api-images\" \/><\/a><a href=\"https:\/\/blogs.urz.uni-halle.de\/halliteratur\/wp-content\/plugins\/leaflet-maps-marker\/leaflet-fullscreen.php?marker=18\" style=\"text-decoration:none;\" title=\"Standalone-Karte im Vollbild-Modus \u00f6ffnen\" target=\"_blank\"><img src=\"https:\/\/blogs.urz.uni-halle.de\/halliteratur\/wp-content\/plugins\/leaflet-maps-marker\/inc\/img\/icon-fullscreen.png\" width=\"14\" height=\"14\" alt=\"Fullscreen-Logo\" class=\"lmm-panel-api-images\" \/><\/a><\/div><div id=\"lmm_panel_text_9b17bcf3\" class=\"lmm-panel-text\" style=\"font-weight:bold;color:#373737;\">Reichardts Garten<\/div><\/div>\n<div id=\"lmm_map_9b17bcf3\" class=\"lmm-map\" style=\"background:#f6f6f6;border:1px solid #ccc;height:480px; overflow:hidden;padding:0;\"><p style=\"font-size:80%;color:#9f9e9e;margin-left:5px;\">Karte wird geladen - bitte warten...<noscript><br\/><strong>Karte konnte nicht geladen werden - bitte aktivieren Sie Javascript!<\/strong><br\/><a style=\"text-decoration:none;\" href=\"https:\/\/www.mapsmarker.com\/js-disabled\" target=\"_blank\">&rarr; mehr Informationen<\/a><\/noscript><\/p><\/div>\n<div id=\"lmm_geo_tags_9b17bcf3\" class=\"lmm-geo-tags geo\">\n<span class=\"paneltext\">Reichardts Garten<\/span>\n<span class=\"latitude\">51.503240<\/span>, <span class=\"longitude\">11.959906<\/span>\n<span class=\"popuptext\"><\/span>\n<\/div>\n<\/div>\n\n\n\n<h6>\u201eVertraute Briefe\u201c von Johann Friedrich Reichardt (1809)<\/h6>\n\n\n\n<p>&#8222;Woher ich auch kommen mag, immer erscheint mir dieser liebliche romantische Fleck mitten im fruchtbarsten Lande mit neuem Reize. Wie die Saale da hinflie\u00dft in geteilten Auen, zwischen Wiesen und buschigten Inseln und hohen moosbewachsenen Felsenw\u00e4nden, bei den Ruinen des alten Schlosses vorbei, durch die romantische Geschichte Ludwig des Springers bekannt; wie die alten ehrw\u00fcrdigen Reste da oben auf einem gewaltigen steilen Porphyrfelsen stehen, dessen obere Fl\u00e4che und innerer Abhang nun auch von dem feinsinnigen Pflanzer des sch\u00f6nen Amtsgartens mit diesem angenehm verbunden worden sind; wie der Flu\u00df sich dann in k\u00fchner Beugung durch die sch\u00f6ngeformten Felsufer von ewigem Porphyr durchdr\u00e4ngt, bei dem ruhigen Fischerdorfe Kr\u00f6llwitz und seiner reich umpflanzten Papierm\u00fchle und dem buschbewachsenen Werder vorbei, \u00fcber das hohe Wehr brausend fortrauscht, dann durchs fruchtbare Land ruhig hinstr\u00f6mt, bis sich bei Lettin und dann weiterhin bei Wettin wieder hohe Felsufer erhebend, ein altes Schlo\u00df tragend. Von der H\u00f6he unseres lieblichen Gartens \u00fcber all das hingesehen, erhebt sich dann der Petersberg mit seinen herrlichen Ruinen zum Hintergrund; an ganz hellen Tagen auch wohl der Brocken am tiefen blauen Himmel. Auf der einen Seite der hohe alte Weinberg, in seiner Urgebirgsgestalt, den unser geistreicher Reil jetzt so sch\u00f6n bepflanzt und mit einem zierlichen Sommerhause versch\u00f6nert hat; zur anderen Seite die angenehme Holzung, Meiereien und Sch\u00e4fereien, und Weinberge auf der fruchtbaren Fl\u00e4che; im R\u00fccken die Stadt Halle mit ihren vielen T\u00fcrmen und dampfenden Salz- Konten, und der Blick da wieder tief in Sachsen hinein nach Merseburg, Lauchst\u00e4dt hin und dr\u00fcber fort; das ganze Land rundum so reich und lustig bebaut \u2013 es wird nicht leicht eine mannigfachere reichere Aussicht in irgendeinem flachen Lande gesehen. Dann die seltene Vermischung des Romantischen, welches hier die Felsufer erw\u00e4hren, mit der Fruchtbarkeit des Bodens, der oft seine schweren Weizen\u00e4hren \u00fcber die R\u00e4nder der Felsen wirft, und \u00fcberall, wo der Ackerbau beschwerlich wird, die erfreuliche Obstkultur gestattet. Ich w\u00fcnsche mir keinen sch\u00f6neren Wohnsitz auf der Welt.\u201c<\/p>\n\n\n\n<figure class=\"wp-block-gallery aligncenter columns-1 is-cropped\"><ul class=\"blocks-gallery-grid\"><li class=\"blocks-gallery-item\"><figure><a href=\"https:\/\/blogs.urz.uni-halle.de\/halliteratur\/files\/2023\/06\/reichardt-2-scaled.jpg\"><img loading=\"lazy\" width=\"1024\" height=\"768\" src=\"https:\/\/blogs.urz.uni-halle.de\/halliteratur\/files\/2023\/06\/reichardt-2-1024x768.jpg\" alt=\"\" data-id=\"969\" data-full-url=\"https:\/\/blogs.urz.uni-halle.de\/halliteratur\/files\/2023\/06\/reichardt-2-scaled.jpg\" data-link=\"https:\/\/blogs.urz.uni-halle.de\/halliteratur\/reichardt-2\/\" class=\"wp-image-969\" srcset=\"https:\/\/blogs.urz.uni-halle.de\/halliteratur\/files\/2023\/06\/reichardt-2-1024x768.jpg 1024w, https:\/\/blogs.urz.uni-halle.de\/halliteratur\/files\/2023\/06\/reichardt-2-300x225.jpg 300w, https:\/\/blogs.urz.uni-halle.de\/halliteratur\/files\/2023\/06\/reichardt-2-290x218.jpg 290w, https:\/\/blogs.urz.uni-halle.de\/halliteratur\/files\/2023\/06\/reichardt-2-768x576.jpg 768w, https:\/\/blogs.urz.uni-halle.de\/halliteratur\/files\/2023\/06\/reichardt-2-1536x1152.jpg 1536w, https:\/\/blogs.urz.uni-halle.de\/halliteratur\/files\/2023\/06\/reichardt-2-2048x1536.jpg 2048w\" sizes=\"(max-width: 1024px) 100vw, 1024px\" \/><\/a><\/figure><\/li><\/ul><figcaption class=\"blocks-gallery-caption\"><sup>Infotafel in Reichardts Garten | Foto: Yannick Sch\u00f6n<\/sup><\/figcaption><\/figure>\n\n\n\n<h6>\u201eDas Veilchen\u201c von Johann Wolfgang von Goethe (1774)<\/h6>\n\n\n\n<p>Ein Veilchen auf der Wiese stand Geb\u00fcckt in sich und unbekannt;<br \/>Es war ein herzigs Veilchen.<br \/>Da kam eine junge Sch\u00e4ferin,<br \/>Mit leichtem Schritt und munterm Sinn, <br \/>Daher, daher,<br \/>Die Wiese her, und sang.<\/p>\n\n\n\n<p>Ach! denkt das Veilchen, w\u00e4r ich nur <br \/>Die sch\u00f6nste Blume der Natur,<br \/>Ach, nur ein kleines Weilchen,<br \/>Bis mich das Liebchen abgepfl\u00fcckt<br \/>Und an dem Busen matt gedr\u00fcckt! <br \/>Ach nur, ach nur<br \/>Ein Viertelst\u00fcndchen lang!<\/p>\n\n\n\n<p>Ach! Aber ach! Das M\u00e4dchen kam <br \/>Und nicht in acht das Veilchen nahm, <br \/>Ertrat das arme Veilchen.<br \/>Es sank und starb und freut&#8216; sich noch: <br \/>Und sterb ich denn, so sterb ich doch <br \/>Durch sie, durch sie,<br \/>Zu ihren F\u00fc\u00dfen doch.<\/p>\n\n\n\n<figure class=\"wp-block-gallery aligncenter columns-2 is-cropped\"><ul class=\"blocks-gallery-grid\"><li class=\"blocks-gallery-item\"><figure><a href=\"https:\/\/blogs.urz.uni-halle.de\/halliteratur\/files\/2023\/06\/reichardt-5-scaled.jpg\"><img loading=\"lazy\" width=\"1024\" height=\"768\" src=\"https:\/\/blogs.urz.uni-halle.de\/halliteratur\/files\/2023\/06\/reichardt-5-1024x768.jpg\" alt=\"\" data-id=\"972\" data-full-url=\"https:\/\/blogs.urz.uni-halle.de\/halliteratur\/files\/2023\/06\/reichardt-5-scaled.jpg\" data-link=\"https:\/\/blogs.urz.uni-halle.de\/halliteratur\/reichardt-5\/\" class=\"wp-image-972\" srcset=\"https:\/\/blogs.urz.uni-halle.de\/halliteratur\/files\/2023\/06\/reichardt-5-1024x768.jpg 1024w, https:\/\/blogs.urz.uni-halle.de\/halliteratur\/files\/2023\/06\/reichardt-5-300x225.jpg 300w, https:\/\/blogs.urz.uni-halle.de\/halliteratur\/files\/2023\/06\/reichardt-5-290x218.jpg 290w, https:\/\/blogs.urz.uni-halle.de\/halliteratur\/files\/2023\/06\/reichardt-5-768x576.jpg 768w, https:\/\/blogs.urz.uni-halle.de\/halliteratur\/files\/2023\/06\/reichardt-5-1536x1152.jpg 1536w, https:\/\/blogs.urz.uni-halle.de\/halliteratur\/files\/2023\/06\/reichardt-5-2048x1536.jpg 2048w\" sizes=\"(max-width: 1024px) 100vw, 1024px\" \/><\/a><\/figure><\/li><li class=\"blocks-gallery-item\"><figure><a href=\"https:\/\/blogs.urz.uni-halle.de\/halliteratur\/files\/2023\/06\/reichardt-3-scaled.jpg\"><img loading=\"lazy\" width=\"1024\" height=\"768\" src=\"https:\/\/blogs.urz.uni-halle.de\/halliteratur\/files\/2023\/06\/reichardt-3-1024x768.jpg\" alt=\"\" data-id=\"970\" data-full-url=\"https:\/\/blogs.urz.uni-halle.de\/halliteratur\/files\/2023\/06\/reichardt-3-scaled.jpg\" data-link=\"https:\/\/blogs.urz.uni-halle.de\/halliteratur\/reichardt-3\/\" class=\"wp-image-970\" srcset=\"https:\/\/blogs.urz.uni-halle.de\/halliteratur\/files\/2023\/06\/reichardt-3-1024x768.jpg 1024w, https:\/\/blogs.urz.uni-halle.de\/halliteratur\/files\/2023\/06\/reichardt-3-300x225.jpg 300w, https:\/\/blogs.urz.uni-halle.de\/halliteratur\/files\/2023\/06\/reichardt-3-290x218.jpg 290w, https:\/\/blogs.urz.uni-halle.de\/halliteratur\/files\/2023\/06\/reichardt-3-768x576.jpg 768w, https:\/\/blogs.urz.uni-halle.de\/halliteratur\/files\/2023\/06\/reichardt-3-1536x1152.jpg 1536w, https:\/\/blogs.urz.uni-halle.de\/halliteratur\/files\/2023\/06\/reichardt-3-2048x1536.jpg 2048w\" sizes=\"(max-width: 1024px) 100vw, 1024px\" \/><\/a><\/figure><\/li><\/ul><figcaption class=\"blocks-gallery-caption\"><sup>Bank und Gedenkstein in Reichardts Garten | Foto: Yannick Sch\u00f6n<\/sup><\/figcaption><\/figure>\n\n\n\n<h6>\u201eDie hohe Magd\u201c \/ &#8222;Das Hallorenlied&#8220; von Ludwig Achim von Arnim (1806)<\/h6>\n\n\n\n<p>Ein Magd ist wei\u00df und schone, <br \/>Gott f\u00fchrt den h\u00f6chsten Prei\u00df,<br \/> Und die ihm dient, zum Lohne <br \/>An K\u00fcnsten wird sie reich, <br \/>Geht jungfr\u00e4ulich bei Frauen <br \/>Dort auf den gr\u00fcnen Auen, <br \/>Gl\u00fcck zu mein edler Zweig!<\/p>\n\n\n\n<p>Ihr Leib war angebildet<br \/>Mit Keuschheit \u00fcbergro\u00df, <br \/>Schwang sich in ihren Willen, <br \/>Schwang sich in ihren Schoo\u00df,<br \/>Er war so stark von Kr\u00e4ften,<br \/>Von meisterlichen Gesch\u00e4ften &#8211; <br \/>Gott schuf wohl Himmel und Erd.<\/p>\n\n\n\n<p>Ein Kind nach Adams Weise <br \/>An ihren Br\u00fcsten lag,<br \/>Es war ein alter Greise, <br \/>Erschuf den ersten Tag,<br \/>Es ward ein starker Ritter, <br \/>Sein Leiden ward ihm bitter, <br \/>Erlitt gro\u00df Ungemach.<\/p>\n\n\n\n<p>Sein Seit ward ihm zerschnitten <br \/>Mit einem scharfen Speer, <br \/>Damit hat er zersplitten<br \/>Die H\u00f6lle samt der Erd.<br \/>Gott tr\u00f6stet den Gefangnen,<br \/>Drey W\u00fcnsche waren ihm ergangen <br \/>Gegen diese heilige Zeit.<\/p>\n\n\n\n<p>Gott stieg aus seinem Grabe, <br \/>Ein F\u00fcrst war wohlgemuth,<br \/>Mit seinem Kreuz und Stabe, <br \/>Drey F\u00e4hnlein schwenkt er roth, <br \/>That sich gen Himmel kehren, <br \/>Nach tugendlichen Ehren<br \/>Stand Ihm Herz, Muth und Sinn.<\/p>\n\n\n\n<p>O Stern, o Glanz! o Krone,<br \/>O Himmel aufgethan!<br \/>Was gab ihr Gott zum Lohne, <br \/>Drey Chorengel Lobgesang, <br \/>Bekleidet ihn mit Sonne, <br \/>Maria war voll Wonne,<br \/>Wie hell scheint uns der Mond!<\/p>\n\n\n\n<figure class=\"wp-block-gallery aligncenter columns-1 is-cropped\"><ul class=\"blocks-gallery-grid\"><li class=\"blocks-gallery-item\"><figure><img loading=\"lazy\" width=\"768\" height=\"1024\" src=\"https:\/\/blogs.urz.uni-halle.de\/halliteratur\/files\/2023\/06\/reichardt-6-768x1024.jpg\" alt=\"\" data-id=\"973\" data-full-url=\"https:\/\/blogs.urz.uni-halle.de\/halliteratur\/files\/2023\/06\/reichardt-6-scaled.jpg\" data-link=\"https:\/\/blogs.urz.uni-halle.de\/halliteratur\/reichardt-6\/\" class=\"wp-image-973\" srcset=\"https:\/\/blogs.urz.uni-halle.de\/halliteratur\/files\/2023\/06\/reichardt-6-768x1024.jpg 768w, https:\/\/blogs.urz.uni-halle.de\/halliteratur\/files\/2023\/06\/reichardt-6-225x300.jpg 225w, https:\/\/blogs.urz.uni-halle.de\/halliteratur\/files\/2023\/06\/reichardt-6-218x290.jpg 218w, https:\/\/blogs.urz.uni-halle.de\/halliteratur\/files\/2023\/06\/reichardt-6-1152x1536.jpg 1152w, https:\/\/blogs.urz.uni-halle.de\/halliteratur\/files\/2023\/06\/reichardt-6-1536x2048.jpg 1536w, https:\/\/blogs.urz.uni-halle.de\/halliteratur\/files\/2023\/06\/reichardt-6-scaled.jpg 1920w\" sizes=\"(max-width: 768px) 100vw, 768px\" \/><\/figure><\/li><\/ul><figcaption class=\"blocks-gallery-caption\"><sup>Gedenkstein in Reichardts Garten | Foto: Yannick Sch\u00f6n<\/sup><\/figcaption><\/figure>\n\n\n\n<h6>Lyriker in Reichardts Garten<\/h6>\n\n\n\n<p>Sowohl das Gedicht von Goethe als auch das \u201eHallorenlied\u201c haben zu Reichardts Garten eine besondere Beziehung. Als bekannter Komponist vertonte Reichardt als einer der ersten Musiker eine Liedeingabe zu diesem Gedicht, sowie auch zu anderen lyrischen Leistungen von Goethe. Obwohl die beiden sich nicht immer einig waren \u2013 so war Reichardt auch Ziel der polemischen \u201eXenien\u201c von Goethe und Schiller \u2013 so haben sie sich alsbald wieder vertragen, sodass Goethe \u00fcber Jahre regelm\u00e4\u00dfiger Gast in genau dem Garten war, in dem Sie sich gerade befinden.<\/p>\n\n\n\n<p>Auch \u201eDie hohe Magd\u201c, beziehungsweise die Liedsammlung \u201eDes Knaben Wunderhorn\u201c in der es zu finden ist, hat \u2013 neben der Bezeichung als \u201eHallorenlied\u201c selbst &#8211; eine weitere tiefe Verbindung mit diesem Ort: So wird gesagt, dass Reichardts Garten sogar der Ursprungsort war, in dem Achim von Arnim \u2013 in seiner Studentenzeit \u2013 hier bereits Volkslieder sammelte, eine Aufgabe die von Reichardt unterst\u00fctzt wurde, der diese sp\u00e4ter auch zum Teil vertonte.<\/p>\n\n\n\n<figure class=\"wp-block-gallery aligncenter columns-1 is-cropped\"><ul class=\"blocks-gallery-grid\"><li class=\"blocks-gallery-item\"><figure><a href=\"https:\/\/blogs.urz.uni-halle.de\/halliteratur\/files\/2023\/06\/Bildschirmfoto-2023-06-24-um-17.45.42.png\"><img loading=\"lazy\" width=\"1024\" height=\"252\" src=\"https:\/\/blogs.urz.uni-halle.de\/halliteratur\/files\/2023\/06\/Bildschirmfoto-2023-06-24-um-17.45.42-1024x252.png\" alt=\"\" data-id=\"976\" data-full-url=\"https:\/\/blogs.urz.uni-halle.de\/halliteratur\/files\/2023\/06\/Bildschirmfoto-2023-06-24-um-17.45.42.png\" data-link=\"https:\/\/blogs.urz.uni-halle.de\/halliteratur\/?attachment_id=976\" class=\"wp-image-976\" srcset=\"https:\/\/blogs.urz.uni-halle.de\/halliteratur\/files\/2023\/06\/Bildschirmfoto-2023-06-24-um-17.45.42-1024x252.png 1024w, https:\/\/blogs.urz.uni-halle.de\/halliteratur\/files\/2023\/06\/Bildschirmfoto-2023-06-24-um-17.45.42-300x74.png 300w, https:\/\/blogs.urz.uni-halle.de\/halliteratur\/files\/2023\/06\/Bildschirmfoto-2023-06-24-um-17.45.42-290x71.png 290w, https:\/\/blogs.urz.uni-halle.de\/halliteratur\/files\/2023\/06\/Bildschirmfoto-2023-06-24-um-17.45.42-768x189.png 768w, https:\/\/blogs.urz.uni-halle.de\/halliteratur\/files\/2023\/06\/Bildschirmfoto-2023-06-24-um-17.45.42-1536x378.png 1536w, https:\/\/blogs.urz.uni-halle.de\/halliteratur\/files\/2023\/06\/Bildschirmfoto-2023-06-24-um-17.45.42.png 1698w\" sizes=\"(max-width: 1024px) 100vw, 1024px\" \/><\/a><\/figure><\/li><\/ul><figcaption class=\"blocks-gallery-caption\"><sup>Beginn Vertonung \u201eM\u00fcllert\u00fccke\u201c von Johann Friedrich Reichardt, zu finden Band 1 \u201eDes Knaben Wunderhorn\u201c (Wikimedia Commons, \u201eDeutscher Liederhort\u201c)<\/sup><\/figcaption><\/figure>\n\n\n\n<div class=\"wp-block-pb-accordion-item c-accordion__item js-accordion-item no-js\" data-initially-open=\"false\" data-click-to-close=\"true\" data-auto-close=\"true\" data-scroll=\"false\" data-scroll-offset=\"0\"><h6 id=\"at-9740\" class=\"c-accordion__title js-accordion-controller\" role=\"button\">\u25bd Literaturtipps<\/h6><div id=\"ac-9740\" class=\"c-accordion__content\">\n<p>\u201eDes Knaben Wunderhorn: alte deutsche Lieder\u201c, herausgegeben von Achim von Armin und Clemens Brentano (1806-1808)<\/p>\n\n\n\n<p>\u201eGiebichensteiner Dichterparadies\u201c, Erich Neuss, Fliegenkopf Verlag (2007) \u201eTag- und Jahreshefte\u201c, Johann Wolfgang von Goethe (insb. ab 1802)<\/p>\n<\/div><\/div>\n\n\n\n<p><\/p>\n","protected":false},"excerpt":{"rendered":"<p>\u201eDie N\u00e4he von Giebichenstein lockte zu Besuchen bei dem gastfreien Reichardt [&#8230;] in einem romantisch-l\u00e4ndlichen Aufenthalte einen h\u00f6chst gef\u00e4lligen Familienkreis, in welchem sich bedeutende M\u00e4nner aus der N\u00e4he und Ferne k\u00fcrzere oder l\u00e4ngere Zeit gar wohl gefielen und gl\u00fcckliche Verbindungen f\u00fcr das Leben ankn\u00fcpften\u201c \u2013 Johann Wolfgang v. Goethe, Tag- und Jahreshefte (1802) In der &hellip; <a href=\"https:\/\/blogs.urz.uni-halle.de\/halliteratur\/reichardts-garten\/\" class=\"more-link\"><span class=\"screen-reader-text\">Das \u201eDichterparadies\u201c in Reichardts Garten<\/span> weiterlesen<\/a><\/p>\n","protected":false},"author":5829,"featured_media":0,"parent":0,"menu_order":0,"comment_status":"closed","ping_status":"closed","template":"","meta":[],"_links":{"self":[{"href":"https:\/\/blogs.urz.uni-halle.de\/halliteratur\/wp-json\/wp\/v2\/pages\/974"}],"collection":[{"href":"https:\/\/blogs.urz.uni-halle.de\/halliteratur\/wp-json\/wp\/v2\/pages"}],"about":[{"href":"https:\/\/blogs.urz.uni-halle.de\/halliteratur\/wp-json\/wp\/v2\/types\/page"}],"author":[{"embeddable":true,"href":"https:\/\/blogs.urz.uni-halle.de\/halliteratur\/wp-json\/wp\/v2\/users\/5829"}],"replies":[{"embeddable":true,"href":"https:\/\/blogs.urz.uni-halle.de\/halliteratur\/wp-json\/wp\/v2\/comments?post=974"}],"version-history":[{"count":10,"href":"https:\/\/blogs.urz.uni-halle.de\/halliteratur\/wp-json\/wp\/v2\/pages\/974\/revisions"}],"predecessor-version":[{"id":1046,"href":"https:\/\/blogs.urz.uni-halle.de\/halliteratur\/wp-json\/wp\/v2\/pages\/974\/revisions\/1046"}],"wp:attachment":[{"href":"https:\/\/blogs.urz.uni-halle.de\/halliteratur\/wp-json\/wp\/v2\/media?parent=974"}],"curies":[{"name":"wp","href":"https:\/\/api.w.org\/{rel}","templated":true}]}}