{"id":23,"date":"2024-07-11T16:09:23","date_gmt":"2024-07-11T14:09:23","guid":{"rendered":"https:\/\/blogs.urz.uni-halle.de\/halomem\/?page_id=23"},"modified":"2024-07-12T13:27:30","modified_gmt":"2024-07-12T11:27:30","slug":"international-meetings","status":"publish","type":"page","link":"https:\/\/blogs.urz.uni-halle.de\/halomem\/publications\/international-meetings\/","title":{"rendered":"International Meetings"},"content":{"rendered":"\n<p class=\"has-medium-font-size\"><strong><u>1. HALOmem International Meeting 2019 \u2013 Membrane protein structure and dynamics<\/u><\/strong><\/p>\n\n\n\n<p>The 1st<strong> \u201cHALOmem International Meeting \u2013 Membrane protein structure and dynamics\u201d <\/strong>was held from Thursday 14th to Friday 15th November 2019.<\/p>\n\n\n\n<p>There were sessions on membrane proteins, biological membranes and function at and across membranes. Furthermore, HALOmem presented its research in an additional session.<\/p>\n\n\n\n<figure class=\"wp-block-image size-large is-resized\"><img loading=\"lazy\" src=\"https:\/\/blogs.urz.uni-halle.de\/halomem\/files\/2024\/07\/InternMeeting2_2.jpg\" alt=\"\" class=\"wp-image-24\" width=\"412\" height=\"418\" srcset=\"https:\/\/blogs.urz.uni-halle.de\/halomem\/files\/2024\/07\/InternMeeting2_2.jpg 823w, https:\/\/blogs.urz.uni-halle.de\/halomem\/files\/2024\/07\/InternMeeting2_2-295x300.jpg 295w, https:\/\/blogs.urz.uni-halle.de\/halomem\/files\/2024\/07\/InternMeeting2_2-768x780.jpg 768w\" sizes=\"(max-width: 412px) 100vw, 412px\" \/><\/figure>\n\n\n\n<p class=\"has-medium-font-size\"><strong>Programme<\/strong><\/p>\n\n\n\n<p><strong>Confirmed speakers:<\/strong><\/p>\n\n\n\n<ul><li>Carol V. Robinson, GB<\/li><li>Christian L\u00f6w, DE<\/li><li>Lolita Piersimoni, USA<\/li><li>Adam Lange, DE<\/li><li>Petra Schwille, DE<\/li><li>Ori Avinoam, IL<\/li><li>Oscar Engberg, DE<\/li><li>Maria Hoernke, DE<\/li><li>Maria-Teresa Rhode, DE<\/li><li>Alfred Blume, DE<\/li><li>Mikio Tanabe, JP<\/li><li>Nina Morgner, DE<\/li><li>Matthias Reimers, DE<\/li><li>Robert Tamp\u00e9, DE<\/li><li>Lea Dietrich, DE<\/li><\/ul>\n\n\n\n<figure class=\"wp-block-image size-large is-resized\"><img loading=\"lazy\" src=\"https:\/\/blogs.urz.uni-halle.de\/halomem\/files\/2024\/07\/InterMeeting_Foto2.jpg\" alt=\"\" class=\"wp-image-25\" width=\"301\" height=\"238\" srcset=\"https:\/\/blogs.urz.uni-halle.de\/halomem\/files\/2024\/07\/InterMeeting_Foto2.jpg 601w, https:\/\/blogs.urz.uni-halle.de\/halomem\/files\/2024\/07\/InterMeeting_Foto2-300x238.jpg 300w\" sizes=\"(max-width: 301px) 100vw, 301px\" \/><\/figure>\n\n\n\n<p><strong>Venue <span class=\"amp\">&amp;<\/span> Location<\/strong><\/p>\n\n\n\n<p>Leibniz-Institut f\u00fcr Agrarentwicklung in Transformations\u00f6konomien (IAMO)<br>Theodor-Lieser-Stra\u00dfe 2<br>06120 Halle (Saale)<br>Germany<\/p>\n\n\n\n<p><strong>Contact<\/strong><\/p>\n\n\n\n<p><strong>Scientific organisation comitee:<\/strong><br>Milton Stubbs, Jochen Balbach, Kirsten Bacia, Panagiotis Kastritis, Carla Schmidt<\/p>\n\n\n\n<p><strong>Organisation comitee:<\/strong><br>Marie Dietze, Rositta Mothes, Ulla Niesbach-Kl\u00f6sgen<\/p>\n\n\n\n<p class=\"has-medium-font-size\"><strong><u>2. HALOmem International Meeting 2022 \u2013 Membrane protein structure and dynamics<\/u><\/strong><\/p>\n\n\n\n<p>Following the success of the first \u201cHALOmem International Meeting: Membrane protein structure and dynamics\u201d in 2019, the <strong>second meeting<\/strong> will be held from <strong>Thursday 15th to Friday 16th September 2022<\/strong>. There will be three sessions organised loosely into \u201cmembrane organisation\u201d, \u201cmembrane protein complexes\u201d and \u201cfunction at biological membranes\u201d. <\/p>\n\n\n\n<figure class=\"wp-block-image size-large is-resized\"><img loading=\"lazy\" src=\"https:\/\/blogs.urz.uni-halle.de\/halomem\/files\/2024\/07\/IntMeeting1_2.jpg\" alt=\"\" class=\"wp-image-26\" width=\"297\" height=\"425\" srcset=\"https:\/\/blogs.urz.uni-halle.de\/halomem\/files\/2024\/07\/IntMeeting1_2.jpg 593w, https:\/\/blogs.urz.uni-halle.de\/halomem\/files\/2024\/07\/IntMeeting1_2-209x300.jpg 209w\" sizes=\"(max-width: 297px) 100vw, 297px\" \/><\/figure>\n\n\n\n<p><strong>Venue <span class=\"amp\">&amp;<\/span> Location<\/strong><\/p>\n\n\n\n<p>Martin Luther University Halle-Wittenberg<\/p>\n\n\n\n<p>Weinberg Campus<\/p>\n\n\n\n<p>Von-Seckendorf-Platz 1<\/p>\n\n\n\n<p>Lecture hall 3.28<\/p>\n\n\n\n<p><strong>Contact<\/strong><\/p>\n\n\n\n<p><strong>Scientific organisation comitee:<\/strong><br>Milton Stubbs, Jochen Balbach, Kirsten Bacia, Panagiotis Kastritis, Carla Schmidt<\/p>\n\n\n\n<p><strong>Organisation comitee:<\/strong><br>Ulla Niesbach-Kl\u00f6sgen<\/p>\n","protected":false},"excerpt":{"rendered":"<p>1. HALOmem International Meeting 2019 \u2013 Membrane protein structure and dynamics The 1st \u201cHALOmem International Meeting \u2013 Membrane protein structure and dynamics\u201d was held from Thursday 14th to Friday 15th November 2019. There were sessions on membrane proteins, biological membranes and function at and across membranes. Furthermore, HALOmem presented its research in an additional session. [&hellip;]<\/p>\n","protected":false},"author":6144,"featured_media":0,"parent":28,"menu_order":1,"comment_status":"closed","ping_status":"closed","template":"","meta":[],"_links":{"self":[{"href":"https:\/\/blogs.urz.uni-halle.de\/halomem\/wp-json\/wp\/v2\/pages\/23"}],"collection":[{"href":"https:\/\/blogs.urz.uni-halle.de\/halomem\/wp-json\/wp\/v2\/pages"}],"about":[{"href":"https:\/\/blogs.urz.uni-halle.de\/halomem\/wp-json\/wp\/v2\/types\/page"}],"author":[{"embeddable":true,"href":"https:\/\/blogs.urz.uni-halle.de\/halomem\/wp-json\/wp\/v2\/users\/6144"}],"replies":[{"embeddable":true,"href":"https:\/\/blogs.urz.uni-halle.de\/halomem\/wp-json\/wp\/v2\/comments?post=23"}],"version-history":[{"count":1,"href":"https:\/\/blogs.urz.uni-halle.de\/halomem\/wp-json\/wp\/v2\/pages\/23\/revisions"}],"predecessor-version":[{"id":27,"href":"https:\/\/blogs.urz.uni-halle.de\/halomem\/wp-json\/wp\/v2\/pages\/23\/revisions\/27"}],"up":[{"embeddable":true,"href":"https:\/\/blogs.urz.uni-halle.de\/halomem\/wp-json\/wp\/v2\/pages\/28"}],"wp:attachment":[{"href":"https:\/\/blogs.urz.uni-halle.de\/halomem\/wp-json\/wp\/v2\/media?parent=23"}],"curies":[{"name":"wp","href":"https:\/\/api.w.org\/{rel}","templated":true}]}}