{"id":2,"date":"2021-02-18T10:40:47","date_gmt":"2021-02-18T09:40:47","guid":{"rendered":"https:\/\/blogs.urz.uni-halle.de\/heiraten\/?page_id=2"},"modified":"2021-03-10T14:04:36","modified_gmt":"2021-03-10T13:04:36","slug":"partner","status":"publish","type":"page","link":"https:\/\/blogs.urz.uni-halle.de\/heiraten\/partner\/","title":{"rendered":"Projektpartner"},"content":{"rendered":"\n<figure class=\"wp-block-table\"><table><tbody><tr><td><img class=\"wp-image-32\" width=\"100\" src=\"https:\/\/blogs.urz.uni-halle.de\/heiraten\/files\/2021\/02\/cg_logo.png\" alt=\"Logo Computergenealogie\" srcset=\"https:\/\/blogs.urz.uni-halle.de\/heiraten\/files\/2021\/02\/cg_logo.png 330w, https:\/\/blogs.urz.uni-halle.de\/heiraten\/files\/2021\/02\/cg_logo-300x251.png 300w\" sizes=\"(max-width: 330px) 100vw, 330px\" \/><\/td><td><a href=\"http:\/\/www.compgen.de\/\" data-type=\"URL\" data-id=\"http:\/\/www.compgen.de\/\">Verein f\u00fcr Computergenealogie<\/a><\/td><\/tr><tr><td><img class=\"wp-image-63\" width=\"100\" src=\"https:\/\/blogs.urz.uni-halle.de\/heiraten\/files\/2021\/03\/Landeskirchenarchiv.png\" alt=\"Landeskirchenarchiv\" srcset=\"https:\/\/blogs.urz.uni-halle.de\/heiraten\/files\/2021\/03\/Landeskirchenarchiv.png 176w, https:\/\/blogs.urz.uni-halle.de\/heiraten\/files\/2021\/03\/Landeskirchenarchiv-150x150.png 150w\" sizes=\"(max-width: 176px) 100vw, 176px\" \/><\/td><td><a href=\"https:\/\/www.landeskirchenarchiv-magdeburg.de\/\" data-type=\"URL\" data-id=\"https:\/\/www.landeskirchenarchiv-magdeburg.de\/\">Evangelisches Landeskirchenarchiv Mitteldeutschland<\/a><\/td><\/tr><tr><td><img class=\"wp-image-31\" width=\"100\" src=\"https:\/\/blogs.urz.uni-halle.de\/heiraten\/files\/2021\/02\/archion.jpg\" alt=\"Logo Archion\"><\/td><td><a href=\"https:\/\/www.archion.de\/\" data-type=\"URL\" data-id=\"https:\/\/www.archion.de\/\">Archion-Kirchbuchportal<\/a><\/td><\/tr><tr><td><img class=\"wp-image-33\" width=\"100\" src=\"https:\/\/blogs.urz.uni-halle.de\/heiraten\/files\/2021\/02\/Logo-Siegel-zentriert.jpg\" alt=\"Logo MLU Halle-Wittenberg\" srcset=\"https:\/\/blogs.urz.uni-halle.de\/heiraten\/files\/2021\/02\/Logo-Siegel-zentriert.jpg 1124w, https:\/\/blogs.urz.uni-halle.de\/heiraten\/files\/2021\/02\/Logo-Siegel-zentriert-300x203.jpg 300w, https:\/\/blogs.urz.uni-halle.de\/heiraten\/files\/2021\/02\/Logo-Siegel-zentriert-1024x693.jpg 1024w, https:\/\/blogs.urz.uni-halle.de\/heiraten\/files\/2021\/02\/Logo-Siegel-zentriert-768x520.jpg 768w\" sizes=\"(max-width: 1124px) 100vw, 1124px\" \/><\/td><td><a href=\"https:\/\/www.geschichte.uni-halle.de\/struktur\/ws\/\" data-type=\"URL\" data-id=\"https:\/\/www.geschichte.uni-halle.de\/struktur\/ws\/\">Professur f\u00fcr Wirtschafts- und Sozialgeschichte<\/a> der MLU Halle-Wittenberg (Prof. Dr. Georg Fertig und Moritz M\u00fcller)<\/td><\/tr><tr><td><img class=\"wp-image-62\" width=\"100\" src=\"https:\/\/blogs.urz.uni-halle.de\/heiraten\/files\/2021\/03\/histdata.jpg\" alt=\"Logo Historisches Datenzentrum Sachsen-Anhalt\"><\/td><td><a href=\"https:\/\/www.geschichte.uni-halle.de\/struktur\/hist-data\/\" data-type=\"URL\" data-id=\"https:\/\/www.geschichte.uni-halle.de\/struktur\/hist-data\/\">Historisches Datenzentrum Sachsen-Anhalt<\/a><\/td><\/tr><\/tbody><\/table><figcaption>Projektpartner<\/figcaption><\/figure>\n\n\n<p>Das Projekt lebt von einer breiten Beteiligung b\u00fcrgerwissenschaftlicher, wissenschaftlicher, kirchlicher und anderer institutioneller Vereine, Organisationen oder Einrichtungen. Daher konnten durch Vereinbarungen der Partnerinnen die Voraussetzungen zum Erfassungsprojekt durch die Verfilmung, Digitalisierung und webbasierte Bereitstellung der Hallischen Kirchenb\u00fccher geschaffen werden. Die Kirchenb\u00fccher der <a href=\"http:\/\/www.marktkirche-halle.de\/gemeinde\/aktuelles\/\">Marktgemeinde<\/a> (fr\u00fcher Mariengemeinde) sowie der Gemeinde <a href=\"https:\/\/www.kirchenkreis-halle-saalkreis.de\/kirchenkreis\/pfarrbereiche-kirchen-und-gemeinden\/evangeliumsgemeinde-st-georgen-kirche-glauchaer-str-77\/evangeliumsgemeinde-st-georgen-kirche-glauchaer-str-77\/\">St. Georgen<\/a> liegen heute in der <a href=\"http:\/\/www.verein-im-netz.de\/marienbibliothek-halle\/\">Marienbibliothek<\/a> der Stadt Halle (Saale). Sie wurden gemeinsam vom <a href=\"https:\/\/www.ekmd.de\/kirche\/landeskirchenarchive\/\">Evangelischen Landeskirchenarchiv Mitteldeutschland<\/a> verfilmt und dem <a href=\"https:\/\/www.geschichte.uni-halle.de\/struktur\/hist-data\/\">Historischen Datenzentrum Sachsen-Anhalt<\/a> digitalisiert. Hier erfolgte in den letzten Jahren auch die Aufnahme aller Tauf-, Heirats- und Sterberegister zwischen 1670 und 1820. Nun m\u00f6chten die <a href=\"https:\/\/www.geschichte.uni-halle.de\/struktur\/ws\/mitarbeiter\/\">Professur f\u00fcr Wirtschafts- und Sozialgeschichte<\/a> unter der Leitung von <a href=\"https:\/\/www.geschichte.uni-halle.de\/mitarbeiter\/fertig\/\">Prof. Dr. Georg Fertig<\/a> am Institut f\u00fcr Geschichte der Martin-Luther-Universit\u00e4t Halle-Wittenberg auch die Heiraten des 19. Jahrhunderts erfassen, um sie f\u00fcr ein Projekt von <a href=\"https:\/\/www.geschichte.uni-halle.de\/mitarbeiter\/mueller_wg\/\">Moritz M\u00fcller<\/a> zu den Heiratsnetzwerken auswertbar zu machen.<\/p>\n<p>Der <a href=\"https:\/\/www.compgen.de\/\">Verein f\u00fcr Computergenealogie<\/a> stellt mit seinen vielen Erfahrungen und digitalen Arbeitswerkzeugen das System &#8222;DES&#8220; zur Verf\u00fcgung, um gemeinsam die Kirchenbuchaufnahme zu erledigen. Das Portal <a href=\"https:\/\/www.archion.de\/\">Archion<\/a> wird sp\u00e4ter die Langzeitverf\u00fcgbarkeit der Quellen gew\u00e4hrleisten.<\/p>\n<p>Massendaten zu erheben, lebt vom Engagement der beteiligten Partner*innen. Wir freuen uns daher, dass sich ein breiter Kreis von Akteuren zusammengefunden hat, die unser Projekt unterst\u00fctzen. Wir bedanken uns daher bei unserem r\u00fchrigen Unterst\u00fctzernetzwerk.<\/p>\n\n\n<figure class=\"wp-block-table\"><table><tbody><tr><td><img class=\"wp-image-64\" width=\"100\" src=\"https:\/\/blogs.urz.uni-halle.de\/heiraten\/files\/2021\/03\/lhb_sigel.jpg\" alt=\"Logo Landesheimatbund\" srcset=\"https:\/\/blogs.urz.uni-halle.de\/heiraten\/files\/2021\/03\/lhb_sigel.jpg 2204w, https:\/\/blogs.urz.uni-halle.de\/heiraten\/files\/2021\/03\/lhb_sigel-300x265.jpg 300w, https:\/\/blogs.urz.uni-halle.de\/heiraten\/files\/2021\/03\/lhb_sigel-1024x904.jpg 1024w, https:\/\/blogs.urz.uni-halle.de\/heiraten\/files\/2021\/03\/lhb_sigel-768x678.jpg 768w, https:\/\/blogs.urz.uni-halle.de\/heiraten\/files\/2021\/03\/lhb_sigel-1536x1355.jpg 1536w, https:\/\/blogs.urz.uni-halle.de\/heiraten\/files\/2021\/03\/lhb_sigel-2048x1807.jpg 2048w\" sizes=\"(max-width: 2204px) 100vw, 2204px\" \/><\/td><td><a href=\"https:\/\/lhbsa.de\/angebot\/weiterbildungen\/ortschronisten\/\" data-type=\"URL\" data-id=\"https:\/\/lhbsa.de\/angebot\/weiterbildungen\/ortschronisten\/\">Landesheimatbund Sachsen-Anhalt<\/a> \u2013 John Palatini und Christian Marlow sowie allen Ortschronisten und Ortschronistinnen<\/td><\/tr><tr><td><img class=\"wp-image-65\" width=\"100\" src=\"https:\/\/blogs.urz.uni-halle.de\/heiraten\/files\/2021\/03\/Marienbibliothek_Exlibris.png\" alt=\"Ex libris Marienbibliothek\"><\/td><td><a href=\"http:\/\/www.verein-im-netz.de\/marienbibliothek-halle\/\" data-type=\"URL\" data-id=\"http:\/\/www.verein-im-netz.de\/marienbibliothek-halle\/\">Marienbibliothek Halle (Saale) <\/a>\u2013 Anke Fiebiger<\/td><\/tr><tr><td><img class=\"wp-image-67\" width=\"100\" src=\"https:\/\/blogs.urz.uni-halle.de\/heiraten\/files\/2021\/03\/Ekkehard.jpg\" alt=\"Logo Ekkehard e. V.\"><\/td><td><a href=\"http:\/\/www.verein-im-netz.de\/ekkehard\/\" data-type=\"URL\" data-id=\"http:\/\/www.verein-im-netz.de\/ekkehard\/\">Hallische Familienforscher Ekkehard e.V<\/a>. \u2013 Bernd Hofest\u00e4dt<\/td><\/tr><tr><td><img class=\"wp-image-68\" width=\"100\" src=\"https:\/\/blogs.urz.uni-halle.de\/heiraten\/files\/2021\/03\/Logo_Hiko.png\" alt=\"Logo\" srcset=\"https:\/\/blogs.urz.uni-halle.de\/heiraten\/files\/2021\/03\/Logo_Hiko.png 318w, https:\/\/blogs.urz.uni-halle.de\/heiraten\/files\/2021\/03\/Logo_Hiko-300x150.png 300w\" sizes=\"(max-width: 318px) 100vw, 318px\" \/><\/td><td><a href=\"https:\/\/www.historische-kommission-fuer-sachsen-anhalt.de\/\" data-type=\"URL\" data-id=\"https:\/\/www.historische-kommission-fuer-sachsen-anhalt.de\/\">Historische Kommission Sachsen-Anhalt<\/a><\/td><\/tr><tr><td><img class=\"wp-image-91\" width=\"100\" src=\"https:\/\/blogs.urz.uni-halle.de\/heiraten\/files\/2021\/03\/AMG_Logo.jpg\" alt=\"Arbeitsgemeinschaft Logo\" srcset=\"https:\/\/blogs.urz.uni-halle.de\/heiraten\/files\/2021\/03\/AMG_Logo.jpg 548w, https:\/\/blogs.urz.uni-halle.de\/heiraten\/files\/2021\/03\/AMG_Logo-300x149.jpg 300w\" sizes=\"(max-width: 548px) 100vw, 548px\" \/><\/td><td><a href=\"https:\/\/amf-verein.de\/\">Arbeitsgemeinschaft f\u00fcr mitteldeutsche Familienforschung e.V. <\/a>\u2013 Petra Seidemann<\/td><\/tr><tr><td><img class=\"wp-image-92\" width=\"100\" src=\"https:\/\/blogs.urz.uni-halle.de\/heiraten\/files\/2021\/03\/bsw.png\" alt=\"B\u00fcrger schaffen Wissen\"><\/td><td><a href=\"https:\/\/www.buergerschaffenwissen.de\/\">B\u00fcrger schaffen Wissen.<\/a> Plattform f\u00fcr Citizen Science<\/td><\/tr><tr><td><img class=\"wp-image-33\" width=\"100\" src=\"https:\/\/blogs.urz.uni-halle.de\/heiraten\/files\/2021\/02\/Logo-Siegel-zentriert.jpg\" alt=\"Logo MLU Halle-Wittenberg\" srcset=\"https:\/\/blogs.urz.uni-halle.de\/heiraten\/files\/2021\/02\/Logo-Siegel-zentriert.jpg 1124w, https:\/\/blogs.urz.uni-halle.de\/heiraten\/files\/2021\/02\/Logo-Siegel-zentriert-300x203.jpg 300w, https:\/\/blogs.urz.uni-halle.de\/heiraten\/files\/2021\/02\/Logo-Siegel-zentriert-1024x693.jpg 1024w, https:\/\/blogs.urz.uni-halle.de\/heiraten\/files\/2021\/02\/Logo-Siegel-zentriert-768x520.jpg 768w\" sizes=\"(max-width: 1124px) 100vw, 1124px\" \/><\/td><td><a href=\"https:\/\/www.pr.uni-halle.de\/\" data-type=\"URL\" data-id=\"https:\/\/www.pr.uni-halle.de\/\">Pressestelle der MLU Halle-Wittenberg<\/a><\/td><\/tr><tr><td><img class=\"wp-image-94\" width=\"100\" src=\"https:\/\/blogs.urz.uni-halle.de\/heiraten\/files\/2021\/03\/verein_stadtgeschichte.png\" alt=\"Verein f\u00fcr Stadtgeschichte \"><\/td><td><a href=\"https:\/\/www.stadtgeschichte-halle.de\/\" data-type=\"URL\" data-id=\"https:\/\/www.stadtgeschichte-halle.de\/\">Verein f\u00fcr hallische Stadtgeschichte<\/a><\/td><\/tr><tr><td><\/td><td><a href=\"https:\/\/archlsa.de\/\" data-type=\"URL\" data-id=\"https:\/\/archlsa.de\/\">Institut f\u00fcr Landesgeschichte, Landesamt f\u00fcr Denkmalpflege und Arch\u00e4ologie Sachsen-Anhalt<\/a> \u2013 Michael Hecht und Gerrit Deutschl\u00e4nder<\/td><\/tr><tr><td><img class=\"wp-image-94\" width=\"100\" src=\"https:\/\/blogs.urz.uni-halle.de\/heiraten\/files\/2021\/03\/FWA_Halle_2010_klein.jpg\" alt=\"Freiwilligen-Agentur Halle\"><\/td><td><a href=\"http:\/\/www.freiwilligen-agentur.de\/digital-engagiert\">Freiwilligen-Agentur Halle (Saale)<\/a>, Projekt: digital engagiert in Sachsen-Anhalt<\/td><\/tr><\/tbody><\/table><\/figure>\n","protected":false},"excerpt":{"rendered":"<p>Verein f\u00fcr Computergenealogie Evangelisches Landeskirchenarchiv Mitteldeutschland Archion-Kirchbuchportal Professur f\u00fcr Wirtschafts- und Sozialgeschichte der MLU Halle-Wittenberg (Prof. Dr. Georg Fertig und Moritz M\u00fcller) Historisches Datenzentrum Sachsen-Anhalt Projektpartner Das Projekt lebt von einer breiten Beteiligung b\u00fcrgerwissenschaftlicher, wissenschaftlicher, kirchlicher und anderer institutioneller Vereine, Organisationen oder Einrichtungen. Daher konnten durch Vereinbarungen der Partnerinnen die Voraussetzungen zum Erfassungsprojekt durch die [&hellip;]<\/p>\n","protected":false},"author":48,"featured_media":0,"parent":0,"menu_order":0,"comment_status":"closed","ping_status":"open","template":"","meta":{"ngg_post_thumbnail":0},"_links":{"self":[{"href":"https:\/\/blogs.urz.uni-halle.de\/heiraten\/wp-json\/wp\/v2\/pages\/2"}],"collection":[{"href":"https:\/\/blogs.urz.uni-halle.de\/heiraten\/wp-json\/wp\/v2\/pages"}],"about":[{"href":"https:\/\/blogs.urz.uni-halle.de\/heiraten\/wp-json\/wp\/v2\/types\/page"}],"author":[{"embeddable":true,"href":"https:\/\/blogs.urz.uni-halle.de\/heiraten\/wp-json\/wp\/v2\/users\/48"}],"replies":[{"embeddable":true,"href":"https:\/\/blogs.urz.uni-halle.de\/heiraten\/wp-json\/wp\/v2\/comments?post=2"}],"version-history":[{"count":10,"href":"https:\/\/blogs.urz.uni-halle.de\/heiraten\/wp-json\/wp\/v2\/pages\/2\/revisions"}],"predecessor-version":[{"id":105,"href":"https:\/\/blogs.urz.uni-halle.de\/heiraten\/wp-json\/wp\/v2\/pages\/2\/revisions\/105"}],"wp:attachment":[{"href":"https:\/\/blogs.urz.uni-halle.de\/heiraten\/wp-json\/wp\/v2\/media?parent=2"}],"curies":[{"name":"wp","href":"https:\/\/api.w.org\/{rel}","templated":true}]}}