{"id":79,"date":"2023-11-14T18:26:34","date_gmt":"2023-11-14T17:26:34","guid":{"rendered":"https:\/\/blogs.urz.uni-halle.de\/imostenvielneues\/?page_id=79"},"modified":"2023-12-08T16:44:41","modified_gmt":"2023-12-08T15:44:41","slug":"niksic","status":"publish","type":"page","link":"https:\/\/blogs.urz.uni-halle.de\/imostenvielneues\/niksic\/","title":{"rendered":"Nik\u0161i\u0107"},"content":{"rendered":"\t\t<div data-elementor-type=\"wp-page\" data-elementor-id=\"79\" class=\"elementor elementor-79\" data-elementor-settings=\"[]\">\n\t\t\t\t\t\t\t<div class=\"elementor-section-wrap\">\n\t\t\t\t\t\t\t<section class=\"elementor-section elementor-top-section elementor-element elementor-element-fffb227 elementor-section-boxed elementor-section-height-default elementor-section-height-default\" data-id=\"fffb227\" data-element_type=\"section\">\n\t\t\t\t\t\t<div class=\"elementor-container elementor-column-gap-default\">\n\t\t\t\t\t<div class=\"elementor-column elementor-col-33 elementor-top-column elementor-element elementor-element-16f56d4\" data-id=\"16f56d4\" data-element_type=\"column\">\n\t\t\t<div class=\"elementor-widget-wrap elementor-element-populated\">\n\t\t\t\t\t\t\t\t<div class=\"elementor-element elementor-element-cdd7c8e elementor-widget elementor-widget-heading\" data-id=\"cdd7c8e\" data-element_type=\"widget\" data-widget_type=\"heading.default\">\n\t\t\t\t<div class=\"elementor-widget-container\">\n\t\t\t<h2 class=\"elementor-heading-title elementor-size-default\"><a href=\"https:\/\/blogs.urz.uni-halle.de\/imostenvielneues\/gudrun-pausewang-valjda-sam-zaboravila-na-to\/\">Valjda sam zaboravila na to\n<\/a><\/h2>\t\t<\/div>\n\t\t\t\t<\/div>\n\t\t\t\t<div class=\"elementor-element elementor-element-ee5a849 elementor-widget elementor-widget-text-editor\" data-id=\"ee5a849\" data-element_type=\"widget\" data-widget_type=\"text-editor.default\">\n\t\t\t\t<div class=\"elementor-widget-container\">\n\t\t\t\t\t<div class=\"elementor-text-editor elementor-clearfix\"><p align=\"JUSTIFY\"><span lang=\"sr-RS\">Sestra i ja smo sjedjele, umotane u \u0107ebad, smrzavaju\u0107i se <\/span><span lang=\"sr-RS\">u <\/span><span lang=\"sr-RS\">gusti\u0161u smr\u010de sa razbaru\u0161enim pletenicama. Bilo je jutro 10. maja 1945, drugo jutro nakon obustave vatre. Rat se zavr\u0161io. Bilo nam je hladno. Bilo nas je strah &#8230;<\/span><\/p><\/div>\n\t\t\t\t<\/div>\n\t\t\t\t<\/div>\n\t\t\t\t\t<\/div>\n\t\t<\/div>\n\t\t\t\t<div class=\"elementor-column elementor-col-33 elementor-top-column elementor-element elementor-element-959c250\" data-id=\"959c250\" data-element_type=\"column\">\n\t\t\t<div class=\"elementor-widget-wrap\">\n\t\t\t\t\t\t\t\t\t<\/div>\n\t\t<\/div>\n\t\t\t\t<div class=\"elementor-column elementor-col-33 elementor-top-column elementor-element elementor-element-d8e2cd7\" data-id=\"d8e2cd7\" data-element_type=\"column\">\n\t\t\t<div class=\"elementor-widget-wrap elementor-element-populated\">\n\t\t\t\t\t\t\t\t<div class=\"elementor-element elementor-element-23d617e elementor-widget elementor-widget-heading\" data-id=\"23d617e\" data-element_type=\"widget\" data-widget_type=\"heading.default\">\n\t\t\t\t<div class=\"elementor-widget-container\">\n\t\t\t<h2 class=\"elementor-heading-title elementor-size-default\"><a href=\"https:\/\/blogs.urz.uni-halle.de\/imostenvielneues\/gudrun-pausewang-so-schoen-war-der-tag-im-september\/\">Tako je lijep bio taj septembarski dan<\/a><\/h2>\t\t<\/div>\n\t\t\t\t<\/div>\n\t\t\t\t<div class=\"elementor-element elementor-element-7aef77e elementor-widget elementor-widget-text-editor\" data-id=\"7aef77e\" data-element_type=\"widget\" data-widget_type=\"text-editor.default\">\n\t\t\t\t<div class=\"elementor-widget-container\">\n\t\t\t\t\t<div class=\"elementor-text-editor elementor-clearfix\"><p>Tokom posljednjeg rata i\u0161la sam u \u017eensku gimnaziju u malom gradu koji se nalazio u planinskom vijencu Hrubi Jesenjik. Imala sam dvanaest godina, dakle sedmi razred. Bilo je to malo odjeljenje; samo trinaest u\u010denica &#8230;<\/p><\/div>\n\t\t\t\t<\/div>\n\t\t\t\t<\/div>\n\t\t\t\t\t<\/div>\n\t\t<\/div>\n\t\t\t\t\t\t\t<\/div>\n\t\t<\/section>\n\t\t\t\t<section class=\"elementor-section elementor-top-section elementor-element elementor-element-eab2359 elementor-section-boxed elementor-section-height-default elementor-section-height-default\" data-id=\"eab2359\" data-element_type=\"section\">\n\t\t\t\t\t\t<div class=\"elementor-container elementor-column-gap-default\">\n\t\t\t\t\t<div class=\"elementor-column elementor-col-33 elementor-top-column elementor-element elementor-element-60f22b1\" data-id=\"60f22b1\" data-element_type=\"column\">\n\t\t\t<div class=\"elementor-widget-wrap elementor-element-populated\">\n\t\t\t\t\t\t\t\t<div class=\"elementor-element elementor-element-0e3a1f0 elementor-widget elementor-widget-spacer\" data-id=\"0e3a1f0\" data-element_type=\"widget\" data-widget_type=\"spacer.default\">\n\t\t\t\t<div class=\"elementor-widget-container\">\n\t\t\t\t\t<div class=\"elementor-spacer\">\n\t\t\t<div class=\"elementor-spacer-inner\"><\/div>\n\t\t<\/div>\n\t\t\t\t<\/div>\n\t\t\t\t<\/div>\n\t\t\t\t<div class=\"elementor-element elementor-element-88ad1e1 elementor-widget elementor-widget-heading\" data-id=\"88ad1e1\" data-element_type=\"widget\" data-widget_type=\"heading.default\">\n\t\t\t\t<div class=\"elementor-widget-container\">\n\t\t\t<h2 class=\"elementor-heading-title elementor-size-default\"><a href=\"https:\/\/blogs.urz.uni-halle.de\/imostenvielneues\/kirsten-boje-ne-placi-jos-si-ziv\/\">Ne pla\u010di, jo\u0161 si \u017eiv\u200b<\/a><\/h2>\t\t<\/div>\n\t\t\t\t<\/div>\n\t\t\t\t<div class=\"elementor-element elementor-element-46d3270 elementor-widget elementor-widget-text-editor\" data-id=\"46d3270\" data-element_type=\"widget\" data-widget_type=\"text-editor.default\">\n\t\t\t\t<div class=\"elementor-widget-container\">\n\t\t\t\t\t<div class=\"elementor-text-editor elementor-clearfix\"><p><span lang=\"hr-HR\">Jakob se prisje\u0107a kako je njegov otac dobio obavje\u0161tenje. Njegov otac! On je poticao iz duge linije \u010distokrvnih Njemaca! Ipak, sada je bio o\u017eenjen Jevrejkom.<br \/>O tome je trebalo da razmi\u0161lja janije. Pismo je stiglo na jesen. Organizacija Tot, bataljon za ra\u0161\u010di\u0161\u0107avanje ru\u0161evina &#8230; <\/span><\/p><\/div>\n\t\t\t\t<\/div>\n\t\t\t\t<\/div>\n\t\t\t\t\t<\/div>\n\t\t<\/div>\n\t\t\t\t<div class=\"elementor-column elementor-col-33 elementor-top-column elementor-element elementor-element-2497453\" data-id=\"2497453\" data-element_type=\"column\">\n\t\t\t<div class=\"elementor-widget-wrap\">\n\t\t\t\t\t\t\t\t\t<\/div>\n\t\t<\/div>\n\t\t\t\t<div class=\"elementor-column elementor-col-33 elementor-top-column elementor-element elementor-element-2547c10\" data-id=\"2547c10\" data-element_type=\"column\">\n\t\t\t<div class=\"elementor-widget-wrap elementor-element-populated\">\n\t\t\t\t\t\t\t\t<div class=\"elementor-element elementor-element-9c55b21 elementor-widget elementor-widget-spacer\" data-id=\"9c55b21\" data-element_type=\"widget\" data-widget_type=\"spacer.default\">\n\t\t\t\t<div class=\"elementor-widget-container\">\n\t\t\t\t\t<div class=\"elementor-spacer\">\n\t\t\t<div class=\"elementor-spacer-inner\"><\/div>\n\t\t<\/div>\n\t\t\t\t<\/div>\n\t\t\t\t<\/div>\n\t\t\t\t<div class=\"elementor-element elementor-element-d18aa77 elementor-widget elementor-widget-heading\" data-id=\"d18aa77\" data-element_type=\"widget\" data-widget_type=\"heading.default\">\n\t\t\t\t<div class=\"elementor-widget-container\">\n\t\t\t<h2 class=\"elementor-heading-title elementor-size-default\"><a href=\"https:\/\/blogs.urz.uni-halle.de\/imostenvielneues\/dirk-reinhardt-preko-brda-i-preko-mora\/\">Preko brda i preko mora<\/a><\/h2>\t\t<\/div>\n\t\t\t\t<\/div>\n\t\t\t\t<div class=\"elementor-element elementor-element-d8a883a elementor-widget elementor-widget-text-editor\" data-id=\"d8a883a\" data-element_type=\"widget\" data-widget_type=\"text-editor.default\">\n\t\t\t\t<div class=\"elementor-widget-container\">\n\t\t\t\t\t<div class=\"elementor-text-editor elementor-clearfix\"><p align=\"JUSTIFY\"><span lang=\"sr-RS\">,,Usporavaju\u201c, ka\u017ee Tarekov otac. ,,Vagon ispred se zaustavlja. Ne vidim za\u0161to, nema prepreka. Sada se zaustavljaju i ostali.\u201c\u00a0<\/span><span lang=\"sr-RS\"> ,,Vidim\u201c, ka\u017ee A\u0161kan. ,,Cijeli voz staje. Neki naprijed izlaze, zar ne?\u201c ,,Da.\u201c Tarekov otac okre\u0107e to\u010dki\u0107 na dvogledu &#8230;<br \/><\/span><\/p><\/div>\n\t\t\t\t<\/div>\n\t\t\t\t<\/div>\n\t\t\t\t\t<\/div>\n\t\t<\/div>\n\t\t\t\t\t\t\t<\/div>\n\t\t<\/section>\n\t\t\t\t\t\t<\/div>\n\t\t\t\t\t<\/div>\n\t\t","protected":false},"excerpt":{"rendered":"<p>Valjda sam zaboravila na to Sestra i ja smo sjedjele, umotane u \u0107ebad, smrzavaju\u0107i se u gusti\u0161u smr\u010de sa razbaru\u0161enim pletenicama. Bilo je jutro 10. maja 1945, drugo jutro nakon obustave vatre. Rat se zavr\u0161io. Bilo nam je hladno. Bilo nas je strah &#8230; Tako je lijep bio taj septembarski dan Tokom posljednjeg rata i\u0161la [&hellip;]<\/p>\n","protected":false},"author":5961,"featured_media":0,"parent":0,"menu_order":0,"comment_status":"closed","ping_status":"closed","template":"","meta":[],"_links":{"self":[{"href":"https:\/\/blogs.urz.uni-halle.de\/imostenvielneues\/wp-json\/wp\/v2\/pages\/79"}],"collection":[{"href":"https:\/\/blogs.urz.uni-halle.de\/imostenvielneues\/wp-json\/wp\/v2\/pages"}],"about":[{"href":"https:\/\/blogs.urz.uni-halle.de\/imostenvielneues\/wp-json\/wp\/v2\/types\/page"}],"author":[{"embeddable":true,"href":"https:\/\/blogs.urz.uni-halle.de\/imostenvielneues\/wp-json\/wp\/v2\/users\/5961"}],"replies":[{"embeddable":true,"href":"https:\/\/blogs.urz.uni-halle.de\/imostenvielneues\/wp-json\/wp\/v2\/comments?post=79"}],"version-history":[{"count":7,"href":"https:\/\/blogs.urz.uni-halle.de\/imostenvielneues\/wp-json\/wp\/v2\/pages\/79\/revisions"}],"predecessor-version":[{"id":603,"href":"https:\/\/blogs.urz.uni-halle.de\/imostenvielneues\/wp-json\/wp\/v2\/pages\/79\/revisions\/603"}],"wp:attachment":[{"href":"https:\/\/blogs.urz.uni-halle.de\/imostenvielneues\/wp-json\/wp\/v2\/media?parent=79"}],"curies":[{"name":"wp","href":"https:\/\/api.w.org\/{rel}","templated":true}]}}