{"id":2,"date":"2021-09-17T11:25:16","date_gmt":"2021-09-17T09:25:16","guid":{"rendered":"https:\/\/blogs.urz.uni-halle.de\/instrument2021\/?page_id=2"},"modified":"2021-11-11T10:41:02","modified_gmt":"2021-11-11T09:41:02","slug":"programm","status":"publish","type":"page","link":"https:\/\/blogs.urz.uni-halle.de\/instrument2021\/programm\/","title":{"rendered":"Programm"},"content":{"rendered":"\n<div style=\"height:20px\" aria-hidden=\"true\" class=\"wp-block-spacer\"><\/div>\n\n\n\n<p>(Es handelt sich um ein vorl\u00e4ufiges Programm. Stand 13.10.2021)<\/p>\n\n\n\n<h2>Freitag, 12.11.2021<\/h2>\n\n\n\n<div class=\"wp-block-columns\">\n<div class=\"wp-block-column\" style=\"flex-basis:20%\">\n<p>12:00 \u2013 13:00<\/p>\n<\/div>\n\n\n\n<div class=\"wp-block-column\" style=\"flex-basis:79%\">\n<p>Ankunft<\/p>\n<\/div>\n<\/div>\n\n\n\n<div class=\"wp-block-columns\">\n<div class=\"wp-block-column\" style=\"flex-basis:20%\">\n<p>14:00 \u2013 14:30<\/p>\n<\/div>\n\n\n\n<div class=\"wp-block-column\" style=\"flex-basis:79%\">\n<p>Gru\u00dfwort <strong>Golo F\u00f6llmer<\/strong>, <br>Einf\u00fchrung <strong>Johanna Imm<\/strong> &amp; <strong>Alan van Keeken<\/strong><\/p>\n<\/div>\n<\/div>\n\n\n\n<div class=\"wp-block-columns\">\n<div class=\"wp-block-column\" style=\"flex-basis:20%\">\n<p>14:30 \u2013 15:15<\/p>\n<\/div>\n\n\n\n<div class=\"wp-block-column\" style=\"flex-basis:79%\">\n<p><strong>Katharina Preller: <\/strong><em>Instrumentenkunde und Materialit\u00e4t<\/em><\/p>\n<\/div>\n<\/div>\n\n\n\n<div class=\"wp-block-columns\">\n<div class=\"wp-block-column\" style=\"flex-basis:20%\">\n<p>15:15 \u2013 16:00<\/p>\n<\/div>\n\n\n\n<div class=\"wp-block-column\" style=\"flex-basis:79%\">\n<p><strong>Elisabeth Magesacher<\/strong>: <em>Feldforschen in Musikausstellungen. Eine methodologische Reflexion.<\/em><\/p>\n<\/div>\n<\/div>\n\n\n\n<div class=\"wp-block-columns\">\n<div class=\"wp-block-column\" style=\"flex-basis:20%\">\n<p>16:00 \u2013 16:30<\/p>\n<\/div>\n\n\n\n<div class=\"wp-block-column\" style=\"flex-basis:79%\">\n<p>Kaffeepause<\/p>\n<\/div>\n<\/div>\n\n\n\n<div class=\"wp-block-columns\">\n<div class=\"wp-block-column\" style=\"flex-basis:20%\">\n<p>16:30 \u2013 18:00<\/p>\n<\/div>\n\n\n\n<div class=\"wp-block-column\" style=\"flex-basis:79%\">\n<p>Museumsbesuch im H\u00e4ndelhaus<\/p>\n<\/div>\n<\/div>\n\n\n\n<div class=\"wp-block-columns\">\n<div class=\"wp-block-column\" style=\"flex-basis:20%\">\n<p>danach<\/p>\n<\/div>\n\n\n\n<div class=\"wp-block-column\" style=\"flex-basis:79%\">\n<p>gemeinsames Abendessen<\/p>\n<\/div>\n<\/div>\n\n\n\n<div style=\"height:20px\" aria-hidden=\"true\" class=\"wp-block-spacer\"><\/div>\n\n\n\n<h2>Samstag, 13.11.2021<\/h2>\n\n\n\n<div class=\"wp-block-columns\">\n<div class=\"wp-block-column\" style=\"flex-basis:20%\">\n<p>10:00 \u2013 10:15<\/p>\n<\/div>\n\n\n\n<div class=\"wp-block-column\" style=\"flex-basis:79%\">\n<p>Einf\u00fchrung<\/p>\n<\/div>\n<\/div>\n\n\n\n<div class=\"wp-block-columns\">\n<div class=\"wp-block-column\" style=\"flex-basis:20%\">\n<p>10:15 \u2013 11:00<\/p>\n<\/div>\n\n\n\n<div class=\"wp-block-column\" style=\"flex-basis:79%\">\n<p><strong>Benedikt Brilmayer<\/strong>: <em>Zum Sammeln und Bewahren von&nbsp;Mellotrons<\/em><\/p>\n<\/div>\n<\/div>\n\n\n\n<div class=\"wp-block-columns\">\n<div class=\"wp-block-column\" style=\"flex-basis:20%\">\n<p>11:00 \u2013 11:45<\/p>\n<\/div>\n\n\n\n<div class=\"wp-block-column\" style=\"flex-basis:79%\">\n<p><strong>Christina D\u00f6rfling<\/strong>: <em>Vom Spannungsschutz zum Thyratron \u2013 das Schaltungsdesign des Trautoniums (1928 \u2013 1932)<\/em><\/p>\n<\/div>\n<\/div>\n\n\n\n<div class=\"wp-block-columns\">\n<div class=\"wp-block-column\" style=\"flex-basis:20%\">\n<p>11:45 \u2013 12:00<\/p>\n<\/div>\n\n\n\n<div class=\"wp-block-column\" style=\"flex-basis:79%\">\n<p>Kaffeepause<\/p>\n<\/div>\n<\/div>\n\n\n\n<div class=\"wp-block-columns\">\n<div class=\"wp-block-column\" style=\"flex-basis:20%\">\n<p>12:00 \u2013 12:45<\/p>\n<\/div>\n\n\n\n<div class=\"wp-block-column\" style=\"flex-basis:79%\">\n<p><strong>Nina D\u00fcvel<\/strong>: <em>Unterscheidbarkeit der Klangquellen: Hardware-Gitarrenverst\u00e4rker vs. Simulationen durch den Kemper Profiling Amp<\/em><\/p>\n<\/div>\n<\/div>\n\n\n\n<div class=\"wp-block-columns\">\n<div class=\"wp-block-column\" style=\"flex-basis:20%\">\n<p>12:45 \u2013 14:15<\/p>\n<\/div>\n\n\n\n<div class=\"wp-block-column\" style=\"flex-basis:79%\">\n<p>Mittagspause<\/p>\n<\/div>\n<\/div>\n\n\n\n<div class=\"wp-block-columns\">\n<div class=\"wp-block-column\" style=\"flex-basis:20%\">\n<p>14:15 \u2013 15:45<\/p>\n<\/div>\n\n\n\n<div class=\"wp-block-column\" style=\"flex-basis:79%\">\n<p><strong>WORKSHOP SESSION I<\/strong><\/p>\n<\/div>\n<\/div>\n\n\n\n<div class=\"wp-block-columns\">\n<div class=\"wp-block-column\" style=\"flex-basis:20%\">\n<p><\/p>\n<\/div>\n\n\n\n<div class=\"wp-block-column\" style=\"flex-basis:79%\">\n<p><strong>Sarah Schauberger<\/strong>: <em>Dinge erfahren \u2013 ethnographisches Schreiben als Instrument der materiellen Kulturforschung<\/em><\/p>\n<\/div>\n<\/div>\n\n\n\n<div class=\"wp-block-columns\">\n<div class=\"wp-block-column\" style=\"flex-basis:20%\">\n<p><\/p>\n<\/div>\n\n\n\n<div class=\"wp-block-column\" style=\"flex-basis:79%\">\n<p><strong>Carsten Wernicke<\/strong>: <em>Musikalische Interface-Designs aus artefaktanalytischer Sicht<\/em><\/p>\n<\/div>\n<\/div>\n\n\n\n<div class=\"wp-block-columns\">\n<div class=\"wp-block-column\" style=\"flex-basis:20%\">\n<p>15:45 \u2013 16:00<\/p>\n<\/div>\n\n\n\n<div class=\"wp-block-column\" style=\"flex-basis:79%\">\n<p>Kaffeepause<\/p>\n<\/div>\n<\/div>\n\n\n\n<div class=\"wp-block-columns\">\n<div class=\"wp-block-column\" style=\"flex-basis:20%\">\n<p>16:00 \u2013 17:30<\/p>\n<\/div>\n\n\n\n<div class=\"wp-block-column\" style=\"flex-basis:79%\">\n<p>Postersession<\/p>\n<\/div>\n<\/div>\n\n\n\n<div class=\"wp-block-columns\">\n<div class=\"wp-block-column\" style=\"flex-basis:20%\">\n<p>18:00 \u2013 19:00<\/p>\n<\/div>\n\n\n\n<div class=\"wp-block-column\" style=\"flex-basis:79%\">\n<p>F\u00fchrung Dom und Orgel<\/p>\n<\/div>\n<\/div>\n\n\n\n<div class=\"wp-block-columns\">\n<div class=\"wp-block-column\" style=\"flex-basis:20%\">\n<p>ab 19:00<\/p>\n<\/div>\n\n\n\n<div class=\"wp-block-column\" style=\"flex-basis:79%\">\n<p>gemeinsames Abendessen<\/p>\n<\/div>\n<\/div>\n\n\n\n<div style=\"height:20px\" aria-hidden=\"true\" class=\"wp-block-spacer\"><\/div>\n\n\n\n<h2>Sonntag, 14.11.2021<\/h2>\n\n\n\n<div class=\"wp-block-columns\">\n<div class=\"wp-block-column\" style=\"flex-basis:20%\">\n<p>10:00 \u2013 10:15<\/p>\n<\/div>\n\n\n\n<div class=\"wp-block-column\" style=\"flex-basis:79%\">\n<p>Einf\u00fchrung<\/p>\n<\/div>\n<\/div>\n\n\n\n<div class=\"wp-block-columns\">\n<div class=\"wp-block-column\" style=\"flex-basis:20%\">\n<p>10:15 \u2013 11:45<\/p>\n<\/div>\n\n\n\n<div class=\"wp-block-column\" style=\"flex-basis:79%\">\n<p><strong>WORKSHOP SESSION II<\/strong><\/p>\n<\/div>\n<\/div>\n\n\n\n<div class=\"wp-block-columns\">\n<div class=\"wp-block-column\" style=\"flex-basis:20%\">\n<p><\/p>\n<\/div>\n\n\n\n<div class=\"wp-block-column\" style=\"flex-basis:79%\">\n<p><strong>Sarah-Indriyati Hardjowirogo\/Malte Pelleter<\/strong>: <em>16 Levels of Instrumentality. Die Samplepad-Matrix als Diskussionsraum der Instrumentenforschung<\/em><\/p>\n<\/div>\n<\/div>\n\n\n\n<div class=\"wp-block-columns\">\n<div class=\"wp-block-column\" style=\"flex-basis:20%\">\n<p><\/p>\n<\/div>\n\n\n\n<div class=\"wp-block-column\" style=\"flex-basis:79%\">\n<p><strong>Johanna Imm<\/strong>: <em>Das Gender-Skript der Designforschung als Perspektive auf materielle Kultur und Musik. Eine Deutungswerkstatt<\/em><\/p>\n<\/div>\n<\/div>\n\n\n\n<div class=\"wp-block-columns\">\n<div class=\"wp-block-column\" style=\"flex-basis:20%\">\n<p>11:45 \u2013 12:30<\/p>\n<\/div>\n\n\n\n<div class=\"wp-block-column\" style=\"flex-basis:79%\">\n<p><strong>Parang Farazamand<\/strong>: <em>The Kurdish Musical Instruments:Typology of the Kurdish Musical Instruments, and Gender in the Structures of Instruments<\/em><\/p>\n<\/div>\n<\/div>\n\n\n\n<div class=\"wp-block-columns\">\n<div class=\"wp-block-column\" style=\"flex-basis:20%\">\n<p>12:30 \u2013 13:15<\/p>\n<\/div>\n\n\n\n<div class=\"wp-block-column\" style=\"flex-basis:79%\">\n<p><strong>Leendert van der Miesen<\/strong>: <em>Instruments between Nature and Art: The Case of the Trumpet (1636)<\/em><\/p>\n<\/div>\n<\/div>\n\n\n\n<div class=\"wp-block-columns\">\n<div class=\"wp-block-column\" style=\"flex-basis:20%\">\n<p>13:30<\/p>\n<\/div>\n\n\n\n<div class=\"wp-block-column\" style=\"flex-basis:79%\">\n<p>Abschluss und Abreise<\/p>\n<\/div>\n<\/div>\n","protected":false},"excerpt":{"rendered":"<p>(Es handelt sich um ein vorl\u00e4ufiges Programm. Stand 13.10.2021) Freitag, 12.11.2021 12:00 \u2013 13:00 Ankunft 14:00 \u2013 14:30 Gru\u00dfwort Golo F\u00f6llmer, Einf\u00fchrung Johanna Imm &amp; Alan van Keeken 14:30 \u2013 15:15 Katharina Preller: Instrumentenkunde und Materialit\u00e4t 15:15 \u2013 16:00 Elisabeth <a class=\"more-link\" href=\"https:\/\/blogs.urz.uni-halle.de\/instrument2021\/programm\/\">weiterlesen  <span class=\"screen-reader-text\">  Programm<\/span><span class=\"meta-nav\">&rarr;<\/span><\/a><\/p>\n","protected":false},"author":5164,"featured_media":0,"parent":0,"menu_order":0,"comment_status":"closed","ping_status":"open","template":"","meta":[],"_links":{"self":[{"href":"https:\/\/blogs.urz.uni-halle.de\/instrument2021\/wp-json\/wp\/v2\/pages\/2"}],"collection":[{"href":"https:\/\/blogs.urz.uni-halle.de\/instrument2021\/wp-json\/wp\/v2\/pages"}],"about":[{"href":"https:\/\/blogs.urz.uni-halle.de\/instrument2021\/wp-json\/wp\/v2\/types\/page"}],"author":[{"embeddable":true,"href":"https:\/\/blogs.urz.uni-halle.de\/instrument2021\/wp-json\/wp\/v2\/users\/5164"}],"replies":[{"embeddable":true,"href":"https:\/\/blogs.urz.uni-halle.de\/instrument2021\/wp-json\/wp\/v2\/comments?post=2"}],"version-history":[{"count":10,"href":"https:\/\/blogs.urz.uni-halle.de\/instrument2021\/wp-json\/wp\/v2\/pages\/2\/revisions"}],"predecessor-version":[{"id":108,"href":"https:\/\/blogs.urz.uni-halle.de\/instrument2021\/wp-json\/wp\/v2\/pages\/2\/revisions\/108"}],"wp:attachment":[{"href":"https:\/\/blogs.urz.uni-halle.de\/instrument2021\/wp-json\/wp\/v2\/media?parent=2"}],"curies":[{"name":"wp","href":"https:\/\/api.w.org\/{rel}","templated":true}]}}