{"id":15,"date":"2019-10-13T22:58:40","date_gmt":"2019-10-13T20:58:40","guid":{"rendered":"https:\/\/blogs.urz.uni-halle.de\/itsgonnabeokay\/?page_id=15"},"modified":"2019-10-29T18:17:12","modified_gmt":"2019-10-29T17:17:12","slug":"silke-schuetze","status":"publish","type":"page","link":"https:\/\/blogs.urz.uni-halle.de\/itsgonnabeokay\/protagonisten\/silke-schuetze\/","title":{"rendered":"Silke Sch\u00fctze"},"content":{"rendered":"<p><img loading=\"lazy\" class=\"alignleft wp-image-93\" src=\"https:\/\/blogs.urz.uni-halle.de\/itsgonnabeokay\/files\/2019\/10\/IMG_20191029_135629-e1572369343760.jpg\" alt=\"\" width=\"250\" height=\"333\" \/>Die 25-j\u00e4hrige Sekret\u00e4rin <strong>Silke Sch\u00fctze<\/strong> lebt zu zweit mit ihrem Freund Maik zusammen. Die beiden<br \/>\nsind seit sechs Jahren ein Paar und sind vor drei ein-halb Jahren gemeinsam in eine kleine Wohnung gezogen. Diese h\u00e4lt Silke stets sauber und aufger\u00e4umt. Sie ist ein sehr ordentlicher Mensch, was sich auch an ihrem \u00c4u\u00dferen zeigt. Sie tr\u00e4gt eine Brille, hat langes gek\u00e4mmtes blondes Haar und ist sehr klein f\u00fcr ihr Alter. Im Alltag tr\u00e4gt sie fast ausschlie\u00dflich Blusen, entsprechend ihres Jobs im B\u00fcro. Die<br \/>\nAusbildung als Industriekauffrau hat sie nach ihrem Schulabschluss der Hochschulreife begonnen und ist seitdem in dem Betrieb geblieben. Silke mag ihren Beruf und f\u00fchlt sich unter ihren Arbeitskollegen sehr wohl.<\/p>\n<p>Ihren Partner lernte sie ebenfalls dort kennen. Als Postbote liefert Maik die Pakete und Briefe an Silkes Arbeitsstelle. Neben ihren Hobbies, dem Lesen oder dem Spazierengehen, ist Maik das Gr\u00f6\u00dfte f\u00fcr Silke. Wie am ersten Tag sind die beiden ineinander verliebt und zeigen dies dem jeweiligen anderen. Maik bem\u00fcht sich stets durch allt\u00e4gliche Gesten, wie Fr\u00fchst\u00fcck im Bett oder kleine Geschenke, Silke gl\u00fccklich zu machen. Das gelingt ihm sehr gut, denn Silke ist bereit alles f\u00fcr ihn zu tun. Der einzige Konfliktpunkt in ihrer Beziehung ist Silkes Nikotinabh\u00e4ngigkeit.<\/p>\n<p>Mit 13 Jahren rauchte sie ihre erste Zigarette und fand seitdem schon immer Gefallen an dem Gef\u00fchl, welches die kleinen Tabakst\u00e4bchen in ihr ausl\u00f6sten. Aus ein paar Mal rauchen zu gegebenen Anl\u00e4ssen wurden ein paar Zigaretten in der Woche, bis hin zu fast einer Schachtel am Tag. Maik konnte noch nie was an Nikotin abgewinnen und versuchte anfangs seiner Freundin die Zigaretten auszureden. Es folgten dutzende<br \/>\nDiskussionen und Streits und ihre Partnerschaft stand mehr als einmal auf der Kippe. Mit der Zeit gab Maik allerdings auf und respektierte die Gewohnheiten Silkes. Er fand ihr Rauchen zwar nicht gut und unterst\u00fctzte sie in keinem Fall, erkannte jedoch wie zufrieden und ausgeglichen seine Freundin Zug f\u00fcr Zug wurde. Mit der Zeit begleiteten allerdings Hustenanf\u00e4lle und Atemnot Silkes Alltag, welche mit jeder Zigarette schlimmer wurden. Sie versuchte sich vor Maik nichts anmerken zu lassen und ihren gesundheitlichen Zustand so gut es geht vor ihm zu verbergen. Als die Beschwerden jedoch immer intensiver wurden und Silke ihre Anf\u00e4lle nicht mehr verheimlichen konnte, machte sich Maik gro\u00dfe Sorgen. Beide wussten insgeheim die Ursache f\u00fcr Silkes Erkrankungen, sprachen das Thema aber nicht an, zu gro\u00df war die Angst vor den Konsequenzen und den alten Gef\u00fchlen, die Silkes Abh\u00e4ngigkeit schon so oft mit sich brachte. Auf Maiks wiederholter Bitte sich doch zum Arzt zu begeben, gab Silke nach und erhielt eine schockierende Diagnose. Im Alter von 24 Jahren erkrankte sie an Chronischer Bronchitis. F\u00fcr Silke war das unverst\u00e4ndlich und ihre Welt \u00e4nderte sich schlagartig. Von einen auf den anderen Tag erkannte sie die Folgen ihrer Sucht und versuchte ihren Konsum zu beenden. Aus der t\u00e4glichen Schachtel wurde wieder nur noch eine pro Woche, bis hin zu einer pro Monat. Maik unterst\u00fctzt sie wo er kann und macht ihr keine Vorw\u00fcrfe.<\/p>\n<p>Die gr\u00f6\u00dfte Hilfe findet Silke in der Chatselbsthilfegruppe <em>Wir helfen uns<\/em>, zu der ihr behandelnder Arzt sie nach der Diagnose hinzugef\u00fcgt hat. Durch die Erfahrungsberichte anderer Teilnehmer erkennt Silke wie ernst ihr Problem ist. Vor einigen Monaten warf sie die letzte angefangene Schachtel Zigaretten weg und raucht seitdem nicht mehr. Die regelm\u00e4\u00dfige Kommunikation in der Chatgruppe geh\u00f6rt von nun zu ihrem Alltag dazu. Maik gibt sich noch mehr M\u00fche Silke so gut es geht abzulenken und k\u00fcmmert sich liebevoll um sie. Der Husten<br \/>\nverschwand allerdings nicht und Silke merkt, wie sie k\u00f6rperlich immer schw\u00e4cher wird. Jede T\u00e4tigkeit, die sie fr\u00fcher mit Leichtigkeit aus\u00fcbte, f\u00e4llt ihr schwerer. Auch ihre Laune leidet unter ihrem Verzicht. Den Drang zu rauchen, konnte sie nie richtig ablegen.<\/p>\n<p>Das Zittern, das sie seit ihrer letzten Zigarette begleitet, erinnert sie t\u00e4glich an das erleichternde Gef\u00fchl, das sie vor ein paar Monaten noch versp\u00fcrte. Sie wei\u00df wie einfach es w\u00e4re ihren Wunsch zu befriedigen. Bei diesen Gedanken versucht sie sich jedoch auch immer Maik und die Streitereien, die sie aufgrund dessen hatten, ins Ged\u00e4chtnis zu rufen. Ihre Liebe zu ihm l\u00e4sst sie Tag zu Tag ohne Nikotin \u00fcberstehen. Doch trotz ihres gesundheitlichen Zustands kann sie ihre Gedanken an eine Zigarette nie g\u00e4nzlich ablegen.<\/p>\n","protected":false},"excerpt":{"rendered":"<p>Die 25-j\u00e4hrige Sekret\u00e4rin Silke Sch\u00fctze lebt zu zweit mit ihrem Freund Maik zusammen. Die beiden sind seit sechs Jahren ein Paar und sind vor drei ein-halb Jahren gemeinsam in eine kleine Wohnung gezogen. Diese h\u00e4lt Silke stets sauber und aufger\u00e4umt. Sie ist ein sehr ordentlicher Mensch, was sich auch an ihrem \u00c4u\u00dferen zeigt. Sie tr\u00e4gt [&hellip;]<\/p>\n","protected":false},"author":3308,"featured_media":0,"parent":23,"menu_order":0,"comment_status":"closed","ping_status":"closed","template":"","meta":[],"_links":{"self":[{"href":"https:\/\/blogs.urz.uni-halle.de\/itsgonnabeokay\/wp-json\/wp\/v2\/pages\/15"}],"collection":[{"href":"https:\/\/blogs.urz.uni-halle.de\/itsgonnabeokay\/wp-json\/wp\/v2\/pages"}],"about":[{"href":"https:\/\/blogs.urz.uni-halle.de\/itsgonnabeokay\/wp-json\/wp\/v2\/types\/page"}],"author":[{"embeddable":true,"href":"https:\/\/blogs.urz.uni-halle.de\/itsgonnabeokay\/wp-json\/wp\/v2\/users\/3308"}],"replies":[{"embeddable":true,"href":"https:\/\/blogs.urz.uni-halle.de\/itsgonnabeokay\/wp-json\/wp\/v2\/comments?post=15"}],"version-history":[{"count":6,"href":"https:\/\/blogs.urz.uni-halle.de\/itsgonnabeokay\/wp-json\/wp\/v2\/pages\/15\/revisions"}],"predecessor-version":[{"id":98,"href":"https:\/\/blogs.urz.uni-halle.de\/itsgonnabeokay\/wp-json\/wp\/v2\/pages\/15\/revisions\/98"}],"up":[{"embeddable":true,"href":"https:\/\/blogs.urz.uni-halle.de\/itsgonnabeokay\/wp-json\/wp\/v2\/pages\/23"}],"wp:attachment":[{"href":"https:\/\/blogs.urz.uni-halle.de\/itsgonnabeokay\/wp-json\/wp\/v2\/media?parent=15"}],"curies":[{"name":"wp","href":"https:\/\/api.w.org\/{rel}","templated":true}]}}