{"id":73,"date":"2019-09-19T18:59:19","date_gmt":"2019-09-19T16:59:19","guid":{"rendered":"https:\/\/blogs.urz.uni-halle.de\/justscalligraphy\/?page_id=73"},"modified":"2019-09-20T17:13:16","modified_gmt":"2019-09-20T15:13:16","slug":"linien","status":"publish","type":"page","link":"https:\/\/blogs.urz.uni-halle.de\/justscalligraphy\/durchfuehrung\/linien\/","title":{"rendered":"Linien"},"content":{"rendered":"<p>Zitate brauchen Linien und Kalligramme eine Form.<\/p>\n<p>Bei Zitaten f\u00e4ngt der Schaffensprozess mit dem Ziehen der Linien an. Dabei weicht die H\u00f6he der Mittell\u00e4nge nie ab. Ober- und Unterl\u00e4nge jedoch sind bis zu einem gewissen Grad flexibel zu ziehen. Je nach Format und Umfang des Textes zieht man unterschiedliche L\u00e4ngen. Bei wenig Platz nach dem Schem 3\/5\/3 und bei viel Platz 5\/5\/5. Die Zahlen stehen dabei f\u00fcr die Anzahl der Breite der Feder, mit der geschrieben wird.<br \/>\nDie Linien werden entweder ausgedruckt oder auf ein leeres Blatt gezogen. Das Linienblatt klemmt man mit Hilfe von &#8222;Gizeh-Magneten&#8220; hinter das Kalligrafiepapier.<br \/>\nNun kann geschrieben werden.<\/p>\n<p>&nbsp;<\/p>\n\n\t\t<style type=\"text\/css\">\n\t\t\t#gallery-1 {\n\t\t\t\tmargin: auto;\n\t\t\t}\n\t\t\t#gallery-1 .gallery-item {\n\t\t\t\tfloat: left;\n\t\t\t\tmargin-top: 10px;\n\t\t\t\ttext-align: center;\n\t\t\t\twidth: 50%;\n\t\t\t}\n\t\t\t#gallery-1 img {\n\t\t\t\tborder: 2px solid #cfcfcf;\n\t\t\t}\n\t\t\t#gallery-1 .gallery-caption {\n\t\t\t\tmargin-left: 0;\n\t\t\t}\n\t\t\t\/* see gallery_shortcode() in wp-includes\/media.php *\/\n\t\t<\/style>\n\t\t<div id='gallery-1' class='gallery galleryid-73 gallery-columns-2 gallery-size-full'><dl class='gallery-item'>\n\t\t\t<dt class='gallery-icon landscape'>\n\t\t\t\t<a href='https:\/\/blogs.urz.uni-halle.de\/justscalligraphy\/durchfuehrung\/linien\/img_6561\/'><img width=\"2848\" height=\"2848\" src=\"https:\/\/blogs.urz.uni-halle.de\/justscalligraphy\/files\/2019\/09\/IMG_6561.jpg\" class=\"attachment-full size-full\" alt=\"\" loading=\"lazy\" aria-describedby=\"gallery-1-169\" srcset=\"https:\/\/blogs.urz.uni-halle.de\/justscalligraphy\/files\/2019\/09\/IMG_6561.jpg 2848w, https:\/\/blogs.urz.uni-halle.de\/justscalligraphy\/files\/2019\/09\/IMG_6561-150x150.jpg 150w, https:\/\/blogs.urz.uni-halle.de\/justscalligraphy\/files\/2019\/09\/IMG_6561-300x300.jpg 300w, https:\/\/blogs.urz.uni-halle.de\/justscalligraphy\/files\/2019\/09\/IMG_6561-768x768.jpg 768w, https:\/\/blogs.urz.uni-halle.de\/justscalligraphy\/files\/2019\/09\/IMG_6561-1024x1024.jpg 1024w, https:\/\/blogs.urz.uni-halle.de\/justscalligraphy\/files\/2019\/09\/IMG_6561-1380x1380.jpg 1380w\" sizes=\"(max-width: 2848px) 100vw, 2848px\" \/><\/a>\n\t\t\t<\/dt>\n\t\t\t\t<dd class='wp-caption-text gallery-caption' id='gallery-1-169'>\n\t\t\t\tLinien 3\/5\/3\n\t\t\t\t<\/dd><\/dl><dl class='gallery-item'>\n\t\t\t<dt class='gallery-icon landscape'>\n\t\t\t\t<a href='https:\/\/blogs.urz.uni-halle.de\/justscalligraphy\/durchfuehrung\/linien\/img_6553\/'><img width=\"2848\" height=\"2848\" src=\"https:\/\/blogs.urz.uni-halle.de\/justscalligraphy\/files\/2019\/09\/IMG_6553.jpg\" class=\"attachment-full size-full\" alt=\"\" loading=\"lazy\" aria-describedby=\"gallery-1-167\" srcset=\"https:\/\/blogs.urz.uni-halle.de\/justscalligraphy\/files\/2019\/09\/IMG_6553.jpg 2848w, https:\/\/blogs.urz.uni-halle.de\/justscalligraphy\/files\/2019\/09\/IMG_6553-150x150.jpg 150w, https:\/\/blogs.urz.uni-halle.de\/justscalligraphy\/files\/2019\/09\/IMG_6553-300x300.jpg 300w, https:\/\/blogs.urz.uni-halle.de\/justscalligraphy\/files\/2019\/09\/IMG_6553-768x768.jpg 768w, https:\/\/blogs.urz.uni-halle.de\/justscalligraphy\/files\/2019\/09\/IMG_6553-1024x1024.jpg 1024w, https:\/\/blogs.urz.uni-halle.de\/justscalligraphy\/files\/2019\/09\/IMG_6553-1380x1380.jpg 1380w\" sizes=\"(max-width: 2848px) 100vw, 2848px\" \/><\/a>\n\t\t\t<\/dt>\n\t\t\t\t<dd class='wp-caption-text gallery-caption' id='gallery-1-167'>\n\t\t\t\tLinien 4\/5\/4\n\t\t\t\t<\/dd><\/dl><br style=\"clear: both\" \/><dl class='gallery-item'>\n\t\t\t<dt class='gallery-icon landscape'>\n\t\t\t\t<a href='https:\/\/blogs.urz.uni-halle.de\/justscalligraphy\/durchfuehrung\/linien\/img_6555\/'><img width=\"2848\" height=\"2848\" src=\"https:\/\/blogs.urz.uni-halle.de\/justscalligraphy\/files\/2019\/09\/IMG_6555.jpg\" class=\"attachment-full size-full\" alt=\"\" loading=\"lazy\" aria-describedby=\"gallery-1-168\" srcset=\"https:\/\/blogs.urz.uni-halle.de\/justscalligraphy\/files\/2019\/09\/IMG_6555.jpg 2848w, https:\/\/blogs.urz.uni-halle.de\/justscalligraphy\/files\/2019\/09\/IMG_6555-150x150.jpg 150w, https:\/\/blogs.urz.uni-halle.de\/justscalligraphy\/files\/2019\/09\/IMG_6555-300x300.jpg 300w, https:\/\/blogs.urz.uni-halle.de\/justscalligraphy\/files\/2019\/09\/IMG_6555-768x768.jpg 768w, https:\/\/blogs.urz.uni-halle.de\/justscalligraphy\/files\/2019\/09\/IMG_6555-1024x1024.jpg 1024w, https:\/\/blogs.urz.uni-halle.de\/justscalligraphy\/files\/2019\/09\/IMG_6555-1380x1380.jpg 1380w\" sizes=\"(max-width: 2848px) 100vw, 2848px\" \/><\/a>\n\t\t\t<\/dt>\n\t\t\t\t<dd class='wp-caption-text gallery-caption' id='gallery-1-168'>\n\t\t\t\tLinien 5\/5\/5\n\t\t\t\t<\/dd><\/dl>\n\t\t\t<br style='clear: both' \/>\n\t\t<\/div>\n\n","protected":false},"excerpt":{"rendered":"<p>Zitate brauchen Linien und Kalligramme eine Form. Bei Zitaten f\u00e4ngt der Schaffensprozess mit dem Ziehen der Linien an. Dabei weicht die H\u00f6he der Mittell\u00e4nge nie ab. Ober- und Unterl\u00e4nge jedoch sind bis zu einem gewissen Grad flexibel zu ziehen. Je nach Format und Umfang des Textes zieht man unterschiedliche L\u00e4ngen. Bei wenig Platz nach dem &#8230; <span class=\"more\"><a class=\"more-link\" href=\"https:\/\/blogs.urz.uni-halle.de\/justscalligraphy\/durchfuehrung\/linien\/\">[Read more&#8230;]<\/a><\/span><\/p>\n","protected":false},"author":4152,"featured_media":0,"parent":62,"menu_order":1,"comment_status":"closed","ping_status":"closed","template":"","meta":[],"_links":{"self":[{"href":"https:\/\/blogs.urz.uni-halle.de\/justscalligraphy\/wp-json\/wp\/v2\/pages\/73"}],"collection":[{"href":"https:\/\/blogs.urz.uni-halle.de\/justscalligraphy\/wp-json\/wp\/v2\/pages"}],"about":[{"href":"https:\/\/blogs.urz.uni-halle.de\/justscalligraphy\/wp-json\/wp\/v2\/types\/page"}],"author":[{"embeddable":true,"href":"https:\/\/blogs.urz.uni-halle.de\/justscalligraphy\/wp-json\/wp\/v2\/users\/4152"}],"replies":[{"embeddable":true,"href":"https:\/\/blogs.urz.uni-halle.de\/justscalligraphy\/wp-json\/wp\/v2\/comments?post=73"}],"version-history":[{"count":9,"href":"https:\/\/blogs.urz.uni-halle.de\/justscalligraphy\/wp-json\/wp\/v2\/pages\/73\/revisions"}],"predecessor-version":[{"id":191,"href":"https:\/\/blogs.urz.uni-halle.de\/justscalligraphy\/wp-json\/wp\/v2\/pages\/73\/revisions\/191"}],"up":[{"embeddable":true,"href":"https:\/\/blogs.urz.uni-halle.de\/justscalligraphy\/wp-json\/wp\/v2\/pages\/62"}],"wp:attachment":[{"href":"https:\/\/blogs.urz.uni-halle.de\/justscalligraphy\/wp-json\/wp\/v2\/media?parent=73"}],"curies":[{"name":"wp","href":"https:\/\/api.w.org\/{rel}","templated":true}]}}